{"id":131,"date":"2026-02-11T15:59:39","date_gmt":"2026-02-11T13:59:39","guid":{"rendered":"https:\/\/izglitiba.valmierasnovads.lv\/abelite\/?page_id=131"},"modified":"2026-02-15T16:13:02","modified_gmt":"2026-02-15T14:13:02","slug":"dokumenti","status":"publish","type":"page","link":"https:\/\/izglitiba.valmierasnovads.lv\/abelite\/dokumenti\/","title":{"rendered":"\u0100bel\u012bte"},"content":{"rendered":"<style>.wp-block-kadence-advancedheading.kt-adv-heading131_cabb3f-a9, .wp-block-kadence-advancedheading.kt-adv-heading131_cabb3f-a9[data-kb-block=\"kb-adv-heading131_cabb3f-a9\"]{font-style:normal;}.wp-block-kadence-advancedheading.kt-adv-heading131_cabb3f-a9 mark.kt-highlight, .wp-block-kadence-advancedheading.kt-adv-heading131_cabb3f-a9[data-kb-block=\"kb-adv-heading131_cabb3f-a9\"] mark.kt-highlight{font-style:normal;color:#f76a0c;-webkit-box-decoration-break:clone;box-decoration-break:clone;padding-top:0px;padding-right:0px;padding-bottom:0px;padding-left:0px;}.wp-block-kadence-advancedheading.kt-adv-heading131_cabb3f-a9 img.kb-inline-image, .wp-block-kadence-advancedheading.kt-adv-heading131_cabb3f-a9[data-kb-block=\"kb-adv-heading131_cabb3f-a9\"] img.kb-inline-image{width:150px;vertical-align:baseline;}<\/style>\n<p class=\"kt-adv-heading131_cabb3f-a9 wp-block-kadence-advancedheading\" data-kb-block=\"kb-adv-heading131_cabb3f-a9\"><\/p>\n\n\n\n<div class=\"wp-block-media-text is-stacked-on-mobile\"><figure class=\"wp-block-media-text__media\"><img loading=\"lazy\" decoding=\"async\" width=\"1024\" height=\"768\" src=\"https:\/\/izglitiba.valmierasnovads.lv\/abelite\/wp-content\/uploads\/sites\/12\/2026\/02\/WhatsApp-Image-2025-06-26-at-08.33.52-1-1024x768.jpeg\" alt=\"\" class=\"wp-image-176 size-full\" srcset=\"https:\/\/izglitiba.valmierasnovads.lv\/abelite\/wp-content\/uploads\/sites\/12\/2026\/02\/WhatsApp-Image-2025-06-26-at-08.33.52-1-1024x768.jpeg 1024w, https:\/\/izglitiba.valmierasnovads.lv\/abelite\/wp-content\/uploads\/sites\/12\/2026\/02\/WhatsApp-Image-2025-06-26-at-08.33.52-1-300x225.jpeg 300w, https:\/\/izglitiba.valmierasnovads.lv\/abelite\/wp-content\/uploads\/sites\/12\/2026\/02\/WhatsApp-Image-2025-06-26-at-08.33.52-1-768x576.jpeg 768w, https:\/\/izglitiba.valmierasnovads.lv\/abelite\/wp-content\/uploads\/sites\/12\/2026\/02\/WhatsApp-Image-2025-06-26-at-08.33.52-1-1536x1152.jpeg 1536w, https:\/\/izglitiba.valmierasnovads.lv\/abelite\/wp-content\/uploads\/sites\/12\/2026\/02\/WhatsApp-Image-2025-06-26-at-08.33.52-1.jpeg 1600w\" sizes=\"auto, (max-width: 1024px) 100vw, 1024px\" \/><\/figure><div class=\"wp-block-media-text__content\">\n<p>Valmieras pirmsskolas izgl\u012bt\u012bbas iest\u0101de \u201c\u0100bel\u012bte\u201d ir maza, \u0123imeniska un uz b\u0113rna att\u012bst\u012bbu v\u0113rsta pirmsskola. Iest\u0101de izce\u013cas ar akt\u012bvu br\u012bvdabas pedago\u0123ijas \u012bsteno\u0161anu un vidi \u2013 dabas tuvums un pieejam\u012bba; labiek\u0101rtotas un renov\u0113tas telpas; daudzveid\u012bga intere\u0161u izgl\u012bt\u012bba \u2013 ang\u013cu valoda, robotika, vizu\u0101li &#8211; plastisk\u0101 m\u0101ksla, logoritmika, sporta dejas, gr\u0101matu klubi\u0146\u0161.<\/p>\n\n\n\n<p><strong>Izgl\u012bt\u012bbas iest\u0101des v\u0113rt\u012bbas<\/strong>: Sadarb\u012bba. Atbild\u012bba. Cie\u0146a.<\/p>\n\n\n\n<p><strong>Misija<\/strong> &#8211; B\u0113rnam sniegt pirmo apzin\u0101to m\u0101c\u012b\u0161an\u0101s pieredzi. Rad\u012bt &#8211; b\u0113rna person\u012bbas veido\u0161an\u0101s atbalsto\u0161u, att\u012bsto\u0161u, draudz\u012bgu, m\u0113r\u0137tiec\u012bgi veidotu un m\u016bsdien\u012bgu vidi.<\/p>\n\n\n\n<p><strong>Izgl\u012bt\u012bbas iest\u0101des n\u0101kotnes att\u012bst\u012bbas redz\u0113jums<\/strong> (v\u012bzija) &#8211; B\u0113rns k\u0101 rado\u0161s dar\u012bt\u0101js, kur\u0161 ieklaus\u0101s, v\u0113ro, izzina, apzin\u0101s savas emocijas un intereses, prot, pamatot savu viedokli.<\/p>\n<\/div><\/div>\n\n\n\n<p class=\"has-text-align-left\"><\/p>\n\n\n\n<p><\/p>\n\n\n\n<p><\/p>\n","protected":false},"excerpt":{"rendered":"<p>Valmieras pirmsskolas izgl\u012bt\u012bbas iest\u0101de \u201c\u0100bel\u012bte\u201d ir maza, \u0123imeniska un uz b\u0113rna att\u012bst\u012bbu v\u0113rsta pirmsskola. Iest\u0101de izce\u013cas ar akt\u012bvu br\u012bvdabas pedago\u0123ijas [&hellip;]<\/p>\n","protected":false},"author":71,"featured_media":0,"parent":0,"menu_order":0,"comment_status":"closed","ping_status":"closed","template":"","meta":{"_acf_changed":false,"site-sidebar-layout":"default","site-content-layout":"","ast-site-content-layout":"default","site-content-style":"default","site-sidebar-style":"default","ast-global-header-display":"","ast-banner-title-visibility":"","ast-main-header-display":"","ast-hfb-above-header-display":"","ast-hfb-below-header-display":"","ast-hfb-mobile-header-display":"","site-post-title":"","ast-breadcrumbs-content":"","ast-featured-img":"","footer-sml-layout":"","ast-disable-related-posts":"","theme-transparent-header-meta":"","adv-header-id-meta":"","stick-header-meta":"","header-above-stick-meta":"","header-main-stick-meta":"","header-below-stick-meta":"","astra-migrate-meta-layouts":"default","ast-page-background-enabled":"default","ast-page-background-meta":{"desktop":{"background-color":"var(--ast-global-color-5)","background-image":"","background-repeat":"repeat","background-position":"center center","background-size":"auto","background-attachment":"scroll","background-type":"","background-media":"","overlay-type":"","overlay-color":"","overlay-opacity":"","overlay-gradient":""},"tablet":{"background-color":"","background-image":"","background-repeat":"repeat","background-position":"center center","background-size":"auto","background-attachment":"scroll","background-type":"","background-media":"","overlay-type":"","overlay-color":"","overlay-opacity":"","overlay-gradient":""},"mobile":{"background-color":"","background-image":"","background-repeat":"repeat","background-position":"center center","background-size":"auto","background-attachment":"scroll","background-type":"","background-media":"","overlay-type":"","overlay-color":"","overlay-opacity":"","overlay-gradient":""}},"ast-content-background-meta":{"desktop":{"background-color":"var(--ast-global-color-4)","background-image":"","background-repeat":"repeat","background-position":"center center","background-size":"auto","background-attachment":"scroll","background-type":"","background-media":"","overlay-type":"","overlay-color":"","overlay-opacity":"","overlay-gradient":""},"tablet":{"background-color":"var(--ast-global-color-4)","background-image":"","background-repeat":"repeat","background-position":"center center","background-size":"auto","background-attachment":"scroll","background-type":"","background-media":"","overlay-type":"","overlay-color":"","overlay-opacity":"","overlay-gradient":""},"mobile":{"background-color":"var(--ast-global-color-4)","background-image":"","background-repeat":"repeat","background-position":"center center","background-size":"auto","background-attachment":"scroll","background-type":"","background-media":"","overlay-type":"","overlay-color":"","overlay-opacity":"","overlay-gradient":""}},"footnotes":""},"class_list":["post-131","page","type-page","status-publish","hentry"],"acf":[],"yoast_head":"<!-- This site is optimized with the Yoast SEO plugin v27.0 - https:\/\/yoast.com\/product\/yoast-seo-wordpress\/ -->\n<title>\u0100bel\u012bte - Valmieras pirmsskolas izgl\u012bt\u012bbas iest\u0101de &quot;\u0100bel\u012bte&quot;<\/title>\n<meta name=\"robots\" content=\"index, follow, max-snippet:-1, max-image-preview:large, max-video-preview:-1\" \/>\n<link rel=\"canonical\" href=\"https:\/\/izglitiba.valmierasnovads.lv\/abelite\/dokumenti\/\" \/>\n<meta property=\"og:locale\" content=\"lv_LV\" \/>\n<meta property=\"og:type\" content=\"article\" \/>\n<meta property=\"og:title\" content=\"\u0100bel\u012bte - Valmieras pirmsskolas izgl\u012bt\u012bbas iest\u0101de &quot;\u0100bel\u012bte&quot;\" \/>\n<meta property=\"og:description\" content=\"Valmieras pirmsskolas izgl\u012bt\u012bbas iest\u0101de \u201c\u0100bel\u012bte\u201d ir maza, \u0123imeniska un uz b\u0113rna att\u012bst\u012bbu v\u0113rsta pirmsskola. Iest\u0101de izce\u013cas ar akt\u012bvu br\u012bvdabas pedago\u0123ijas [&hellip;]\" \/>\n<meta property=\"og:url\" content=\"https:\/\/izglitiba.valmierasnovads.lv\/abelite\/dokumenti\/\" \/>\n<meta property=\"og:site_name\" content=\"Valmieras pirmsskolas izgl\u012bt\u012bbas iest\u0101de &quot;\u0100bel\u012bte&quot;\" \/>\n<meta property=\"article:modified_time\" content=\"2026-02-15T14:13:02+00:00\" \/>\n<meta property=\"og:image\" content=\"https:\/\/izglitiba.valmierasnovads.lv\/abelite\/wp-content\/uploads\/sites\/12\/2026\/02\/WhatsApp-Image-2025-06-26-at-08.33.52-1.jpeg\" \/>\n\t<meta property=\"og:image:width\" content=\"1600\" \/>\n\t<meta property=\"og:image:height\" content=\"1200\" \/>\n\t<meta property=\"og:image:type\" content=\"image\/jpeg\" \/>\n<meta name=\"twitter:card\" content=\"summary_large_image\" \/>\n<meta name=\"twitter:label1\" content=\"Est. reading time\" \/>\n\t<meta name=\"twitter:data1\" content=\"1 min\u016bte\" \/>\n<script type=\"application\/ld+json\" class=\"yoast-schema-graph\">{\"@context\":\"https:\/\/schema.org\",\"@graph\":[{\"@type\":\"WebPage\",\"@id\":\"https:\/\/izglitiba.valmierasnovads.lv\/abelite\/dokumenti\/\",\"url\":\"https:\/\/izglitiba.valmierasnovads.lv\/abelite\/dokumenti\/\",\"name\":\"\u0100bel\u012bte - Valmieras pirmsskolas izgl\u012bt\u012bbas iest\u0101de &quot;\u0100bel\u012bte&quot;\",\"isPartOf\":{\"@id\":\"https:\/\/izglitiba.valmierasnovads.lv\/abelite\/#website\"},\"primaryImageOfPage\":{\"@id\":\"https:\/\/izglitiba.valmierasnovads.lv\/abelite\/dokumenti\/#primaryimage\"},\"image\":{\"@id\":\"https:\/\/izglitiba.valmierasnovads.lv\/abelite\/dokumenti\/#primaryimage\"},\"thumbnailUrl\":\"https:\/\/izglitiba.valmierasnovads.lv\/abelite\/wp-content\/uploads\/sites\/12\/2026\/02\/WhatsApp-Image-2025-06-26-at-08.33.52-1-1024x768.jpeg\",\"datePublished\":\"2026-02-11T13:59:39+00:00\",\"dateModified\":\"2026-02-15T14:13:02+00:00\",\"breadcrumb\":{\"@id\":\"https:\/\/izglitiba.valmierasnovads.lv\/abelite\/dokumenti\/#breadcrumb\"},\"inLanguage\":\"lv-LV\",\"potentialAction\":[{\"@type\":\"ReadAction\",\"target\":[\"https:\/\/izglitiba.valmierasnovads.lv\/abelite\/dokumenti\/\"]}]},{\"@type\":\"ImageObject\",\"inLanguage\":\"lv-LV\",\"@id\":\"https:\/\/izglitiba.valmierasnovads.lv\/abelite\/dokumenti\/#primaryimage\",\"url\":\"https:\/\/izglitiba.valmierasnovads.lv\/abelite\/wp-content\/uploads\/sites\/12\/2026\/02\/WhatsApp-Image-2025-06-26-at-08.33.52-1.jpeg\",\"contentUrl\":\"https:\/\/izglitiba.valmierasnovads.lv\/abelite\/wp-content\/uploads\/sites\/12\/2026\/02\/WhatsApp-Image-2025-06-26-at-08.33.52-1.jpeg\",\"width\":1600,\"height\":1200},{\"@type\":\"BreadcrumbList\",\"@id\":\"https:\/\/izglitiba.valmierasnovads.lv\/abelite\/dokumenti\/#breadcrumb\",\"itemListElement\":[{\"@type\":\"ListItem\",\"position\":1,\"name\":\"Home\",\"item\":\"https:\/\/izglitiba.valmierasnovads.lv\/abelite\/\"},{\"@type\":\"ListItem\",\"position\":2,\"name\":\"\u0100bel\u012bte\"}]},{\"@type\":\"WebSite\",\"@id\":\"https:\/\/izglitiba.valmierasnovads.lv\/abelite\/#website\",\"url\":\"https:\/\/izglitiba.valmierasnovads.lv\/abelite\/\",\"name\":\"Valmieras pirmsskolas izgl\u012bt\u012bbas iest\u0101de &quot;\u0100bel\u012bte&quot;\",\"description\":\"\",\"publisher\":{\"@id\":\"https:\/\/izglitiba.valmierasnovads.lv\/abelite\/#organization\"},\"potentialAction\":[{\"@type\":\"SearchAction\",\"target\":{\"@type\":\"EntryPoint\",\"urlTemplate\":\"https:\/\/izglitiba.valmierasnovads.lv\/abelite\/?s={search_term_string}\"},\"query-input\":{\"@type\":\"PropertyValueSpecification\",\"valueRequired\":true,\"valueName\":\"search_term_string\"}}],\"inLanguage\":\"lv-LV\"},{\"@type\":\"Organization\",\"@id\":\"https:\/\/izglitiba.valmierasnovads.lv\/abelite\/#organization\",\"name\":\"Valmieras pirmsskolas izgl\u012bt\u012bbas iest\u0101de &quot;\u0100bel\u012bte&quot;\",\"url\":\"https:\/\/izglitiba.valmierasnovads.lv\/abelite\/\",\"logo\":{\"@type\":\"ImageObject\",\"inLanguage\":\"lv-LV\",\"@id\":\"https:\/\/izglitiba.valmierasnovads.lv\/abelite\/#\/schema\/logo\/image\/\",\"url\":\"https:\/\/izglitiba.valmierasnovads.lv\/abelite\/wp-content\/uploads\/sites\/12\/2026\/03\/cropped-Pirmsskolas-izglitibas-iestades-ar-pasu-logo-2-scaled-1.png\",\"contentUrl\":\"https:\/\/izglitiba.valmierasnovads.lv\/abelite\/wp-content\/uploads\/sites\/12\/2026\/03\/cropped-Pirmsskolas-izglitibas-iestades-ar-pasu-logo-2-scaled-1.png\",\"width\":1332,\"height\":405,\"caption\":\"Valmieras pirmsskolas izgl\u012bt\u012bbas iest\u0101de &quot;\u0100bel\u012bte&quot;\"},\"image\":{\"@id\":\"https:\/\/izglitiba.valmierasnovads.lv\/abelite\/#\/schema\/logo\/image\/\"}}]}<\/script>\n<!-- \/ Yoast SEO plugin. -->","yoast_head_json":{"title":"\u0100bel\u012bte - Valmieras pirmsskolas izgl\u012bt\u012bbas iest\u0101de &quot;\u0100bel\u012bte&quot;","robots":{"index":"index","follow":"follow","max-snippet":"max-snippet:-1","max-image-preview":"max-image-preview:large","max-video-preview":"max-video-preview:-1"},"canonical":"https:\/\/izglitiba.valmierasnovads.lv\/abelite\/dokumenti\/","og_locale":"lv_LV","og_type":"article","og_title":"\u0100bel\u012bte - Valmieras pirmsskolas izgl\u012bt\u012bbas iest\u0101de &quot;\u0100bel\u012bte&quot;","og_description":"Valmieras pirmsskolas izgl\u012bt\u012bbas iest\u0101de \u201c\u0100bel\u012bte\u201d ir maza, \u0123imeniska un uz b\u0113rna att\u012bst\u012bbu v\u0113rsta pirmsskola. Iest\u0101de izce\u013cas ar akt\u012bvu br\u012bvdabas pedago\u0123ijas [&hellip;]","og_url":"https:\/\/izglitiba.valmierasnovads.lv\/abelite\/dokumenti\/","og_site_name":"Valmieras pirmsskolas izgl\u012bt\u012bbas iest\u0101de &quot;\u0100bel\u012bte&quot;","article_modified_time":"2026-02-15T14:13:02+00:00","og_image":[{"width":1600,"height":1200,"url":"https:\/\/izglitiba.valmierasnovads.lv\/abelite\/wp-content\/uploads\/sites\/12\/2026\/02\/WhatsApp-Image-2025-06-26-at-08.33.52-1.jpeg","type":"image\/jpeg"}],"twitter_card":"summary_large_image","twitter_misc":{"Est. reading time":"1 min\u016bte"},"schema":{"@context":"https:\/\/schema.org","@graph":[{"@type":"WebPage","@id":"https:\/\/izglitiba.valmierasnovads.lv\/abelite\/dokumenti\/","url":"https:\/\/izglitiba.valmierasnovads.lv\/abelite\/dokumenti\/","name":"\u0100bel\u012bte - Valmieras pirmsskolas izgl\u012bt\u012bbas iest\u0101de &quot;\u0100bel\u012bte&quot;","isPartOf":{"@id":"https:\/\/izglitiba.valmierasnovads.lv\/abelite\/#website"},"primaryImageOfPage":{"@id":"https:\/\/izglitiba.valmierasnovads.lv\/abelite\/dokumenti\/#primaryimage"},"image":{"@id":"https:\/\/izglitiba.valmierasnovads.lv\/abelite\/dokumenti\/#primaryimage"},"thumbnailUrl":"https:\/\/izglitiba.valmierasnovads.lv\/abelite\/wp-content\/uploads\/sites\/12\/2026\/02\/WhatsApp-Image-2025-06-26-at-08.33.52-1-1024x768.jpeg","datePublished":"2026-02-11T13:59:39+00:00","dateModified":"2026-02-15T14:13:02+00:00","breadcrumb":{"@id":"https:\/\/izglitiba.valmierasnovads.lv\/abelite\/dokumenti\/#breadcrumb"},"inLanguage":"lv-LV","potentialAction":[{"@type":"ReadAction","target":["https:\/\/izglitiba.valmierasnovads.lv\/abelite\/dokumenti\/"]}]},{"@type":"ImageObject","inLanguage":"lv-LV","@id":"https:\/\/izglitiba.valmierasnovads.lv\/abelite\/dokumenti\/#primaryimage","url":"https:\/\/izglitiba.valmierasnovads.lv\/abelite\/wp-content\/uploads\/sites\/12\/2026\/02\/WhatsApp-Image-2025-06-26-at-08.33.52-1.jpeg","contentUrl":"https:\/\/izglitiba.valmierasnovads.lv\/abelite\/wp-content\/uploads\/sites\/12\/2026\/02\/WhatsApp-Image-2025-06-26-at-08.33.52-1.jpeg","width":1600,"height":1200},{"@type":"BreadcrumbList","@id":"https:\/\/izglitiba.valmierasnovads.lv\/abelite\/dokumenti\/#breadcrumb","itemListElement":[{"@type":"ListItem","position":1,"name":"Home","item":"https:\/\/izglitiba.valmierasnovads.lv\/abelite\/"},{"@type":"ListItem","position":2,"name":"\u0100bel\u012bte"}]},{"@type":"WebSite","@id":"https:\/\/izglitiba.valmierasnovads.lv\/abelite\/#website","url":"https:\/\/izglitiba.valmierasnovads.lv\/abelite\/","name":"Valmieras pirmsskolas izgl\u012bt\u012bbas iest\u0101de &quot;\u0100bel\u012bte&quot;","description":"","publisher":{"@id":"https:\/\/izglitiba.valmierasnovads.lv\/abelite\/#organization"},"potentialAction":[{"@type":"SearchAction","target":{"@type":"EntryPoint","urlTemplate":"https:\/\/izglitiba.valmierasnovads.lv\/abelite\/?s={search_term_string}"},"query-input":{"@type":"PropertyValueSpecification","valueRequired":true,"valueName":"search_term_string"}}],"inLanguage":"lv-LV"},{"@type":"Organization","@id":"https:\/\/izglitiba.valmierasnovads.lv\/abelite\/#organization","name":"Valmieras pirmsskolas izgl\u012bt\u012bbas iest\u0101de &quot;\u0100bel\u012bte&quot;","url":"https:\/\/izglitiba.valmierasnovads.lv\/abelite\/","logo":{"@type":"ImageObject","inLanguage":"lv-LV","@id":"https:\/\/izglitiba.valmierasnovads.lv\/abelite\/#\/schema\/logo\/image\/","url":"https:\/\/izglitiba.valmierasnovads.lv\/abelite\/wp-content\/uploads\/sites\/12\/2026\/03\/cropped-Pirmsskolas-izglitibas-iestades-ar-pasu-logo-2-scaled-1.png","contentUrl":"https:\/\/izglitiba.valmierasnovads.lv\/abelite\/wp-content\/uploads\/sites\/12\/2026\/03\/cropped-Pirmsskolas-izglitibas-iestades-ar-pasu-logo-2-scaled-1.png","width":1332,"height":405,"caption":"Valmieras pirmsskolas izgl\u012bt\u012bbas iest\u0101de &quot;\u0100bel\u012bte&quot;"},"image":{"@id":"https:\/\/izglitiba.valmierasnovads.lv\/abelite\/#\/schema\/logo\/image\/"}}]}},"_links":{"self":[{"href":"https:\/\/izglitiba.valmierasnovads.lv\/abelite\/wp-json\/wp\/v2\/pages\/131","targetHints":{"allow":["GET"]}}],"collection":[{"href":"https:\/\/izglitiba.valmierasnovads.lv\/abelite\/wp-json\/wp\/v2\/pages"}],"about":[{"href":"https:\/\/izglitiba.valmierasnovads.lv\/abelite\/wp-json\/wp\/v2\/types\/page"}],"author":[{"embeddable":true,"href":"https:\/\/izglitiba.valmierasnovads.lv\/abelite\/wp-json\/wp\/v2\/users\/71"}],"replies":[{"embeddable":true,"href":"https:\/\/izglitiba.valmierasnovads.lv\/abelite\/wp-json\/wp\/v2\/comments?post=131"}],"version-history":[{"count":7,"href":"https:\/\/izglitiba.valmierasnovads.lv\/abelite\/wp-json\/wp\/v2\/pages\/131\/revisions"}],"predecessor-version":[{"id":230,"href":"https:\/\/izglitiba.valmierasnovads.lv\/abelite\/wp-json\/wp\/v2\/pages\/131\/revisions\/230"}],"wp:attachment":[{"href":"https:\/\/izglitiba.valmierasnovads.lv\/abelite\/wp-json\/wp\/v2\/media?parent=131"}],"curies":[{"name":"wp","href":"https:\/\/api.w.org\/{rel}","templated":true}]}}