{"id":291,"date":"2025-08-06T14:20:41","date_gmt":"2025-08-06T11:20:41","guid":{"rendered":"https:\/\/izglitiba.valmierasnovads.lv\/buratino\/?page_id=291"},"modified":"2026-02-24T15:30:37","modified_gmt":"2026-02-24T13:30:37","slug":"pii-buratino-vesture-2","status":"publish","type":"page","link":"https:\/\/izglitiba.valmierasnovads.lv\/buratino\/pii-buratino-vesture-2\/","title":{"rendered":"V\u0113sture"},"content":{"rendered":"\n<p class=\"has-black-color has-text-color has-link-color wp-elements-11c37175a2c6804308ed68b734f99a37\">B\u0113rnud\u0101rza celtniec\u012bba s\u0101kta 1978. gad\u0101. Jau 1979. gada 6. oktobr\u012b tas tika svin\u012bgi atkl\u0101ts. Pirm\u0101 b\u0113rnud\u0101rza vad\u012bt\u0101ja bija Ilga Apine.<\/p>\n\n\n\n<p>B\u0113rnud\u0101rza telp\u0101s darbu s\u0101k 12 grupas, kuras apmekl\u0113ja 280 audz\u0113k\u0146i. Par b\u0113rniem r\u016bp\u0113j\u0101s 69 darbinieki: 30 pedagogi un 39 tehniskie darbinieki. M\u0113beles telp\u0101m tika ieg\u0101d\u0101tas Valmieras m\u0113be\u013cu kombin\u0101t\u0101, invent\u0101ra ieg\u0101dei izlietojot apm\u0113ram 40 t\u016bksto\u0161i rub\u013cu.<\/p>\n\n\n\n<p>K\u0101 rad\u0101s nosaukums \u2013 Buratino? To skaidroja pirm\u0101 b\u0113rnud\u0101rza vad\u012bt\u0101ja Ilga Apine: \u201cB\u0113rnud\u0101rz\u0101 bija gan latvie\u0161u, gan krievvalod\u012bg\u0101s grupas. Iest\u0101di apmekl\u0113ja latvie\u0161i, krievi, ukrai\u0146i, tat\u0101ri un po\u013ci. Buratino vis\u0101s valod\u0101s ir un paliek Buratino \u2013 koka cilv\u0113ci\u0146\u0161. Ar koku ikdien\u0101 str\u0101d\u0101ja priek\u0161nieki, b\u0113rnu vec\u0101ki \u2013 celtnieki, melioratori un m\u0113b\u0113\u013cnieki. T\u0101d\u0113\u013c ar\u012b b\u0113rnud\u0101rzam dev\u0101m Buratino v\u0101rdu\u201d.<\/p>\n\n\n\n<p>I.Apine vad\u012bja b\u0113rnud\u0101rzu l\u012bdz 1986. gada oktobrim. T\u0101l\u0101k vad\u012b\u0161anu p\u0101r\u0146\u0113ma \u0112rika Kozi\u0146eca l\u012bdz pat 1990.gada febru\u0101rim. Paral\u0113li vad\u012b\u0161anai un pedago\u0123iskajam darbam, vi\u0146a r\u016bp\u0113j\u0101s ar\u012b par apk\u0101rtnes labiek\u0101rto\u0161anu. \u0160aj\u0101 laik\u0101 b\u0113rnud\u0101rza priek\u0161\u0101 tiek uzst\u0101d\u012bts cilnis akmen\u012b \u2013 koka lell\u012bte Buratino.\u00a0 Pagalm\u0101 uzst\u0101d\u012bta skulpt\u016bra \u201cKom\u0113ta\u201d, kas ir Valmieras muzeja fondu materi\u0101ls.<\/p>\n\n\n\n<p>\u0160is ir laiks, kad Valmieras skolu telpas k\u013c\u016bst par \u0161auru, t\u0101d\u0113\u013c 1987. gad\u0101 te m\u0101jvietu rod ar\u012b Valmieras 1. un 2. vsk. 1.klases.<\/p>\n\n\n\n<p>1990. gada febru\u0101r\u012b vad\u012b\u0161anas stafeti p\u0101r\u0146em Guna Plateja, kura amat\u0101 bija l\u012bdz pat 1998. gada novembrim.<\/p>\n\n\n\n<p>1990. gad\u0101 tiek apstr\u0101d\u0101ts lauks Valmieras sovhoztehnikum\u0101, kur\u0101 darbinieku, vec\u0101ku un pa\u0161u b\u0113rnu sp\u0113kiem iest\u0101d\u012bti un nov\u0101kti kartupe\u013ci un citi d\u0101rze\u0146i. Tas \u013c\u0101va samazin\u0101t maksu par uztur\u0113\u0161anos iest\u0101d\u0113. 1992. gad\u0101 tiek uzcelta 200 kvm liela siltumn\u012bca, kas nodro\u0161in\u0101ja d\u0101rze\u0146us visam gadam.<\/p>\n\n\n\n<p>1993. gad\u0101 b\u0113rnud\u0101rzs s\u0101k darbu k\u0101 vien\u012bgais specializ\u0113tais b\u0113rnud\u0101rzs Valmier\u0101 b\u0113rniem ar st\u0101jas trauc\u0113jumiem. L\u012bdz ar to tiek piesaist\u012bti speci\u0101listi \u2013 \u0101rstniecisk\u0101s fizkult\u016bras, medm\u0101sa, \u0101rste, masiere, logop\u0113de, psiholo\u0123e.<\/p>\n\n\n\n<p>1996. gad\u0101 b\u0113rnud\u0101rz\u0101 beidz past\u0101v\u0113t&nbsp; grupi\u0146as, kur\u0101s ir krievu sarunvaloda. To viet\u0101 tiek izveidotas divas \u0123imenes grupas, kuras apmekl\u0113 br\u0101\u013ci un m\u0101sas no vienas \u0123imenes.<\/p>\n\n\n\n<p>1998. gada mart\u0101 b\u0113rnud\u0101rza vad\u012bbu s\u0101k toreiz\u0113j\u0101 metodi\u0137e Baiba Valp\u0113tere. Iest\u0101d\u0113 tiek nomain\u012bti logi, veikts kosm\u0113tiskais remonts, moderniz\u0113ts medic\u012bnas kabinets. B\u0113rnud\u0101rza 20. dzim\u0161anas dien\u0101 1999. gada vasar\u0101 tiek ier\u012bkota sensor\u0101 telpa. \u0160aj\u0101 gad\u0101 iest\u0101des apkures sist\u0113ma tiek pievienota pils\u0113tas centraliz\u0113tajiem t\u012bkliem, domes pak\u013caut\u012bb\u0101 p\u0101riet ar\u012b gr\u0101matved\u012bba.<\/p>\n\n\n\n<p>2000. gad\u0101 b\u0113rnud\u0101rzu apmekl\u0113 167 b\u0113rni gan no Valmieras, gan no apk\u0101rt\u0113jo pagastu, pils\u0113tu un kaimi\u0146u rajoniem. B\u0113rni bija ar da\u017e\u0101d\u0101m vajadz\u012bb\u0101m: 6 &#8211; ar speci\u0101l\u0101m vajadz\u012bb\u0101m, 97 \u2013 ar \u0101rstu uzst\u0101d\u012bt\u0101m diagnoz\u0113m, 145 \u2013 ar st\u0101jas trauc\u0113jumiem, 52 \u2013 logop\u0101ti. &nbsp;Par b\u0113rniem r\u016bp\u0113j\u0101s 27 pedagogi un 31 tehniskais darbinieks.<\/p>\n\n\n\n<p>2002.gada 16.apr\u012bl\u012b tiek sa\u0146emta licence Nr.2369 \u201cSpeci\u0101l\u0101s pirmsskolas izgl\u012bt\u012bbas programmas \u012bsteno\u0161anai izgl\u012btojamiem ar fizisk\u0101s att\u012bst\u012bbas trauc\u0113jumiem\u201d<\/p>\n\n\n\n<p>2004. gada 21.j\u016blij\u0101 ieg\u016bta licence Nr.4876 \u201cSpeci\u0101l\u0101s pirmsskolas izgl\u012bt\u012bbas programmas \u012bsteno\u0161anai izgl\u012btojamiem ar valodas att\u012bst\u012bbas trauc\u0113jumiem. Piedaloties \u012apa\u0161o uzdevumu ministrijas b\u0113rnu un \u0123imenes liet\u0101s izsludin\u0101taj\u0101 projektu konkurs\u0101 \u201cVides piel\u0101go\u0161ana b\u0113rniem ar kust\u012bbu trauc\u0113jumiem\u201d, tiek izb\u016bv\u0113ta uzbrauktuve b\u0113rniem ar \u012bpa\u0161\u0101m vajadz\u012bb\u0101m.<\/p>\n\n\n\n<p>2004. gad\u0101 iest\u0101di apmekl\u0113 152 b\u0113rni, darbojas 8 grupas un Valmieras pamatskolas 1.c klase.<\/p>\n\n\n\n<p>Pamaz\u0101m s\u0101k veidoties iest\u0101des simbolika \u2013 maz\u0101 koka cilv\u0113ci\u0146a Buratino fig\u016bri\u0146u kolekcija, kas atce\u013coja ar\u012b no V\u0101cijas, Krievijas, It\u0101lijas, Zviedrijas.<\/p>\n\n\n\n<p>Par ES PHARE programmas \u201cSabiedr\u012bbas integr\u0101cijas veicin\u0101\u0161ana Latvij\u0101\u201d projekta \u201cKvalitat\u012bva izgl\u012bt\u012bba \u010dig\u0101nu b\u0113rniem\u201d l\u012bdzek\u013ciem tiek izremont\u0113ta grupa, kuru apmekl\u0113 romu taut\u012bbas b\u0113rni.<\/p>\n\n\n\n<p>2012. gada 22. august\u0101 tiek ieg\u016btas licence \u201c Pirmsskolas izgl\u012bt\u012bbas visp\u0101rizgl\u012btojo\u0161\u0101s pirmsskolas izgl\u012bt\u012bbas programmas \u2013 programmas latvie\u0161u m\u0101c\u012bbvalod\u0101\u201d un \u201cPirmsskolas izgl\u012bt\u012bbas speci\u0101l\u0101s pirmsskolas izgl\u012bt\u012bbas programmas programmas izgl\u012btojamiem ar valodas att\u012bst\u012bbas trauc\u0113jumiem \u2013 programmas latvie\u0161u m\u0101c\u012bbvalod\u0101.<\/p>\n\n\n\n<p>2018.gada 27. decembr\u012b par vad\u012bt\u0101ju tiek iecelta Sarm\u012bte Bukava.<\/p>\n\n\n\n<p>2020. gada 23. mart\u0101 tiek ieg\u016btas licences \u201cPirmsskolas izgl\u012bt\u012bbas speci\u0101l\u0101s pirmsskolas izgl\u012bt\u012bbas programmas programmas izgl\u012btojamiem ar fizisk\u0101s att\u012bst\u012bbas trauc\u0113jumiem \u2013 programmas latvie\u0161u m\u0101c\u012bbvalod\u0101\u201d un \u201cPirmsskolas izgl\u012bt\u012bbas speci\u0101l\u0101s pirmsskolas izgl\u012bt\u012bbas programmas programmas izgl\u012btojamiem ar somatisk\u0101m saslim\u0161an\u0101m \u2013 programmas latvie\u0161u m\u0101c\u012bbvalod\u0101\u201d<\/p>\n\n\n\n<p>Materi\u0101lu apkopoja Ilona Berga.<\/p>\n\n\n\n<p>                                                                                                                                                                                                                                                                    2025.gads<\/p>\n","protected":false},"excerpt":{"rendered":"<p>B\u0113rnud\u0101rza celtniec\u012bba s\u0101kta 1978. gad\u0101. Jau 1979. gada 6. oktobr\u012b tas tika svin\u012bgi atkl\u0101ts. Pirm\u0101 b\u0113rnud\u0101rza vad\u012bt\u0101ja bija Ilga Apine. [&hellip;]<\/p>\n","protected":false},"author":24,"featured_media":351,"parent":0,"menu_order":0,"comment_status":"closed","ping_status":"closed","template":"","meta":{"_acf_changed":false,"site-sidebar-layout":"default","site-content-layout":"","ast-site-content-layout":"default","site-content-style":"default","site-sidebar-style":"default","ast-global-header-display":"","ast-banner-title-visibility":"","ast-main-header-display":"","ast-hfb-above-header-display":"","ast-hfb-below-header-display":"","ast-hfb-mobile-header-display":"","site-post-title":"","ast-breadcrumbs-content":"","ast-featured-img":"","footer-sml-layout":"","ast-disable-related-posts":"","theme-transparent-header-meta":"","adv-header-id-meta":"","stick-header-meta":"","header-above-stick-meta":"","header-main-stick-meta":"","header-below-stick-meta":"","astra-migrate-meta-layouts":"default","ast-page-background-enabled":"default","ast-page-background-meta":{"desktop":{"background-color":"var(--ast-global-color-5)","background-image":"","background-repeat":"repeat","background-position":"center center","background-size":"auto","background-attachment":"scroll","background-type":"","background-media":"","overlay-type":"","overlay-color":"","overlay-opacity":"","overlay-gradient":""},"tablet":{"background-color":"","background-image":"","background-repeat":"repeat","background-position":"center center","background-size":"auto","background-attachment":"scroll","background-type":"","background-media":"","overlay-type":"","overlay-color":"","overlay-opacity":"","overlay-gradient":""},"mobile":{"background-color":"","background-image":"","background-repeat":"repeat","background-position":"center center","background-size":"auto","background-attachment":"scroll","background-type":"","background-media":"","overlay-type":"","overlay-color":"","overlay-opacity":"","overlay-gradient":""}},"ast-content-background-meta":{"desktop":{"background-color":"var(--ast-global-color-4)","background-image":"","background-repeat":"repeat","background-position":"center center","background-size":"auto","background-attachment":"scroll","background-type":"","background-media":"","overlay-type":"","overlay-color":"","overlay-opacity":"","overlay-gradient":""},"tablet":{"background-color":"var(--ast-global-color-4)","background-image":"","background-repeat":"repeat","background-position":"center center","background-size":"auto","background-attachment":"scroll","background-type":"","background-media":"","overlay-type":"","overlay-color":"","overlay-opacity":"","overlay-gradient":""},"mobile":{"background-color":"var(--ast-global-color-4)","background-image":"","background-repeat":"repeat","background-position":"center center","background-size":"auto","background-attachment":"scroll","background-type":"","background-media":"","overlay-type":"","overlay-color":"","overlay-opacity":"","overlay-gradient":""}},"footnotes":""},"class_list":["post-291","page","type-page","status-publish","has-post-thumbnail","hentry"],"acf":[],"yoast_head":"<!-- This site is optimized with the Yoast SEO plugin v27.0 - https:\/\/yoast.com\/product\/yoast-seo-wordpress\/ -->\n<title>V\u0113sture - Valmieras pirmsskolas izgl\u012bt\u012bbas iest\u0101de \u201cBuratino\u201d<\/title>\n<meta name=\"robots\" content=\"index, follow, max-snippet:-1, max-image-preview:large, max-video-preview:-1\" \/>\n<link rel=\"canonical\" href=\"https:\/\/izglitiba.valmierasnovads.lv\/buratino\/pii-buratino-vesture-2\/\" \/>\n<meta property=\"og:locale\" content=\"lv_LV\" \/>\n<meta property=\"og:type\" content=\"article\" \/>\n<meta property=\"og:title\" content=\"V\u0113sture - Valmieras pirmsskolas izgl\u012bt\u012bbas iest\u0101de \u201cBuratino\u201d\" \/>\n<meta property=\"og:description\" content=\"B\u0113rnud\u0101rza celtniec\u012bba s\u0101kta 1978. gad\u0101. Jau 1979. gada 6. oktobr\u012b tas tika svin\u012bgi atkl\u0101ts. Pirm\u0101 b\u0113rnud\u0101rza vad\u012bt\u0101ja bija Ilga Apine. [&hellip;]\" \/>\n<meta property=\"og:url\" content=\"https:\/\/izglitiba.valmierasnovads.lv\/buratino\/pii-buratino-vesture-2\/\" \/>\n<meta property=\"og:site_name\" content=\"Valmieras pirmsskolas izgl\u012bt\u012bbas iest\u0101de \u201cBuratino\u201d\" \/>\n<meta property=\"article:modified_time\" content=\"2026-02-24T13:30:37+00:00\" \/>\n<meta property=\"og:image\" content=\"https:\/\/izglitiba.valmierasnovads.lv\/buratino\/wp-content\/uploads\/sites\/20\/2025\/08\/Buratino.jpg\" \/>\n\t<meta property=\"og:image:width\" content=\"2488\" \/>\n\t<meta property=\"og:image:height\" content=\"1773\" \/>\n\t<meta property=\"og:image:type\" content=\"image\/jpeg\" \/>\n<meta name=\"twitter:card\" content=\"summary_large_image\" \/>\n<meta name=\"twitter:label1\" content=\"Est. reading time\" \/>\n\t<meta name=\"twitter:data1\" content=\"4 min\u016btes\" \/>\n<script type=\"application\/ld+json\" class=\"yoast-schema-graph\">{\"@context\":\"https:\/\/schema.org\",\"@graph\":[{\"@type\":\"WebPage\",\"@id\":\"https:\/\/izglitiba.valmierasnovads.lv\/buratino\/pii-buratino-vesture-2\/\",\"url\":\"https:\/\/izglitiba.valmierasnovads.lv\/buratino\/pii-buratino-vesture-2\/\",\"name\":\"V\u0113sture - Valmieras pirmsskolas izgl\u012bt\u012bbas iest\u0101de \u201cBuratino\u201d\",\"isPartOf\":{\"@id\":\"https:\/\/izglitiba.valmierasnovads.lv\/buratino\/#website\"},\"primaryImageOfPage\":{\"@id\":\"https:\/\/izglitiba.valmierasnovads.lv\/buratino\/pii-buratino-vesture-2\/#primaryimage\"},\"image\":{\"@id\":\"https:\/\/izglitiba.valmierasnovads.lv\/buratino\/pii-buratino-vesture-2\/#primaryimage\"},\"thumbnailUrl\":\"https:\/\/izglitiba.valmierasnovads.lv\/buratino\/wp-content\/uploads\/sites\/20\/2025\/08\/Buratino.jpg\",\"datePublished\":\"2025-08-06T11:20:41+00:00\",\"dateModified\":\"2026-02-24T13:30:37+00:00\",\"breadcrumb\":{\"@id\":\"https:\/\/izglitiba.valmierasnovads.lv\/buratino\/pii-buratino-vesture-2\/#breadcrumb\"},\"inLanguage\":\"lv-LV\",\"potentialAction\":[{\"@type\":\"ReadAction\",\"target\":[\"https:\/\/izglitiba.valmierasnovads.lv\/buratino\/pii-buratino-vesture-2\/\"]}]},{\"@type\":\"ImageObject\",\"inLanguage\":\"lv-LV\",\"@id\":\"https:\/\/izglitiba.valmierasnovads.lv\/buratino\/pii-buratino-vesture-2\/#primaryimage\",\"url\":\"https:\/\/izglitiba.valmierasnovads.lv\/buratino\/wp-content\/uploads\/sites\/20\/2025\/08\/Buratino.jpg\",\"contentUrl\":\"https:\/\/izglitiba.valmierasnovads.lv\/buratino\/wp-content\/uploads\/sites\/20\/2025\/08\/Buratino.jpg\",\"width\":2488,\"height\":1773},{\"@type\":\"BreadcrumbList\",\"@id\":\"https:\/\/izglitiba.valmierasnovads.lv\/buratino\/pii-buratino-vesture-2\/#breadcrumb\",\"itemListElement\":[{\"@type\":\"ListItem\",\"position\":1,\"name\":\"Home\",\"item\":\"https:\/\/izglitiba.valmierasnovads.lv\/buratino\/\"},{\"@type\":\"ListItem\",\"position\":2,\"name\":\"V\u0113sture\"}]},{\"@type\":\"WebSite\",\"@id\":\"https:\/\/izglitiba.valmierasnovads.lv\/buratino\/#website\",\"url\":\"https:\/\/izglitiba.valmierasnovads.lv\/buratino\/\",\"name\":\"Valmieras pirmsskolas izgl\u012bt\u012bbas iest\u0101de \u201cBuratino\u201d\",\"description\":\"Buratino Valmiera\",\"publisher\":{\"@id\":\"https:\/\/izglitiba.valmierasnovads.lv\/buratino\/#organization\"},\"potentialAction\":[{\"@type\":\"SearchAction\",\"target\":{\"@type\":\"EntryPoint\",\"urlTemplate\":\"https:\/\/izglitiba.valmierasnovads.lv\/buratino\/?s={search_term_string}\"},\"query-input\":{\"@type\":\"PropertyValueSpecification\",\"valueRequired\":true,\"valueName\":\"search_term_string\"}}],\"inLanguage\":\"lv-LV\"},{\"@type\":\"Organization\",\"@id\":\"https:\/\/izglitiba.valmierasnovads.lv\/buratino\/#organization\",\"name\":\"Valmieras pirmsskolas izgl\u012bt\u012bbas iest\u0101de \u201cBuratino\u201d\",\"url\":\"https:\/\/izglitiba.valmierasnovads.lv\/buratino\/\",\"logo\":{\"@type\":\"ImageObject\",\"inLanguage\":\"lv-LV\",\"@id\":\"https:\/\/izglitiba.valmierasnovads.lv\/buratino\/#\/schema\/logo\/image\/\",\"url\":\"https:\/\/izglitiba.valmierasnovads.lv\/buratino\/wp-content\/uploads\/sites\/20\/2026\/02\/cropped-Buratino-nosaukums-web-scaled-1.png\",\"contentUrl\":\"https:\/\/izglitiba.valmierasnovads.lv\/buratino\/wp-content\/uploads\/sites\/20\/2026\/02\/cropped-Buratino-nosaukums-web-scaled-1.png\",\"width\":2268,\"height\":715,\"caption\":\"Valmieras pirmsskolas izgl\u012bt\u012bbas iest\u0101de \u201cBuratino\u201d\"},\"image\":{\"@id\":\"https:\/\/izglitiba.valmierasnovads.lv\/buratino\/#\/schema\/logo\/image\/\"}}]}<\/script>\n<!-- \/ Yoast SEO plugin. -->","yoast_head_json":{"title":"V\u0113sture - Valmieras pirmsskolas izgl\u012bt\u012bbas iest\u0101de \u201cBuratino\u201d","robots":{"index":"index","follow":"follow","max-snippet":"max-snippet:-1","max-image-preview":"max-image-preview:large","max-video-preview":"max-video-preview:-1"},"canonical":"https:\/\/izglitiba.valmierasnovads.lv\/buratino\/pii-buratino-vesture-2\/","og_locale":"lv_LV","og_type":"article","og_title":"V\u0113sture - Valmieras pirmsskolas izgl\u012bt\u012bbas iest\u0101de \u201cBuratino\u201d","og_description":"B\u0113rnud\u0101rza celtniec\u012bba s\u0101kta 1978. gad\u0101. Jau 1979. gada 6. oktobr\u012b tas tika svin\u012bgi atkl\u0101ts. Pirm\u0101 b\u0113rnud\u0101rza vad\u012bt\u0101ja bija Ilga Apine. [&hellip;]","og_url":"https:\/\/izglitiba.valmierasnovads.lv\/buratino\/pii-buratino-vesture-2\/","og_site_name":"Valmieras pirmsskolas izgl\u012bt\u012bbas iest\u0101de \u201cBuratino\u201d","article_modified_time":"2026-02-24T13:30:37+00:00","og_image":[{"width":2488,"height":1773,"url":"https:\/\/izglitiba.valmierasnovads.lv\/buratino\/wp-content\/uploads\/sites\/20\/2025\/08\/Buratino.jpg","type":"image\/jpeg"}],"twitter_card":"summary_large_image","twitter_misc":{"Est. reading time":"4 min\u016btes"},"schema":{"@context":"https:\/\/schema.org","@graph":[{"@type":"WebPage","@id":"https:\/\/izglitiba.valmierasnovads.lv\/buratino\/pii-buratino-vesture-2\/","url":"https:\/\/izglitiba.valmierasnovads.lv\/buratino\/pii-buratino-vesture-2\/","name":"V\u0113sture - Valmieras pirmsskolas izgl\u012bt\u012bbas iest\u0101de \u201cBuratino\u201d","isPartOf":{"@id":"https:\/\/izglitiba.valmierasnovads.lv\/buratino\/#website"},"primaryImageOfPage":{"@id":"https:\/\/izglitiba.valmierasnovads.lv\/buratino\/pii-buratino-vesture-2\/#primaryimage"},"image":{"@id":"https:\/\/izglitiba.valmierasnovads.lv\/buratino\/pii-buratino-vesture-2\/#primaryimage"},"thumbnailUrl":"https:\/\/izglitiba.valmierasnovads.lv\/buratino\/wp-content\/uploads\/sites\/20\/2025\/08\/Buratino.jpg","datePublished":"2025-08-06T11:20:41+00:00","dateModified":"2026-02-24T13:30:37+00:00","breadcrumb":{"@id":"https:\/\/izglitiba.valmierasnovads.lv\/buratino\/pii-buratino-vesture-2\/#breadcrumb"},"inLanguage":"lv-LV","potentialAction":[{"@type":"ReadAction","target":["https:\/\/izglitiba.valmierasnovads.lv\/buratino\/pii-buratino-vesture-2\/"]}]},{"@type":"ImageObject","inLanguage":"lv-LV","@id":"https:\/\/izglitiba.valmierasnovads.lv\/buratino\/pii-buratino-vesture-2\/#primaryimage","url":"https:\/\/izglitiba.valmierasnovads.lv\/buratino\/wp-content\/uploads\/sites\/20\/2025\/08\/Buratino.jpg","contentUrl":"https:\/\/izglitiba.valmierasnovads.lv\/buratino\/wp-content\/uploads\/sites\/20\/2025\/08\/Buratino.jpg","width":2488,"height":1773},{"@type":"BreadcrumbList","@id":"https:\/\/izglitiba.valmierasnovads.lv\/buratino\/pii-buratino-vesture-2\/#breadcrumb","itemListElement":[{"@type":"ListItem","position":1,"name":"Home","item":"https:\/\/izglitiba.valmierasnovads.lv\/buratino\/"},{"@type":"ListItem","position":2,"name":"V\u0113sture"}]},{"@type":"WebSite","@id":"https:\/\/izglitiba.valmierasnovads.lv\/buratino\/#website","url":"https:\/\/izglitiba.valmierasnovads.lv\/buratino\/","name":"Valmieras pirmsskolas izgl\u012bt\u012bbas iest\u0101de \u201cBuratino\u201d","description":"Buratino Valmiera","publisher":{"@id":"https:\/\/izglitiba.valmierasnovads.lv\/buratino\/#organization"},"potentialAction":[{"@type":"SearchAction","target":{"@type":"EntryPoint","urlTemplate":"https:\/\/izglitiba.valmierasnovads.lv\/buratino\/?s={search_term_string}"},"query-input":{"@type":"PropertyValueSpecification","valueRequired":true,"valueName":"search_term_string"}}],"inLanguage":"lv-LV"},{"@type":"Organization","@id":"https:\/\/izglitiba.valmierasnovads.lv\/buratino\/#organization","name":"Valmieras pirmsskolas izgl\u012bt\u012bbas iest\u0101de \u201cBuratino\u201d","url":"https:\/\/izglitiba.valmierasnovads.lv\/buratino\/","logo":{"@type":"ImageObject","inLanguage":"lv-LV","@id":"https:\/\/izglitiba.valmierasnovads.lv\/buratino\/#\/schema\/logo\/image\/","url":"https:\/\/izglitiba.valmierasnovads.lv\/buratino\/wp-content\/uploads\/sites\/20\/2026\/02\/cropped-Buratino-nosaukums-web-scaled-1.png","contentUrl":"https:\/\/izglitiba.valmierasnovads.lv\/buratino\/wp-content\/uploads\/sites\/20\/2026\/02\/cropped-Buratino-nosaukums-web-scaled-1.png","width":2268,"height":715,"caption":"Valmieras pirmsskolas izgl\u012bt\u012bbas iest\u0101de \u201cBuratino\u201d"},"image":{"@id":"https:\/\/izglitiba.valmierasnovads.lv\/buratino\/#\/schema\/logo\/image\/"}}]}},"_links":{"self":[{"href":"https:\/\/izglitiba.valmierasnovads.lv\/buratino\/wp-json\/wp\/v2\/pages\/291","targetHints":{"allow":["GET"]}}],"collection":[{"href":"https:\/\/izglitiba.valmierasnovads.lv\/buratino\/wp-json\/wp\/v2\/pages"}],"about":[{"href":"https:\/\/izglitiba.valmierasnovads.lv\/buratino\/wp-json\/wp\/v2\/types\/page"}],"author":[{"embeddable":true,"href":"https:\/\/izglitiba.valmierasnovads.lv\/buratino\/wp-json\/wp\/v2\/users\/24"}],"replies":[{"embeddable":true,"href":"https:\/\/izglitiba.valmierasnovads.lv\/buratino\/wp-json\/wp\/v2\/comments?post=291"}],"version-history":[{"count":9,"href":"https:\/\/izglitiba.valmierasnovads.lv\/buratino\/wp-json\/wp\/v2\/pages\/291\/revisions"}],"predecessor-version":[{"id":1229,"href":"https:\/\/izglitiba.valmierasnovads.lv\/buratino\/wp-json\/wp\/v2\/pages\/291\/revisions\/1229"}],"wp:featuredmedia":[{"embeddable":true,"href":"https:\/\/izglitiba.valmierasnovads.lv\/buratino\/wp-json\/wp\/v2\/media\/351"}],"wp:attachment":[{"href":"https:\/\/izglitiba.valmierasnovads.lv\/buratino\/wp-json\/wp\/v2\/media?parent=291"}],"curies":[{"name":"wp","href":"https:\/\/api.w.org\/{rel}","templated":true}]}}