{"id":602,"date":"2025-08-28T17:42:41","date_gmt":"2025-08-28T14:42:41","guid":{"rendered":"https:\/\/izglitiba.valmierasnovads.lv\/buratino\/?page_id=602"},"modified":"2025-11-08T10:01:17","modified_gmt":"2025-11-08T08:01:17","slug":"socialais-pedagogs-iestade","status":"publish","type":"page","link":"https:\/\/izglitiba.valmierasnovads.lv\/buratino\/socialais-pedagogs-iestade\/","title":{"rendered":"Soci\u0101lais pedagogs iest\u0101d\u0113"},"content":{"rendered":"\n<p class=\"has-text-align-center has-border-color has-light-green-cyan-border-color has-cyan-bluish-gray-background-color has-background has-medium-font-size\" style=\"border-width:10px;border-radius:3px;margin-top:var(--wp--preset--spacing--20);margin-right:var(--wp--preset--spacing--20);margin-bottom:var(--wp--preset--spacing--20);margin-left:var(--wp--preset--spacing--20);padding-top:0;padding-bottom:0\">Soci\u0101l\u0101 pedagoga uzdevums ir r\u016bp\u0113ties par b\u0113rnu\u00a0emocion\u0101lo labsaj\u016btu un soci\u0101lo prasmju att\u012bst\u012bbu, pal\u012bdz\u0113t vi\u0146iem veidot draudz\u012bgas, sadarb\u012bb\u0101 balst\u012btas attiec\u012bbas ar vienaud\u017eiem un pieaugu\u0161ajiem. Individu\u0101las nodarb\u012bbas ar b\u0113rnu tiek nodro\u0161in\u0101tas iest\u0101d\u0113, ja t\u0101s noteiktas ar PMK (pedago\u0123iski medic\u012bnisk\u0101 komisija) atzinumu\u00a0 vai grupas pedagogi\u00a0 un soci\u0101lais pedagogs konstat\u0113ju\u0161i\u00a0 atbalsta pas\u0101kuma nepiecie\u0161am\u012bbu, notikusi saruna ar\u00a0 b\u0113rna vec\u0101kiem\u00a0 un ir sa\u0146emta rakstiska piekri\u0161ana sadarb\u012bbai.<\/p>\n\n\n\n<p><\/p>\n\n\n\n<p><\/p>\n","protected":false},"excerpt":{"rendered":"<p>Soci\u0101l\u0101 pedagoga uzdevums ir r\u016bp\u0113ties par b\u0113rnu\u00a0emocion\u0101lo labsaj\u016btu un soci\u0101lo prasmju att\u012bst\u012bbu, pal\u012bdz\u0113t vi\u0146iem veidot draudz\u012bgas, sadarb\u012bb\u0101 balst\u012btas attiec\u012bbas ar [&hellip;]<\/p>\n","protected":false},"author":24,"featured_media":0,"parent":0,"menu_order":0,"comment_status":"closed","ping_status":"closed","template":"","meta":{"_acf_changed":false,"site-sidebar-layout":"default","site-content-layout":"","ast-site-content-layout":"default","site-content-style":"default","site-sidebar-style":"default","ast-global-header-display":"","ast-banner-title-visibility":"","ast-main-header-display":"","ast-hfb-above-header-display":"","ast-hfb-below-header-display":"","ast-hfb-mobile-header-display":"","site-post-title":"","ast-breadcrumbs-content":"","ast-featured-img":"","footer-sml-layout":"","ast-disable-related-posts":"","theme-transparent-header-meta":"","adv-header-id-meta":"","stick-header-meta":"","header-above-stick-meta":"","header-main-stick-meta":"","header-below-stick-meta":"","astra-migrate-meta-layouts":"default","ast-page-background-enabled":"default","ast-page-background-meta":{"desktop":{"background-color":"var(--ast-global-color-5)","background-image":"","background-repeat":"repeat","background-position":"center center","background-size":"auto","background-attachment":"scroll","background-type":"","background-media":"","overlay-type":"","overlay-color":"","overlay-opacity":"","overlay-gradient":""},"tablet":{"background-color":"","background-image":"","background-repeat":"repeat","background-position":"center center","background-size":"auto","background-attachment":"scroll","background-type":"","background-media":"","overlay-type":"","overlay-color":"","overlay-opacity":"","overlay-gradient":""},"mobile":{"background-color":"","background-image":"","background-repeat":"repeat","background-position":"center center","background-size":"auto","background-attachment":"scroll","background-type":"","background-media":"","overlay-type":"","overlay-color":"","overlay-opacity":"","overlay-gradient":""}},"ast-content-background-meta":{"desktop":{"background-color":"var(--ast-global-color-4)","background-image":"","background-repeat":"repeat","background-position":"center center","background-size":"auto","background-attachment":"scroll","background-type":"","background-media":"","overlay-type":"","overlay-color":"","overlay-opacity":"","overlay-gradient":""},"tablet":{"background-color":"var(--ast-global-color-4)","background-image":"","background-repeat":"repeat","background-position":"center center","background-size":"auto","background-attachment":"scroll","background-type":"","background-media":"","overlay-type":"","overlay-color":"","overlay-opacity":"","overlay-gradient":""},"mobile":{"background-color":"var(--ast-global-color-4)","background-image":"","background-repeat":"repeat","background-position":"center center","background-size":"auto","background-attachment":"scroll","background-type":"","background-media":"","overlay-type":"","overlay-color":"","overlay-opacity":"","overlay-gradient":""}},"footnotes":""},"class_list":["post-602","page","type-page","status-publish","hentry"],"acf":[],"yoast_head":"<!-- This site is optimized with the Yoast SEO plugin v27.0 - https:\/\/yoast.com\/product\/yoast-seo-wordpress\/ -->\n<title>Soci\u0101lais pedagogs iest\u0101d\u0113 - Valmieras pirmsskolas izgl\u012bt\u012bbas iest\u0101de \u201cBuratino\u201d<\/title>\n<meta name=\"robots\" content=\"index, follow, max-snippet:-1, max-image-preview:large, max-video-preview:-1\" \/>\n<link rel=\"canonical\" href=\"https:\/\/izglitiba.valmierasnovads.lv\/buratino\/socialais-pedagogs-iestade\/\" \/>\n<meta property=\"og:locale\" content=\"lv_LV\" \/>\n<meta property=\"og:type\" content=\"article\" \/>\n<meta property=\"og:title\" content=\"Soci\u0101lais pedagogs iest\u0101d\u0113 - Valmieras pirmsskolas izgl\u012bt\u012bbas iest\u0101de \u201cBuratino\u201d\" \/>\n<meta property=\"og:description\" content=\"Soci\u0101l\u0101 pedagoga uzdevums ir r\u016bp\u0113ties par b\u0113rnu\u00a0emocion\u0101lo labsaj\u016btu un soci\u0101lo prasmju att\u012bst\u012bbu, pal\u012bdz\u0113t vi\u0146iem veidot draudz\u012bgas, sadarb\u012bb\u0101 balst\u012btas attiec\u012bbas ar [&hellip;]\" \/>\n<meta property=\"og:url\" content=\"https:\/\/izglitiba.valmierasnovads.lv\/buratino\/socialais-pedagogs-iestade\/\" \/>\n<meta property=\"og:site_name\" content=\"Valmieras pirmsskolas izgl\u012bt\u012bbas iest\u0101de \u201cBuratino\u201d\" \/>\n<meta property=\"article:modified_time\" content=\"2025-11-08T08:01:17+00:00\" \/>\n<meta name=\"twitter:card\" content=\"summary_large_image\" \/>\n<meta name=\"twitter:label1\" content=\"Est. reading time\" \/>\n\t<meta name=\"twitter:data1\" content=\"1 min\u016bte\" \/>\n<script type=\"application\/ld+json\" class=\"yoast-schema-graph\">{\"@context\":\"https:\/\/schema.org\",\"@graph\":[{\"@type\":\"WebPage\",\"@id\":\"https:\/\/izglitiba.valmierasnovads.lv\/buratino\/socialais-pedagogs-iestade\/\",\"url\":\"https:\/\/izglitiba.valmierasnovads.lv\/buratino\/socialais-pedagogs-iestade\/\",\"name\":\"Soci\u0101lais pedagogs iest\u0101d\u0113 - Valmieras pirmsskolas izgl\u012bt\u012bbas iest\u0101de \u201cBuratino\u201d\",\"isPartOf\":{\"@id\":\"https:\/\/izglitiba.valmierasnovads.lv\/buratino\/#website\"},\"datePublished\":\"2025-08-28T14:42:41+00:00\",\"dateModified\":\"2025-11-08T08:01:17+00:00\",\"breadcrumb\":{\"@id\":\"https:\/\/izglitiba.valmierasnovads.lv\/buratino\/socialais-pedagogs-iestade\/#breadcrumb\"},\"inLanguage\":\"lv-LV\",\"potentialAction\":[{\"@type\":\"ReadAction\",\"target\":[\"https:\/\/izglitiba.valmierasnovads.lv\/buratino\/socialais-pedagogs-iestade\/\"]}]},{\"@type\":\"BreadcrumbList\",\"@id\":\"https:\/\/izglitiba.valmierasnovads.lv\/buratino\/socialais-pedagogs-iestade\/#breadcrumb\",\"itemListElement\":[{\"@type\":\"ListItem\",\"position\":1,\"name\":\"Home\",\"item\":\"https:\/\/izglitiba.valmierasnovads.lv\/buratino\/\"},{\"@type\":\"ListItem\",\"position\":2,\"name\":\"Soci\u0101lais pedagogs iest\u0101d\u0113\"}]},{\"@type\":\"WebSite\",\"@id\":\"https:\/\/izglitiba.valmierasnovads.lv\/buratino\/#website\",\"url\":\"https:\/\/izglitiba.valmierasnovads.lv\/buratino\/\",\"name\":\"Valmieras pirmsskolas izgl\u012bt\u012bbas iest\u0101de \u201cBuratino\u201d\",\"description\":\"Buratino Valmiera\",\"publisher\":{\"@id\":\"https:\/\/izglitiba.valmierasnovads.lv\/buratino\/#organization\"},\"potentialAction\":[{\"@type\":\"SearchAction\",\"target\":{\"@type\":\"EntryPoint\",\"urlTemplate\":\"https:\/\/izglitiba.valmierasnovads.lv\/buratino\/?s={search_term_string}\"},\"query-input\":{\"@type\":\"PropertyValueSpecification\",\"valueRequired\":true,\"valueName\":\"search_term_string\"}}],\"inLanguage\":\"lv-LV\"},{\"@type\":\"Organization\",\"@id\":\"https:\/\/izglitiba.valmierasnovads.lv\/buratino\/#organization\",\"name\":\"Valmieras pirmsskolas izgl\u012bt\u012bbas iest\u0101de \u201cBuratino\u201d\",\"url\":\"https:\/\/izglitiba.valmierasnovads.lv\/buratino\/\",\"logo\":{\"@type\":\"ImageObject\",\"inLanguage\":\"lv-LV\",\"@id\":\"https:\/\/izglitiba.valmierasnovads.lv\/buratino\/#\/schema\/logo\/image\/\",\"url\":\"https:\/\/izglitiba.valmierasnovads.lv\/buratino\/wp-content\/uploads\/sites\/20\/2026\/02\/cropped-Buratino-nosaukums-web-scaled-1.png\",\"contentUrl\":\"https:\/\/izglitiba.valmierasnovads.lv\/buratino\/wp-content\/uploads\/sites\/20\/2026\/02\/cropped-Buratino-nosaukums-web-scaled-1.png\",\"width\":2268,\"height\":715,\"caption\":\"Valmieras pirmsskolas izgl\u012bt\u012bbas iest\u0101de \u201cBuratino\u201d\"},\"image\":{\"@id\":\"https:\/\/izglitiba.valmierasnovads.lv\/buratino\/#\/schema\/logo\/image\/\"}}]}<\/script>\n<!-- \/ Yoast SEO plugin. -->","yoast_head_json":{"title":"Soci\u0101lais pedagogs iest\u0101d\u0113 - Valmieras pirmsskolas izgl\u012bt\u012bbas iest\u0101de \u201cBuratino\u201d","robots":{"index":"index","follow":"follow","max-snippet":"max-snippet:-1","max-image-preview":"max-image-preview:large","max-video-preview":"max-video-preview:-1"},"canonical":"https:\/\/izglitiba.valmierasnovads.lv\/buratino\/socialais-pedagogs-iestade\/","og_locale":"lv_LV","og_type":"article","og_title":"Soci\u0101lais pedagogs iest\u0101d\u0113 - Valmieras pirmsskolas izgl\u012bt\u012bbas iest\u0101de \u201cBuratino\u201d","og_description":"Soci\u0101l\u0101 pedagoga uzdevums ir r\u016bp\u0113ties par b\u0113rnu\u00a0emocion\u0101lo labsaj\u016btu un soci\u0101lo prasmju att\u012bst\u012bbu, pal\u012bdz\u0113t vi\u0146iem veidot draudz\u012bgas, sadarb\u012bb\u0101 balst\u012btas attiec\u012bbas ar [&hellip;]","og_url":"https:\/\/izglitiba.valmierasnovads.lv\/buratino\/socialais-pedagogs-iestade\/","og_site_name":"Valmieras pirmsskolas izgl\u012bt\u012bbas iest\u0101de \u201cBuratino\u201d","article_modified_time":"2025-11-08T08:01:17+00:00","twitter_card":"summary_large_image","twitter_misc":{"Est. reading time":"1 min\u016bte"},"schema":{"@context":"https:\/\/schema.org","@graph":[{"@type":"WebPage","@id":"https:\/\/izglitiba.valmierasnovads.lv\/buratino\/socialais-pedagogs-iestade\/","url":"https:\/\/izglitiba.valmierasnovads.lv\/buratino\/socialais-pedagogs-iestade\/","name":"Soci\u0101lais pedagogs iest\u0101d\u0113 - Valmieras pirmsskolas izgl\u012bt\u012bbas iest\u0101de \u201cBuratino\u201d","isPartOf":{"@id":"https:\/\/izglitiba.valmierasnovads.lv\/buratino\/#website"},"datePublished":"2025-08-28T14:42:41+00:00","dateModified":"2025-11-08T08:01:17+00:00","breadcrumb":{"@id":"https:\/\/izglitiba.valmierasnovads.lv\/buratino\/socialais-pedagogs-iestade\/#breadcrumb"},"inLanguage":"lv-LV","potentialAction":[{"@type":"ReadAction","target":["https:\/\/izglitiba.valmierasnovads.lv\/buratino\/socialais-pedagogs-iestade\/"]}]},{"@type":"BreadcrumbList","@id":"https:\/\/izglitiba.valmierasnovads.lv\/buratino\/socialais-pedagogs-iestade\/#breadcrumb","itemListElement":[{"@type":"ListItem","position":1,"name":"Home","item":"https:\/\/izglitiba.valmierasnovads.lv\/buratino\/"},{"@type":"ListItem","position":2,"name":"Soci\u0101lais pedagogs iest\u0101d\u0113"}]},{"@type":"WebSite","@id":"https:\/\/izglitiba.valmierasnovads.lv\/buratino\/#website","url":"https:\/\/izglitiba.valmierasnovads.lv\/buratino\/","name":"Valmieras pirmsskolas izgl\u012bt\u012bbas iest\u0101de \u201cBuratino\u201d","description":"Buratino Valmiera","publisher":{"@id":"https:\/\/izglitiba.valmierasnovads.lv\/buratino\/#organization"},"potentialAction":[{"@type":"SearchAction","target":{"@type":"EntryPoint","urlTemplate":"https:\/\/izglitiba.valmierasnovads.lv\/buratino\/?s={search_term_string}"},"query-input":{"@type":"PropertyValueSpecification","valueRequired":true,"valueName":"search_term_string"}}],"inLanguage":"lv-LV"},{"@type":"Organization","@id":"https:\/\/izglitiba.valmierasnovads.lv\/buratino\/#organization","name":"Valmieras pirmsskolas izgl\u012bt\u012bbas iest\u0101de \u201cBuratino\u201d","url":"https:\/\/izglitiba.valmierasnovads.lv\/buratino\/","logo":{"@type":"ImageObject","inLanguage":"lv-LV","@id":"https:\/\/izglitiba.valmierasnovads.lv\/buratino\/#\/schema\/logo\/image\/","url":"https:\/\/izglitiba.valmierasnovads.lv\/buratino\/wp-content\/uploads\/sites\/20\/2026\/02\/cropped-Buratino-nosaukums-web-scaled-1.png","contentUrl":"https:\/\/izglitiba.valmierasnovads.lv\/buratino\/wp-content\/uploads\/sites\/20\/2026\/02\/cropped-Buratino-nosaukums-web-scaled-1.png","width":2268,"height":715,"caption":"Valmieras pirmsskolas izgl\u012bt\u012bbas iest\u0101de \u201cBuratino\u201d"},"image":{"@id":"https:\/\/izglitiba.valmierasnovads.lv\/buratino\/#\/schema\/logo\/image\/"}}]}},"_links":{"self":[{"href":"https:\/\/izglitiba.valmierasnovads.lv\/buratino\/wp-json\/wp\/v2\/pages\/602","targetHints":{"allow":["GET"]}}],"collection":[{"href":"https:\/\/izglitiba.valmierasnovads.lv\/buratino\/wp-json\/wp\/v2\/pages"}],"about":[{"href":"https:\/\/izglitiba.valmierasnovads.lv\/buratino\/wp-json\/wp\/v2\/types\/page"}],"author":[{"embeddable":true,"href":"https:\/\/izglitiba.valmierasnovads.lv\/buratino\/wp-json\/wp\/v2\/users\/24"}],"replies":[{"embeddable":true,"href":"https:\/\/izglitiba.valmierasnovads.lv\/buratino\/wp-json\/wp\/v2\/comments?post=602"}],"version-history":[{"count":9,"href":"https:\/\/izglitiba.valmierasnovads.lv\/buratino\/wp-json\/wp\/v2\/pages\/602\/revisions"}],"predecessor-version":[{"id":951,"href":"https:\/\/izglitiba.valmierasnovads.lv\/buratino\/wp-json\/wp\/v2\/pages\/602\/revisions\/951"}],"wp:attachment":[{"href":"https:\/\/izglitiba.valmierasnovads.lv\/buratino\/wp-json\/wp\/v2\/media?parent=602"}],"curies":[{"name":"wp","href":"https:\/\/api.w.org\/{rel}","templated":true}]}}

Sociālais pedagogs iestādē

<p class="has-text-align-center has-border-color has-light-green-cyan-border-color has-cyan-bluish-gray-background-color has-background has-medium-font-size" style="border-width:10px;border-radius:3px;margin-top:var(--wp--preset--spacing--20);margin-right:var(--wp--preset--spacing--20);margin-bottom:var(--wp--preset--spacing--20);margin-left:var(--wp--preset--spacing--20);padding-top:0;padding-bottom:0">Sociālā pedagoga uzdevums ir rūpēties par bērnu emocionālo labsajūtu un sociālo prasmju attīstību, palīdzēt viņiem veidot draudzīgas, sadarbībā balstītas attiecības ar vienaudžiem un pieaugušajiem. Individuālas nodarbības ar bērnu tiek nodrošinātas iestādē, ja tās noteiktas ar PMK (pedagoģiski medicīniskā komisija) atzinumu  vai grupas pedagogi  un sociālais pedagogs konstatējuši  atbalsta pasākuma nepieciešamību, notikusi saruna ar  bērna vecākiem  un ir saņemta rakstiska piekrišana sadarbībai.</p>



<p></p>



<p></p>

<p>Sociālā pedagoga uzdevums ir rūpēties par bērnu emocionālo labsajūtu un sociālo prasmju attīstību, palīdzēt viņiem veidot draudzīgas, sadarbībā balstītas attiecības ar [&hellip;]</p>

<!-- This site is optimized with the Yoast SEO plugin v27.0 - https://yoast.com/product/yoast-seo-wordpress/ -->
<title>Sociālais pedagogs iestādē - Valmieras pirmsskolas izglītības iestāde “Buratino”</title>
<meta name="robots" content="index, follow, max-snippet:-1, max-image-preview:large, max-video-preview:-1" />
<link rel="canonical" href="https://izglitiba.valmierasnovads.lv/buratino/socialais-pedagogs-iestade/" />
<meta property="og:locale" content="lv_LV" />
<meta property="og:type" content="article" />
<meta property="og:title" content="Sociālais pedagogs iestādē - Valmieras pirmsskolas izglītības iestāde “Buratino”" />
<meta property="og:description" content="Sociālā pedagoga uzdevums ir rūpēties par bērnu emocionālo labsajūtu un sociālo prasmju attīstību, palīdzēt viņiem veidot draudzīgas, sadarbībā balstītas attiecības ar [&hellip;]" />
<meta property="og:url" content="https://izglitiba.valmierasnovads.lv/buratino/socialais-pedagogs-iestade/" />
<meta property="og:site_name" content="Valmieras pirmsskolas izglītības iestāde “Buratino”" />
<meta property="article:modified_time" content="2025-11-08T08:01:17+00:00" />
<meta name="twitter:card" content="summary_large_image" />
<meta name="twitter:label1" content="Est. reading time" />
	<meta name="twitter:data1" content="1 minūte" />
<script type="application/ld+json" class="yoast-schema-graph">{"@context":"https://schema.org","@graph":[{"@type":"WebPage","@id":"https://izglitiba.valmierasnovads.lv/buratino/socialais-pedagogs-iestade/","url":"https://izglitiba.valmierasnovads.lv/buratino/socialais-pedagogs-iestade/","name":"Sociālais pedagogs iestādē - Valmieras pirmsskolas izglītības iestāde “Buratino”","isPartOf":{"@id":"https://izglitiba.valmierasnovads.lv/buratino/#website"},"datePublished":"2025-08-28T14:42:41+00:00","dateModified":"2025-11-08T08:01:17+00:00","breadcrumb":{"@id":"https://izglitiba.valmierasnovads.lv/buratino/socialais-pedagogs-iestade/#breadcrumb"},"inLanguage":"lv-LV","potentialAction":[{"@type":"ReadAction","target":["https://izglitiba.valmierasnovads.lv/buratino/socialais-pedagogs-iestade/"]}]},{"@type":"BreadcrumbList","@id":"https://izglitiba.valmierasnovads.lv/buratino/socialais-pedagogs-iestade/#breadcrumb","itemListElement":[{"@type":"ListItem","position":1,"name":"Home","item":"https://izglitiba.valmierasnovads.lv/buratino/"},{"@type":"ListItem","position":2,"name":"Sociālais pedagogs iestādē"}]},{"@type":"WebSite","@id":"https://izglitiba.valmierasnovads.lv/buratino/#website","url":"https://izglitiba.valmierasnovads.lv/buratino/","name":"Valmieras pirmsskolas izglītības iestāde “Buratino”","description":"Buratino Valmiera","publisher":{"@id":"https://izglitiba.valmierasnovads.lv/buratino/#organization"},"potentialAction":[{"@type":"SearchAction","target":{"@type":"EntryPoint","urlTemplate":"https://izglitiba.valmierasnovads.lv/buratino/?s={search_term_string}"},"query-input":{"@type":"PropertyValueSpecification","valueRequired":true,"valueName":"search_term_string"}}],"inLanguage":"lv-LV"},{"@type":"Organization","@id":"https://izglitiba.valmierasnovads.lv/buratino/#organization","name":"Valmieras pirmsskolas izglītības iestāde “Buratino”","url":"https://izglitiba.valmierasnovads.lv/buratino/","logo":{"@type":"ImageObject","inLanguage":"lv-LV","@id":"https://izglitiba.valmierasnovads.lv/buratino/#/schema/logo/image/","url":"https://izglitiba.valmierasnovads.lv/buratino/wp-content/uploads/sites/20/2026/02/cropped-Buratino-nosaukums-web-scaled-1.png","contentUrl":"https://izglitiba.valmierasnovads.lv/buratino/wp-content/uploads/sites/20/2026/02/cropped-Buratino-nosaukums-web-scaled-1.png","width":2268,"height":715,"caption":"Valmieras pirmsskolas izglītības iestāde “Buratino”"},"image":{"@id":"https://izglitiba.valmierasnovads.lv/buratino/#/schema/logo/image/"}}]}</script>
<!-- / Yoast SEO plugin. -->

Sociālais pedagogs iestādē - Valmieras pirmsskolas izglītības iestāde “Buratino”

Sociālā pedagoga uzdevums ir rūpēties par bērnu emocionālo labsajūtu un sociālo prasmju attīstību, palīdzēt viņiem veidot draudzīgas, sadarbībā balstītas attiecības ar [&hellip;]

Valmieras pirmsskolas izglītības iestāde “Buratino”

1 minūte
