{"id":615,"date":"2025-09-01T14:34:05","date_gmt":"2025-09-01T11:34:05","guid":{"rendered":"https:\/\/izglitiba.valmierasnovads.lv\/buratino\/?page_id=615"},"modified":"2025-11-21T14:33:23","modified_gmt":"2025-11-21T12:33:23","slug":"dienas-ritms-grupa-pucites","status":"publish","type":"page","link":"https:\/\/izglitiba.valmierasnovads.lv\/buratino\/dienas-ritms-grupa-pucites\/","title":{"rendered":"Dienas ritms fili\u0101l\u0113 &#8220;P\u016bc\u012btes&#8221; 2025.\/26.m.g."},"content":{"rendered":"\n<figure class=\"wp-block-table has-medium-font-size\"><table class=\"has-pale-cyan-blue-background-color has-background has-fixed-layout\"><tbody><tr><td rowspan=\"2\"><strong>Re\u017e\u012bma momenti<\/strong><\/td><td><strong>&nbsp;&nbsp; 6 \u2013 7&nbsp; g.v.<\/strong><\/td><\/tr><tr><td><strong>&nbsp;&nbsp;&nbsp;&nbsp; P\u016bc\u012btes<\/strong><\/td><\/tr><tr><td><strong>&nbsp;<\/strong> *B\u0113rnu sagaid\u012b\u0161ana, sarunas, rota\u013cas, individu\u0101lais darbs, kust\u012bbu aktivit\u0101tes<\/td><td>&nbsp; 7.30 \u2013 8.20<\/td><\/tr><tr><td><strong>*<\/strong> Brokastis<\/td><td>&nbsp; 8.30 \u2013 8.45<\/td><\/tr><tr><td><strong>* <\/strong>Daudzveid\u012bgas\u00a0 b\u0113rnu att\u012bst\u012bbu veicino\u0161as rota\u013cdarb\u012bbas vai citas m\u0101c\u012bbu darba\u00a0organiz\u0101cijas formas telp\u0101, svaig\u0101 gais\u0101<\/td><td>&nbsp; 8.50 &#8211; 12.10<\/td><\/tr><tr><td>&nbsp; * Pusdienas<\/td><td>&nbsp; 12.20 \u2013 12.35<\/td><\/tr><tr><td>&nbsp; * Higi\u0113nas proced\u016bras, atp\u016bta<\/td><td>&nbsp; 12.40\u2013 14.45<\/td><\/tr><tr><td><strong>* <\/strong>Pak\u0101peniska b\u0113rnu piecel\u0161an\u0101s, launags<\/td><td>&nbsp; 14.45 \u2013 15.15<\/td><\/tr><tr><td>* Daudzveid\u012bgas b\u0113rnu att\u012bst\u012bbu veicino\u0161as rota\u013cdarb\u012bbas, individu\u0101lais darbs vai citas m\u0101c\u012bbu darba organiz\u0101cijas formas telp\u0101 vai svaig\u0101 gais\u0101. Intere\u0161u izgl\u012bt\u012bbas pulci\u0146i, b\u0113rnu pak\u0101peniska do\u0161an\u0101s m\u0101j\u0101s.<\/td><td>&nbsp; &nbsp;15.35 \u2013 18.30<\/td><\/tr><\/tbody><\/table><\/figure>\n\n\n\n<p><strong>Programmu 01011111; 01015511; 01015311; 01015411 \u012bsteno\u0161anai&nbsp;&nbsp;&nbsp;&nbsp;&nbsp;&nbsp;&nbsp;<\/strong><\/p>\n\n\n\n<p><strong>Elektronisko sazi\u0146as l\u012bdzek\u013cu (piem\u0113ram, televizora, datora) lieto\u0161ana b\u0113rniem pie\u013caujama ne ilg\u0101k par 15 min\u016bt\u0113m.<\/strong><strong><\/strong><\/p>\n\n\n\n<p><\/p>\n","protected":false},"excerpt":{"rendered":"<p>Re\u017e\u012bma momenti &nbsp;&nbsp; 6 \u2013 7&nbsp; g.v. &nbsp;&nbsp;&nbsp;&nbsp; P\u016bc\u012btes &nbsp; *B\u0113rnu sagaid\u012b\u0161ana, sarunas, rota\u013cas, individu\u0101lais darbs, kust\u012bbu aktivit\u0101tes &nbsp; 7.30 [&hellip;]<\/p>\n","protected":false},"author":24,"featured_media":0,"parent":0,"menu_order":0,"comment_status":"closed","ping_status":"closed","template":"","meta":{"_acf_changed":false,"site-sidebar-layout":"default","site-content-layout":"","ast-site-content-layout":"default","site-content-style":"default","site-sidebar-style":"default","ast-global-header-display":"","ast-banner-title-visibility":"","ast-main-header-display":"","ast-hfb-above-header-display":"","ast-hfb-below-header-display":"","ast-hfb-mobile-header-display":"","site-post-title":"","ast-breadcrumbs-content":"","ast-featured-img":"","footer-sml-layout":"","ast-disable-related-posts":"","theme-transparent-header-meta":"","adv-header-id-meta":"","stick-header-meta":"","header-above-stick-meta":"","header-main-stick-meta":"","header-below-stick-meta":"","astra-migrate-meta-layouts":"default","ast-page-background-enabled":"default","ast-page-background-meta":{"desktop":{"background-color":"var(--ast-global-color-5)","background-image":"","background-repeat":"repeat","background-position":"center center","background-size":"auto","background-attachment":"scroll","background-type":"","background-media":"","overlay-type":"","overlay-color":"","overlay-opacity":"","overlay-gradient":""},"tablet":{"background-color":"","background-image":"","background-repeat":"repeat","background-position":"center center","background-size":"auto","background-attachment":"scroll","background-type":"","background-media":"","overlay-type":"","overlay-color":"","overlay-opacity":"","overlay-gradient":""},"mobile":{"background-color":"","background-image":"","background-repeat":"repeat","background-position":"center center","background-size":"auto","background-attachment":"scroll","background-type":"","background-media":"","overlay-type":"","overlay-color":"","overlay-opacity":"","overlay-gradient":""}},"ast-content-background-meta":{"desktop":{"background-color":"var(--ast-global-color-4)","background-image":"","background-repeat":"repeat","background-position":"center center","background-size":"auto","background-attachment":"scroll","background-type":"","background-media":"","overlay-type":"","overlay-color":"","overlay-opacity":"","overlay-gradient":""},"tablet":{"background-color":"var(--ast-global-color-4)","background-image":"","background-repeat":"repeat","background-position":"center center","background-size":"auto","background-attachment":"scroll","background-type":"","background-media":"","overlay-type":"","overlay-color":"","overlay-opacity":"","overlay-gradient":""},"mobile":{"background-color":"var(--ast-global-color-4)","background-image":"","background-repeat":"repeat","background-position":"center center","background-size":"auto","background-attachment":"scroll","background-type":"","background-media":"","overlay-type":"","overlay-color":"","overlay-opacity":"","overlay-gradient":""}},"footnotes":""},"class_list":["post-615","page","type-page","status-publish","hentry"],"acf":[],"yoast_head":"<!-- This site is optimized with the Yoast SEO plugin v27.0 - https:\/\/yoast.com\/product\/yoast-seo-wordpress\/ -->\n<title>Dienas ritms fili\u0101l\u0113 &quot;P\u016bc\u012btes&quot; 2025.\/26.m.g. - Valmieras pirmsskolas izgl\u012bt\u012bbas iest\u0101de \u201cBuratino\u201d<\/title>\n<meta name=\"robots\" content=\"index, follow, max-snippet:-1, max-image-preview:large, max-video-preview:-1\" \/>\n<link rel=\"canonical\" href=\"https:\/\/izglitiba.valmierasnovads.lv\/buratino\/dienas-ritms-grupa-pucites\/\" \/>\n<meta property=\"og:locale\" content=\"lv_LV\" \/>\n<meta property=\"og:type\" content=\"article\" \/>\n<meta property=\"og:title\" content=\"Dienas ritms fili\u0101l\u0113 &quot;P\u016bc\u012btes&quot; 2025.\/26.m.g. - Valmieras pirmsskolas izgl\u012bt\u012bbas iest\u0101de \u201cBuratino\u201d\" \/>\n<meta property=\"og:description\" content=\"Re\u017e\u012bma momenti &nbsp;&nbsp; 6 \u2013 7&nbsp; g.v. &nbsp;&nbsp;&nbsp;&nbsp; P\u016bc\u012btes &nbsp; *B\u0113rnu sagaid\u012b\u0161ana, sarunas, rota\u013cas, individu\u0101lais darbs, kust\u012bbu aktivit\u0101tes &nbsp; 7.30 [&hellip;]\" \/>\n<meta property=\"og:url\" content=\"https:\/\/izglitiba.valmierasnovads.lv\/buratino\/dienas-ritms-grupa-pucites\/\" \/>\n<meta property=\"og:site_name\" content=\"Valmieras pirmsskolas izgl\u012bt\u012bbas iest\u0101de \u201cBuratino\u201d\" \/>\n<meta property=\"article:modified_time\" content=\"2025-11-21T12:33:23+00:00\" \/>\n<meta name=\"twitter:card\" content=\"summary_large_image\" \/>\n<meta name=\"twitter:label1\" content=\"Est. reading time\" \/>\n\t<meta name=\"twitter:data1\" content=\"1 min\u016bte\" \/>\n<script type=\"application\/ld+json\" class=\"yoast-schema-graph\">{\"@context\":\"https:\/\/schema.org\",\"@graph\":[{\"@type\":\"WebPage\",\"@id\":\"https:\/\/izglitiba.valmierasnovads.lv\/buratino\/dienas-ritms-grupa-pucites\/\",\"url\":\"https:\/\/izglitiba.valmierasnovads.lv\/buratino\/dienas-ritms-grupa-pucites\/\",\"name\":\"Dienas ritms fili\u0101l\u0113 \\\"P\u016bc\u012btes\\\" 2025.\/26.m.g. - Valmieras pirmsskolas izgl\u012bt\u012bbas iest\u0101de \u201cBuratino\u201d\",\"isPartOf\":{\"@id\":\"https:\/\/izglitiba.valmierasnovads.lv\/buratino\/#website\"},\"datePublished\":\"2025-09-01T11:34:05+00:00\",\"dateModified\":\"2025-11-21T12:33:23+00:00\",\"breadcrumb\":{\"@id\":\"https:\/\/izglitiba.valmierasnovads.lv\/buratino\/dienas-ritms-grupa-pucites\/#breadcrumb\"},\"inLanguage\":\"lv-LV\",\"potentialAction\":[{\"@type\":\"ReadAction\",\"target\":[\"https:\/\/izglitiba.valmierasnovads.lv\/buratino\/dienas-ritms-grupa-pucites\/\"]}]},{\"@type\":\"BreadcrumbList\",\"@id\":\"https:\/\/izglitiba.valmierasnovads.lv\/buratino\/dienas-ritms-grupa-pucites\/#breadcrumb\",\"itemListElement\":[{\"@type\":\"ListItem\",\"position\":1,\"name\":\"Home\",\"item\":\"https:\/\/izglitiba.valmierasnovads.lv\/buratino\/\"},{\"@type\":\"ListItem\",\"position\":2,\"name\":\"Dienas ritms fili\u0101l\u0113 &#8220;P\u016bc\u012btes&#8221; 2025.\/26.m.g.\"}]},{\"@type\":\"WebSite\",\"@id\":\"https:\/\/izglitiba.valmierasnovads.lv\/buratino\/#website\",\"url\":\"https:\/\/izglitiba.valmierasnovads.lv\/buratino\/\",\"name\":\"Valmieras pirmsskolas izgl\u012bt\u012bbas iest\u0101de \u201cBuratino\u201d\",\"description\":\"Buratino Valmiera\",\"publisher\":{\"@id\":\"https:\/\/izglitiba.valmierasnovads.lv\/buratino\/#organization\"},\"potentialAction\":[{\"@type\":\"SearchAction\",\"target\":{\"@type\":\"EntryPoint\",\"urlTemplate\":\"https:\/\/izglitiba.valmierasnovads.lv\/buratino\/?s={search_term_string}\"},\"query-input\":{\"@type\":\"PropertyValueSpecification\",\"valueRequired\":true,\"valueName\":\"search_term_string\"}}],\"inLanguage\":\"lv-LV\"},{\"@type\":\"Organization\",\"@id\":\"https:\/\/izglitiba.valmierasnovads.lv\/buratino\/#organization\",\"name\":\"Valmieras pirmsskolas izgl\u012bt\u012bbas iest\u0101de \u201cBuratino\u201d\",\"url\":\"https:\/\/izglitiba.valmierasnovads.lv\/buratino\/\",\"logo\":{\"@type\":\"ImageObject\",\"inLanguage\":\"lv-LV\",\"@id\":\"https:\/\/izglitiba.valmierasnovads.lv\/buratino\/#\/schema\/logo\/image\/\",\"url\":\"https:\/\/izglitiba.valmierasnovads.lv\/buratino\/wp-content\/uploads\/sites\/20\/2026\/02\/cropped-Buratino-nosaukums-web-scaled-1.png\",\"contentUrl\":\"https:\/\/izglitiba.valmierasnovads.lv\/buratino\/wp-content\/uploads\/sites\/20\/2026\/02\/cropped-Buratino-nosaukums-web-scaled-1.png\",\"width\":2268,\"height\":715,\"caption\":\"Valmieras pirmsskolas izgl\u012bt\u012bbas iest\u0101de \u201cBuratino\u201d\"},\"image\":{\"@id\":\"https:\/\/izglitiba.valmierasnovads.lv\/buratino\/#\/schema\/logo\/image\/\"}}]}<\/script>\n<!-- \/ Yoast SEO plugin. -->","yoast_head_json":{"title":"Dienas ritms fili\u0101l\u0113 \"P\u016bc\u012btes\" 2025.\/26.m.g. - Valmieras pirmsskolas izgl\u012bt\u012bbas iest\u0101de \u201cBuratino\u201d","robots":{"index":"index","follow":"follow","max-snippet":"max-snippet:-1","max-image-preview":"max-image-preview:large","max-video-preview":"max-video-preview:-1"},"canonical":"https:\/\/izglitiba.valmierasnovads.lv\/buratino\/dienas-ritms-grupa-pucites\/","og_locale":"lv_LV","og_type":"article","og_title":"Dienas ritms fili\u0101l\u0113 \"P\u016bc\u012btes\" 2025.\/26.m.g. - Valmieras pirmsskolas izgl\u012bt\u012bbas iest\u0101de \u201cBuratino\u201d","og_description":"Re\u017e\u012bma momenti &nbsp;&nbsp; 6 \u2013 7&nbsp; g.v. &nbsp;&nbsp;&nbsp;&nbsp; P\u016bc\u012btes &nbsp; *B\u0113rnu sagaid\u012b\u0161ana, sarunas, rota\u013cas, individu\u0101lais darbs, kust\u012bbu aktivit\u0101tes &nbsp; 7.30 [&hellip;]","og_url":"https:\/\/izglitiba.valmierasnovads.lv\/buratino\/dienas-ritms-grupa-pucites\/","og_site_name":"Valmieras pirmsskolas izgl\u012bt\u012bbas iest\u0101de \u201cBuratino\u201d","article_modified_time":"2025-11-21T12:33:23+00:00","twitter_card":"summary_large_image","twitter_misc":{"Est. reading time":"1 min\u016bte"},"schema":{"@context":"https:\/\/schema.org","@graph":[{"@type":"WebPage","@id":"https:\/\/izglitiba.valmierasnovads.lv\/buratino\/dienas-ritms-grupa-pucites\/","url":"https:\/\/izglitiba.valmierasnovads.lv\/buratino\/dienas-ritms-grupa-pucites\/","name":"Dienas ritms fili\u0101l\u0113 \"P\u016bc\u012btes\" 2025.\/26.m.g. - Valmieras pirmsskolas izgl\u012bt\u012bbas iest\u0101de \u201cBuratino\u201d","isPartOf":{"@id":"https:\/\/izglitiba.valmierasnovads.lv\/buratino\/#website"},"datePublished":"2025-09-01T11:34:05+00:00","dateModified":"2025-11-21T12:33:23+00:00","breadcrumb":{"@id":"https:\/\/izglitiba.valmierasnovads.lv\/buratino\/dienas-ritms-grupa-pucites\/#breadcrumb"},"inLanguage":"lv-LV","potentialAction":[{"@type":"ReadAction","target":["https:\/\/izglitiba.valmierasnovads.lv\/buratino\/dienas-ritms-grupa-pucites\/"]}]},{"@type":"BreadcrumbList","@id":"https:\/\/izglitiba.valmierasnovads.lv\/buratino\/dienas-ritms-grupa-pucites\/#breadcrumb","itemListElement":[{"@type":"ListItem","position":1,"name":"Home","item":"https:\/\/izglitiba.valmierasnovads.lv\/buratino\/"},{"@type":"ListItem","position":2,"name":"Dienas ritms fili\u0101l\u0113 &#8220;P\u016bc\u012btes&#8221; 2025.\/26.m.g."}]},{"@type":"WebSite","@id":"https:\/\/izglitiba.valmierasnovads.lv\/buratino\/#website","url":"https:\/\/izglitiba.valmierasnovads.lv\/buratino\/","name":"Valmieras pirmsskolas izgl\u012bt\u012bbas iest\u0101de \u201cBuratino\u201d","description":"Buratino Valmiera","publisher":{"@id":"https:\/\/izglitiba.valmierasnovads.lv\/buratino\/#organization"},"potentialAction":[{"@type":"SearchAction","target":{"@type":"EntryPoint","urlTemplate":"https:\/\/izglitiba.valmierasnovads.lv\/buratino\/?s={search_term_string}"},"query-input":{"@type":"PropertyValueSpecification","valueRequired":true,"valueName":"search_term_string"}}],"inLanguage":"lv-LV"},{"@type":"Organization","@id":"https:\/\/izglitiba.valmierasnovads.lv\/buratino\/#organization","name":"Valmieras pirmsskolas izgl\u012bt\u012bbas iest\u0101de \u201cBuratino\u201d","url":"https:\/\/izglitiba.valmierasnovads.lv\/buratino\/","logo":{"@type":"ImageObject","inLanguage":"lv-LV","@id":"https:\/\/izglitiba.valmierasnovads.lv\/buratino\/#\/schema\/logo\/image\/","url":"https:\/\/izglitiba.valmierasnovads.lv\/buratino\/wp-content\/uploads\/sites\/20\/2026\/02\/cropped-Buratino-nosaukums-web-scaled-1.png","contentUrl":"https:\/\/izglitiba.valmierasnovads.lv\/buratino\/wp-content\/uploads\/sites\/20\/2026\/02\/cropped-Buratino-nosaukums-web-scaled-1.png","width":2268,"height":715,"caption":"Valmieras pirmsskolas izgl\u012bt\u012bbas iest\u0101de \u201cBuratino\u201d"},"image":{"@id":"https:\/\/izglitiba.valmierasnovads.lv\/buratino\/#\/schema\/logo\/image\/"}}]}},"_links":{"self":[{"href":"https:\/\/izglitiba.valmierasnovads.lv\/buratino\/wp-json\/wp\/v2\/pages\/615","targetHints":{"allow":["GET"]}}],"collection":[{"href":"https:\/\/izglitiba.valmierasnovads.lv\/buratino\/wp-json\/wp\/v2\/pages"}],"about":[{"href":"https:\/\/izglitiba.valmierasnovads.lv\/buratino\/wp-json\/wp\/v2\/types\/page"}],"author":[{"embeddable":true,"href":"https:\/\/izglitiba.valmierasnovads.lv\/buratino\/wp-json\/wp\/v2\/users\/24"}],"replies":[{"embeddable":true,"href":"https:\/\/izglitiba.valmierasnovads.lv\/buratino\/wp-json\/wp\/v2\/comments?post=615"}],"version-history":[{"count":9,"href":"https:\/\/izglitiba.valmierasnovads.lv\/buratino\/wp-json\/wp\/v2\/pages\/615\/revisions"}],"predecessor-version":[{"id":993,"href":"https:\/\/izglitiba.valmierasnovads.lv\/buratino\/wp-json\/wp\/v2\/pages\/615\/revisions\/993"}],"wp:attachment":[{"href":"https:\/\/izglitiba.valmierasnovads.lv\/buratino\/wp-json\/wp\/v2\/media?parent=615"}],"curies":[{"name":"wp","href":"https:\/\/api.w.org\/{rel}","templated":true}]}}