{"id":135,"date":"2025-11-14T14:41:22","date_gmt":"2025-11-14T12:41:22","guid":{"rendered":"https:\/\/izglitiba.valmierasnovads.lv\/burtins\/?page_id=135"},"modified":"2026-04-22T10:47:27","modified_gmt":"2026-04-22T07:47:27","slug":"vesture","status":"publish","type":"page","link":"https:\/\/izglitiba.valmierasnovads.lv\/burtins\/vesture\/","title":{"rendered":"V\u0113sture"},"content":{"rendered":"\n<p class=\"has-medium-font-size\"><strong>PAR<\/strong><\/p>\n\n\n\n<p>Valmiermui\u017eas pirmsskolas izgl\u012bt\u012bbas iest\u0101de &#8220;Burti\u0146\u0161&#8221; ir moderna un piepras\u012bta pirmsskolas izgl\u012bt\u012bbas iest\u0101de Valmieras novad\u0101. M\u016bsu m\u0101jas ir vieta, kur b\u0113rna izaugsme cie\u0161i vijas ar dabu, kust\u012bbu un dro\u0161u, atbalsto\u0161u vidi.<\/p>\n\n\n\n<p class=\"has-medium-font-size\"><strong>PIRMS\u0100KUMI UN IZVEIDE<\/strong><\/p>\n\n\n\n<p>Iest\u0101des v\u0113sture aizs\u0101k\u0101s&nbsp;<strong>2014. gada 3. novembr\u012b<\/strong>, kad svin\u012bg\u0101 gaisotn\u0113 Valmiermui\u017e\u0101 tika atkl\u0101ts jaunuzceltais b\u0113rnud\u0101rzs. Jau pirmaj\u0101 darb\u012bbas dien\u0101 mast\u0101 tika pacelts Latvijas karogs un iest\u0101de uz\u0146\u0113ma pirmos izgl\u012btojamos.<\/p>\n\n\n\n<p>S\u0101kotn\u0113ji b\u0113rnud\u0101rzs durvis v\u0113ra k\u0101 piecu grupu iest\u0101de 84 b\u0113rniem un 32 darbiniekiem. Kop\u0161 pirms\u0101kumiem &#8220;Burti\u0146a&#8221; filozofija balst\u012bta uz &#8220;za\u013co&#8221; dz\u012bvesveidu, dabu un kust\u012bbu prieku. Viens no iest\u0101des unik\u0101lajiem aspektiem ir peldbaseina pieejam\u012bba un m\u0113r\u0137tiec\u012bga peld\u0113tapm\u0101c\u012bba jau no mazotnes.<\/p>\n\n\n\n<p class=\"has-medium-font-size\"><strong>ATT\u012aST\u012aBA UN KAPACIT\u0100TE<\/strong><\/p>\n\n\n\n<p>Atsaucoties uz lielo piepras\u012bjumu, 3 gadus p\u0113c iest\u0101des atkl\u0101\u0161anas tika realiz\u0113ta otr\u0101 b\u016bvniec\u012bbas k\u0101rta, papla\u0161inot telpas un palielinot grupu skaitu. \u0160obr\u012bd iest\u0101d\u0113 darbojas&nbsp;9 grupas, nodro\u0161inot m\u016bsdien\u012bgu m\u0101c\u012bbu vidi un pilnv\u0113rt\u012bgu apr\u016bpi 208 izgl\u012btojamiem. Katrai grupai nosaukum\u0101 ir savs burti\u0146\u0161 \u2013 A, B, C, D pirm\u0101 st\u0101va grupi\u0146\u0101m un E, F, G, H, I otr\u0101 st\u0101va grupi\u0146\u0101m.<\/p>\n\n\n\n<p>M\u016bsdien\u012bg\u0101 infrastrukt\u016bra un pakalpojumu kl\u0101sts ietver:<\/p>\n\n\n\n<ul class=\"wp-block-list\">\n<li><strong>peldbaseinu \u2013 <\/strong>taj\u0101 peld\u0113tapm\u0101c\u012bbu apg\u016bst b\u0113rni jau no 1,5 gadu vecuma;<\/li>\n\n\n\n<li><strong>vispus\u012bgu atbalsta komandu \u2013 <\/strong>iest\u0101d\u0113 str\u0101d\u0101 logop\u0113ds, speci\u0101lais pedagogs,&nbsp;soci\u0101lais pedagogs&nbsp;un psihologs, nodro\u0161inot individu\u0101lu pieeju katra b\u0113rna vajadz\u012bb\u0101m;<\/li>\n\n\n\n<li><strong>labiek\u0101rtotu \u0101ra vidi \u2013 <\/strong>t\u0101 un tuv\u0101k\u0101 apk\u0101rtne kalpo k\u0101 pilnv\u0113rt\u012bga telpa m\u0101c\u012bbu un fiziskaj\u0101m aktivit\u0101t\u0113m br\u012bv\u0101 dab\u0101.<\/li>\n<\/ul>\n\n\n\n<p class=\"has-medium-font-size\"><strong>FILOZOFIJA UN TRAD\u012aCIJAS<\/strong><\/p>\n\n\n\n<p>&#8220;Burti\u0146\u0161&#8221; nav tikai \u0113ka \u2013 t\u0101 ir vide ar savu pozit\u012bv\u0101s dom\u0101\u0161anas formulu. M\u0113s pozicion\u0113jam sevi k\u0101 &#8220;kust\u012bgu&#8221; pirmsskolu un ticam, ka m\u0101c\u012b\u0161an\u0101s caur rota\u013cu un kust\u012bbu ir veiksm\u012bgas att\u012bst\u012bbas pamats. Atrodoties v\u0113sturiskaj\u0101 Valmiermui\u017eas apkaim\u0113, m\u0113s kopjam lok\u0101lpatriotismu un svinam sv\u0113tkus, godinot m\u016bsu tautas trad\u012bcijas. 2024. gada novembr\u012b iest\u0101de ar kr\u0101\u0161\u0146u sv\u0113tku g\u0101jienu atz\u012bm\u0113ja savu&nbsp;10 gadu jubileju, atskatoties uz desmitgad\u0113 paveikto un turpinot augt kop\u0101 ar saviem izgl\u012btojamiem.<\/p>\n\n\n\n<p><em>Valmiermui\u017eas pirmsskolas izgl\u012bt\u012bbas iest\u0101dei \u201cBurti\u0146\u0161\u201d ir sava himna, logo un karogs, kas ikdien\u0101 lepni pl\u012bv mast\u0101 blakus Latvijas un Valmieras novada karogiem.<\/em><\/p>\n\n\n\n<p><\/p>\n","protected":false},"excerpt":{"rendered":"<p>PAR Valmiermui\u017eas pirmsskolas izgl\u012bt\u012bbas iest\u0101de &#8220;Burti\u0146\u0161&#8221; ir moderna un piepras\u012bta pirmsskolas izgl\u012bt\u012bbas iest\u0101de Valmieras novad\u0101. M\u016bsu m\u0101jas ir vieta, kur [&hellip;]<\/p>\n","protected":false},"author":18,"featured_media":0,"parent":0,"menu_order":0,"comment_status":"closed","ping_status":"closed","template":"","meta":{"_acf_changed":false,"site-sidebar-layout":"default","site-content-layout":"","ast-site-content-layout":"default","site-content-style":"default","site-sidebar-style":"default","ast-global-header-display":"","ast-banner-title-visibility":"","ast-main-header-display":"","ast-hfb-above-header-display":"","ast-hfb-below-header-display":"","ast-hfb-mobile-header-display":"","site-post-title":"","ast-breadcrumbs-content":"","ast-featured-img":"","footer-sml-layout":"","ast-disable-related-posts":"","theme-transparent-header-meta":"","adv-header-id-meta":"","stick-header-meta":"","header-above-stick-meta":"","header-main-stick-meta":"","header-below-stick-meta":"","astra-migrate-meta-layouts":"default","ast-page-background-enabled":"default","ast-page-background-meta":{"desktop":{"background-color":"var(--ast-global-color-5)","background-image":"","background-repeat":"repeat","background-position":"center center","background-size":"auto","background-attachment":"scroll","background-type":"","background-media":"","overlay-type":"","overlay-color":"","overlay-opacity":"","overlay-gradient":""},"tablet":{"background-color":"","background-image":"","background-repeat":"repeat","background-position":"center center","background-size":"auto","background-attachment":"scroll","background-type":"","background-media":"","overlay-type":"","overlay-color":"","overlay-opacity":"","overlay-gradient":""},"mobile":{"background-color":"","background-image":"","background-repeat":"repeat","background-position":"center center","background-size":"auto","background-attachment":"scroll","background-type":"","background-media":"","overlay-type":"","overlay-color":"","overlay-opacity":"","overlay-gradient":""}},"ast-content-background-meta":{"desktop":{"background-color":"var(--ast-global-color-4)","background-image":"","background-repeat":"repeat","background-position":"center center","background-size":"auto","background-attachment":"scroll","background-type":"","background-media":"","overlay-type":"","overlay-color":"","overlay-opacity":"","overlay-gradient":""},"tablet":{"background-color":"var(--ast-global-color-4)","background-image":"","background-repeat":"repeat","background-position":"center center","background-size":"auto","background-attachment":"scroll","background-type":"","background-media":"","overlay-type":"","overlay-color":"","overlay-opacity":"","overlay-gradient":""},"mobile":{"background-color":"var(--ast-global-color-4)","background-image":"","background-repeat":"repeat","background-position":"center center","background-size":"auto","background-attachment":"scroll","background-type":"","background-media":"","overlay-type":"","overlay-color":"","overlay-opacity":"","overlay-gradient":""}},"footnotes":""},"class_list":["post-135","page","type-page","status-publish","hentry"],"acf":[],"yoast_head":"<!-- This site is optimized with the Yoast SEO plugin v27.0 - https:\/\/yoast.com\/product\/yoast-seo-wordpress\/ -->\n<title>V\u0113sture - Valmiermui\u017eas pirmsskolas izgl\u012bt\u012bbas iest\u0101de \u201cBurti\u0146\u0161\u201d<\/title>\n<meta name=\"robots\" content=\"index, follow, max-snippet:-1, max-image-preview:large, max-video-preview:-1\" \/>\n<link rel=\"canonical\" href=\"https:\/\/izglitiba.valmierasnovads.lv\/burtins\/vesture\/\" \/>\n<meta property=\"og:locale\" content=\"lv_LV\" \/>\n<meta property=\"og:type\" content=\"article\" \/>\n<meta property=\"og:title\" content=\"V\u0113sture - Valmiermui\u017eas pirmsskolas izgl\u012bt\u012bbas iest\u0101de \u201cBurti\u0146\u0161\u201d\" \/>\n<meta property=\"og:description\" content=\"PAR Valmiermui\u017eas pirmsskolas izgl\u012bt\u012bbas iest\u0101de &#8220;Burti\u0146\u0161&#8221; ir moderna un piepras\u012bta pirmsskolas izgl\u012bt\u012bbas iest\u0101de Valmieras novad\u0101. M\u016bsu m\u0101jas ir vieta, kur [&hellip;]\" \/>\n<meta property=\"og:url\" content=\"https:\/\/izglitiba.valmierasnovads.lv\/burtins\/vesture\/\" \/>\n<meta property=\"og:site_name\" content=\"Valmiermui\u017eas pirmsskolas izgl\u012bt\u012bbas iest\u0101de \u201cBurti\u0146\u0161\u201d\" \/>\n<meta property=\"article:modified_time\" content=\"2026-04-22T07:47:27+00:00\" \/>\n<meta name=\"twitter:card\" content=\"summary_large_image\" \/>\n<meta name=\"twitter:label1\" content=\"Est. reading time\" \/>\n\t<meta name=\"twitter:data1\" content=\"2 min\u016btes\" \/>\n<script type=\"application\/ld+json\" class=\"yoast-schema-graph\">{\"@context\":\"https:\/\/schema.org\",\"@graph\":[{\"@type\":\"WebPage\",\"@id\":\"https:\/\/izglitiba.valmierasnovads.lv\/burtins\/vesture\/\",\"url\":\"https:\/\/izglitiba.valmierasnovads.lv\/burtins\/vesture\/\",\"name\":\"V\u0113sture - Valmiermui\u017eas pirmsskolas izgl\u012bt\u012bbas iest\u0101de \u201cBurti\u0146\u0161\u201d\",\"isPartOf\":{\"@id\":\"https:\/\/izglitiba.valmierasnovads.lv\/burtins\/#website\"},\"datePublished\":\"2025-11-14T12:41:22+00:00\",\"dateModified\":\"2026-04-22T07:47:27+00:00\",\"breadcrumb\":{\"@id\":\"https:\/\/izglitiba.valmierasnovads.lv\/burtins\/vesture\/#breadcrumb\"},\"inLanguage\":\"lv-LV\",\"potentialAction\":[{\"@type\":\"ReadAction\",\"target\":[\"https:\/\/izglitiba.valmierasnovads.lv\/burtins\/vesture\/\"]}]},{\"@type\":\"BreadcrumbList\",\"@id\":\"https:\/\/izglitiba.valmierasnovads.lv\/burtins\/vesture\/#breadcrumb\",\"itemListElement\":[{\"@type\":\"ListItem\",\"position\":1,\"name\":\"Home\",\"item\":\"https:\/\/izglitiba.valmierasnovads.lv\/burtins\/\"},{\"@type\":\"ListItem\",\"position\":2,\"name\":\"V\u0113sture\"}]},{\"@type\":\"WebSite\",\"@id\":\"https:\/\/izglitiba.valmierasnovads.lv\/burtins\/#website\",\"url\":\"https:\/\/izglitiba.valmierasnovads.lv\/burtins\/\",\"name\":\"Valmiermui\u017eas pirmsskolas izgl\u012bt\u012bbas iest\u0101de \u201cBurti\u0146\u0161\u201d\",\"description\":\"\",\"publisher\":{\"@id\":\"https:\/\/izglitiba.valmierasnovads.lv\/burtins\/#organization\"},\"potentialAction\":[{\"@type\":\"SearchAction\",\"target\":{\"@type\":\"EntryPoint\",\"urlTemplate\":\"https:\/\/izglitiba.valmierasnovads.lv\/burtins\/?s={search_term_string}\"},\"query-input\":{\"@type\":\"PropertyValueSpecification\",\"valueRequired\":true,\"valueName\":\"search_term_string\"}}],\"inLanguage\":\"lv-LV\"},{\"@type\":\"Organization\",\"@id\":\"https:\/\/izglitiba.valmierasnovads.lv\/burtins\/#organization\",\"name\":\"Valmiermui\u017eas pirmsskolas izgl\u012bt\u012bbas iest\u0101de \u201cBurti\u0146\u0161\u201d\",\"url\":\"https:\/\/izglitiba.valmierasnovads.lv\/burtins\/\",\"logo\":{\"@type\":\"ImageObject\",\"inLanguage\":\"lv-LV\",\"@id\":\"https:\/\/izglitiba.valmierasnovads.lv\/burtins\/#\/schema\/logo\/image\/\",\"url\":\"https:\/\/izglitiba.valmierasnovads.lv\/burtins\/wp-content\/uploads\/sites\/17\/2026\/03\/cropped-Pirmsskolas-izglitibas-iestades-ar-pasu-logo-1-scaled-1.png\",\"contentUrl\":\"https:\/\/izglitiba.valmierasnovads.lv\/burtins\/wp-content\/uploads\/sites\/17\/2026\/03\/cropped-Pirmsskolas-izglitibas-iestades-ar-pasu-logo-1-scaled-1.png\",\"width\":1542,\"height\":404,\"caption\":\"Valmiermui\u017eas pirmsskolas izgl\u012bt\u012bbas iest\u0101de \u201cBurti\u0146\u0161\u201d\"},\"image\":{\"@id\":\"https:\/\/izglitiba.valmierasnovads.lv\/burtins\/#\/schema\/logo\/image\/\"}}]}<\/script>\n<!-- \/ Yoast SEO plugin. -->","yoast_head_json":{"title":"V\u0113sture - Valmiermui\u017eas pirmsskolas izgl\u012bt\u012bbas iest\u0101de \u201cBurti\u0146\u0161\u201d","robots":{"index":"index","follow":"follow","max-snippet":"max-snippet:-1","max-image-preview":"max-image-preview:large","max-video-preview":"max-video-preview:-1"},"canonical":"https:\/\/izglitiba.valmierasnovads.lv\/burtins\/vesture\/","og_locale":"lv_LV","og_type":"article","og_title":"V\u0113sture - Valmiermui\u017eas pirmsskolas izgl\u012bt\u012bbas iest\u0101de \u201cBurti\u0146\u0161\u201d","og_description":"PAR Valmiermui\u017eas pirmsskolas izgl\u012bt\u012bbas iest\u0101de &#8220;Burti\u0146\u0161&#8221; ir moderna un piepras\u012bta pirmsskolas izgl\u012bt\u012bbas iest\u0101de Valmieras novad\u0101. M\u016bsu m\u0101jas ir vieta, kur [&hellip;]","og_url":"https:\/\/izglitiba.valmierasnovads.lv\/burtins\/vesture\/","og_site_name":"Valmiermui\u017eas pirmsskolas izgl\u012bt\u012bbas iest\u0101de \u201cBurti\u0146\u0161\u201d","article_modified_time":"2026-04-22T07:47:27+00:00","twitter_card":"summary_large_image","twitter_misc":{"Est. reading time":"2 min\u016btes"},"schema":{"@context":"https:\/\/schema.org","@graph":[{"@type":"WebPage","@id":"https:\/\/izglitiba.valmierasnovads.lv\/burtins\/vesture\/","url":"https:\/\/izglitiba.valmierasnovads.lv\/burtins\/vesture\/","name":"V\u0113sture - Valmiermui\u017eas pirmsskolas izgl\u012bt\u012bbas iest\u0101de \u201cBurti\u0146\u0161\u201d","isPartOf":{"@id":"https:\/\/izglitiba.valmierasnovads.lv\/burtins\/#website"},"datePublished":"2025-11-14T12:41:22+00:00","dateModified":"2026-04-22T07:47:27+00:00","breadcrumb":{"@id":"https:\/\/izglitiba.valmierasnovads.lv\/burtins\/vesture\/#breadcrumb"},"inLanguage":"lv-LV","potentialAction":[{"@type":"ReadAction","target":["https:\/\/izglitiba.valmierasnovads.lv\/burtins\/vesture\/"]}]},{"@type":"BreadcrumbList","@id":"https:\/\/izglitiba.valmierasnovads.lv\/burtins\/vesture\/#breadcrumb","itemListElement":[{"@type":"ListItem","position":1,"name":"Home","item":"https:\/\/izglitiba.valmierasnovads.lv\/burtins\/"},{"@type":"ListItem","position":2,"name":"V\u0113sture"}]},{"@type":"WebSite","@id":"https:\/\/izglitiba.valmierasnovads.lv\/burtins\/#website","url":"https:\/\/izglitiba.valmierasnovads.lv\/burtins\/","name":"Valmiermui\u017eas pirmsskolas izgl\u012bt\u012bbas iest\u0101de \u201cBurti\u0146\u0161\u201d","description":"","publisher":{"@id":"https:\/\/izglitiba.valmierasnovads.lv\/burtins\/#organization"},"potentialAction":[{"@type":"SearchAction","target":{"@type":"EntryPoint","urlTemplate":"https:\/\/izglitiba.valmierasnovads.lv\/burtins\/?s={search_term_string}"},"query-input":{"@type":"PropertyValueSpecification","valueRequired":true,"valueName":"search_term_string"}}],"inLanguage":"lv-LV"},{"@type":"Organization","@id":"https:\/\/izglitiba.valmierasnovads.lv\/burtins\/#organization","name":"Valmiermui\u017eas pirmsskolas izgl\u012bt\u012bbas iest\u0101de \u201cBurti\u0146\u0161\u201d","url":"https:\/\/izglitiba.valmierasnovads.lv\/burtins\/","logo":{"@type":"ImageObject","inLanguage":"lv-LV","@id":"https:\/\/izglitiba.valmierasnovads.lv\/burtins\/#\/schema\/logo\/image\/","url":"https:\/\/izglitiba.valmierasnovads.lv\/burtins\/wp-content\/uploads\/sites\/17\/2026\/03\/cropped-Pirmsskolas-izglitibas-iestades-ar-pasu-logo-1-scaled-1.png","contentUrl":"https:\/\/izglitiba.valmierasnovads.lv\/burtins\/wp-content\/uploads\/sites\/17\/2026\/03\/cropped-Pirmsskolas-izglitibas-iestades-ar-pasu-logo-1-scaled-1.png","width":1542,"height":404,"caption":"Valmiermui\u017eas pirmsskolas izgl\u012bt\u012bbas iest\u0101de \u201cBurti\u0146\u0161\u201d"},"image":{"@id":"https:\/\/izglitiba.valmierasnovads.lv\/burtins\/#\/schema\/logo\/image\/"}}]}},"_links":{"self":[{"href":"https:\/\/izglitiba.valmierasnovads.lv\/burtins\/wp-json\/wp\/v2\/pages\/135","targetHints":{"allow":["GET"]}}],"collection":[{"href":"https:\/\/izglitiba.valmierasnovads.lv\/burtins\/wp-json\/wp\/v2\/pages"}],"about":[{"href":"https:\/\/izglitiba.valmierasnovads.lv\/burtins\/wp-json\/wp\/v2\/types\/page"}],"author":[{"embeddable":true,"href":"https:\/\/izglitiba.valmierasnovads.lv\/burtins\/wp-json\/wp\/v2\/users\/18"}],"replies":[{"embeddable":true,"href":"https:\/\/izglitiba.valmierasnovads.lv\/burtins\/wp-json\/wp\/v2\/comments?post=135"}],"version-history":[{"count":3,"href":"https:\/\/izglitiba.valmierasnovads.lv\/burtins\/wp-json\/wp\/v2\/pages\/135\/revisions"}],"predecessor-version":[{"id":545,"href":"https:\/\/izglitiba.valmierasnovads.lv\/burtins\/wp-json\/wp\/v2\/pages\/135\/revisions\/545"}],"wp:attachment":[{"href":"https:\/\/izglitiba.valmierasnovads.lv\/burtins\/wp-json\/wp\/v2\/media?parent=135"}],"curies":[{"name":"wp","href":"https:\/\/api.w.org\/{rel}","templated":true}]}}