{"id":171,"date":"2026-03-25T11:24:44","date_gmt":"2026-03-25T09:24:44","guid":{"rendered":"https:\/\/izglitiba.valmierasnovads.lv\/dikluskola\/?post_type=quote&#038;p=171"},"modified":"2026-03-25T11:50:17","modified_gmt":"2026-03-25T09:50:17","slug":"pasaki-man-un-es-aizmirsisu-lemaci-man-un-es-atceresos-lesaisti-mani-un-es-iemacisos","status":"publish","type":"quote","link":"https:\/\/izglitiba.valmierasnovads.lv\/dikluskola\/quote\/pasaki-man-un-es-aizmirsisu-lemaci-man-un-es-atceresos-lesaisti-mani-un-es-iemacisos\/","title":{"rendered":"Pasaki man un es aizmirs\u012b\u0161u. lem\u0101ci man un es atcer\u0113\u0161os.lesaisti mani un es iem\u0101c\u012b\u0161os."},"content":{"rendered":"\n<p>Pasaki man un es aizmirs\u012b\u0161u. lem\u0101ci man un es atcer\u0113\u0161os.lesaisti mani un es iem\u0101c\u012b\u0161os.<\/p>\n\n\n\n<p><\/p>\n","protected":false},"featured_media":0,"template":"","meta":{"_acf_changed":false,"site-sidebar-layout":"default","site-content-layout":"","ast-site-content-layout":"default","site-content-style":"default","site-sidebar-style":"default","ast-global-header-display":"","ast-banner-title-visibility":"","ast-main-header-display":"","ast-hfb-above-header-display":"","ast-hfb-below-header-display":"","ast-hfb-mobile-header-display":"","site-post-title":"","ast-breadcrumbs-content":"","ast-featured-img":"","footer-sml-layout":"","ast-disable-related-posts":"","theme-transparent-header-meta":"","adv-header-id-meta":"","stick-header-meta":"","header-above-stick-meta":"","header-main-stick-meta":"","header-below-stick-meta":"","astra-migrate-meta-layouts":"default","ast-page-background-enabled":"default","ast-page-background-meta":{"desktop":{"background-color":"var(--ast-global-color-5)","background-image":"","background-repeat":"repeat","background-position":"center center","background-size":"auto","background-attachment":"scroll","background-type":"","background-media":"","overlay-type":"","overlay-color":"","overlay-opacity":"","overlay-gradient":""},"tablet":{"background-color":"","background-image":"","background-repeat":"repeat","background-position":"center center","background-size":"auto","background-attachment":"scroll","background-type":"","background-media":"","overlay-type":"","overlay-color":"","overlay-opacity":"","overlay-gradient":""},"mobile":{"background-color":"","background-image":"","background-repeat":"repeat","background-position":"center center","background-size":"auto","background-attachment":"scroll","background-type":"","background-media":"","overlay-type":"","overlay-color":"","overlay-opacity":"","overlay-gradient":""}},"ast-content-background-meta":{"desktop":{"background-color":"var(--ast-global-color-4)","background-image":"","background-repeat":"repeat","background-position":"center center","background-size":"auto","background-attachment":"scroll","background-type":"","background-media":"","overlay-type":"","overlay-color":"","overlay-opacity":"","overlay-gradient":""},"tablet":{"background-color":"var(--ast-global-color-4)","background-image":"","background-repeat":"repeat","background-position":"center center","background-size":"auto","background-attachment":"scroll","background-type":"","background-media":"","overlay-type":"","overlay-color":"","overlay-opacity":"","overlay-gradient":""},"mobile":{"background-color":"var(--ast-global-color-4)","background-image":"","background-repeat":"repeat","background-position":"center center","background-size":"auto","background-attachment":"scroll","background-type":"","background-media":"","overlay-type":"","overlay-color":"","overlay-opacity":"","overlay-gradient":""}}},"class_list":["post-171","quote","type-quote","status-publish","hentry"],"acf":[],"yoast_head":"<!-- This site is optimized with the Yoast SEO plugin v27.0 - https:\/\/yoast.com\/product\/yoast-seo-wordpress\/ -->\n<title>Pasaki man un es aizmirs\u012b\u0161u. lem\u0101ci man un es atcer\u0113\u0161os.lesaisti mani un es iem\u0101c\u012b\u0161os. - Jura Neikena Dik\u013cu pamatskola<\/title>\n<meta name=\"robots\" content=\"index, follow, max-snippet:-1, max-image-preview:large, max-video-preview:-1\" \/>\n<link rel=\"canonical\" href=\"https:\/\/izglitiba.valmierasnovads.lv\/dikluskola\/quote\/pasaki-man-un-es-aizmirsisu-lemaci-man-un-es-atceresos-lesaisti-mani-un-es-iemacisos\/\" \/>\n<meta property=\"og:locale\" content=\"lv_LV\" \/>\n<meta property=\"og:type\" content=\"article\" \/>\n<meta property=\"og:title\" content=\"Pasaki man un es aizmirs\u012b\u0161u. lem\u0101ci man un es atcer\u0113\u0161os.lesaisti mani un es iem\u0101c\u012b\u0161os. - Jura Neikena Dik\u013cu pamatskola\" \/>\n<meta property=\"og:description\" content=\"Pasaki man un es aizmirs\u012b\u0161u. lem\u0101ci man un es atcer\u0113\u0161os.lesaisti mani un es iem\u0101c\u012b\u0161os.\" \/>\n<meta property=\"og:url\" content=\"https:\/\/izglitiba.valmierasnovads.lv\/dikluskola\/quote\/pasaki-man-un-es-aizmirsisu-lemaci-man-un-es-atceresos-lesaisti-mani-un-es-iemacisos\/\" \/>\n<meta property=\"og:site_name\" content=\"Jura Neikena Dik\u013cu pamatskola\" \/>\n<meta property=\"article:modified_time\" content=\"2026-03-25T09:50:17+00:00\" \/>\n<meta name=\"twitter:card\" content=\"summary_large_image\" \/>\n<meta name=\"twitter:label1\" content=\"Est. reading time\" \/>\n\t<meta name=\"twitter:data1\" content=\"1 min\u016bte\" \/>\n<script type=\"application\/ld+json\" class=\"yoast-schema-graph\">{\"@context\":\"https:\/\/schema.org\",\"@graph\":[{\"@type\":\"WebPage\",\"@id\":\"https:\/\/izglitiba.valmierasnovads.lv\/dikluskola\/quote\/pasaki-man-un-es-aizmirsisu-lemaci-man-un-es-atceresos-lesaisti-mani-un-es-iemacisos\/\",\"url\":\"https:\/\/izglitiba.valmierasnovads.lv\/dikluskola\/quote\/pasaki-man-un-es-aizmirsisu-lemaci-man-un-es-atceresos-lesaisti-mani-un-es-iemacisos\/\",\"name\":\"Pasaki man un es aizmirs\u012b\u0161u. lem\u0101ci man un es atcer\u0113\u0161os.lesaisti mani un es iem\u0101c\u012b\u0161os. - Jura Neikena Dik\u013cu pamatskola\",\"isPartOf\":{\"@id\":\"https:\/\/izglitiba.valmierasnovads.lv\/dikluskola\/#website\"},\"datePublished\":\"2026-03-25T09:24:44+00:00\",\"dateModified\":\"2026-03-25T09:50:17+00:00\",\"breadcrumb\":{\"@id\":\"https:\/\/izglitiba.valmierasnovads.lv\/dikluskola\/quote\/pasaki-man-un-es-aizmirsisu-lemaci-man-un-es-atceresos-lesaisti-mani-un-es-iemacisos\/#breadcrumb\"},\"inLanguage\":\"lv-LV\",\"potentialAction\":[{\"@type\":\"ReadAction\",\"target\":[\"https:\/\/izglitiba.valmierasnovads.lv\/dikluskola\/quote\/pasaki-man-un-es-aizmirsisu-lemaci-man-un-es-atceresos-lesaisti-mani-un-es-iemacisos\/\"]}]},{\"@type\":\"BreadcrumbList\",\"@id\":\"https:\/\/izglitiba.valmierasnovads.lv\/dikluskola\/quote\/pasaki-man-un-es-aizmirsisu-lemaci-man-un-es-atceresos-lesaisti-mani-un-es-iemacisos\/#breadcrumb\",\"itemListElement\":[{\"@type\":\"ListItem\",\"position\":1,\"name\":\"Home\",\"item\":\"https:\/\/izglitiba.valmierasnovads.lv\/dikluskola\/\"},{\"@type\":\"ListItem\",\"position\":2,\"name\":\"Pasaki man un es aizmirs\u012b\u0161u. lem\u0101ci man un es atcer\u0113\u0161os.lesaisti mani un es iem\u0101c\u012b\u0161os.\"}]},{\"@type\":\"WebSite\",\"@id\":\"https:\/\/izglitiba.valmierasnovads.lv\/dikluskola\/#website\",\"url\":\"https:\/\/izglitiba.valmierasnovads.lv\/dikluskola\/\",\"name\":\"Jura Neikena Dik\u013cu pamatskola\",\"description\":\"\",\"publisher\":{\"@id\":\"https:\/\/izglitiba.valmierasnovads.lv\/dikluskola\/#organization\"},\"potentialAction\":[{\"@type\":\"SearchAction\",\"target\":{\"@type\":\"EntryPoint\",\"urlTemplate\":\"https:\/\/izglitiba.valmierasnovads.lv\/dikluskola\/?s={search_term_string}\"},\"query-input\":{\"@type\":\"PropertyValueSpecification\",\"valueRequired\":true,\"valueName\":\"search_term_string\"}}],\"inLanguage\":\"lv-LV\"},{\"@type\":\"Organization\",\"@id\":\"https:\/\/izglitiba.valmierasnovads.lv\/dikluskola\/#organization\",\"name\":\"Jura Neikena Dik\u013cu pamatskola\",\"url\":\"https:\/\/izglitiba.valmierasnovads.lv\/dikluskola\/\",\"logo\":{\"@type\":\"ImageObject\",\"inLanguage\":\"lv-LV\",\"@id\":\"https:\/\/izglitiba.valmierasnovads.lv\/dikluskola\/#\/schema\/logo\/image\/\",\"url\":\"https:\/\/izglitiba.valmierasnovads.lv\/dikluskola\/wp-content\/uploads\/sites\/30\/2026\/03\/cropped-Komplekta-ar-pasu-logo-13-scaled-1.png\",\"contentUrl\":\"https:\/\/izglitiba.valmierasnovads.lv\/dikluskola\/wp-content\/uploads\/sites\/30\/2026\/03\/cropped-Komplekta-ar-pasu-logo-13-scaled-1.png\",\"width\":2292,\"height\":405,\"caption\":\"Jura Neikena Dik\u013cu pamatskola\"},\"image\":{\"@id\":\"https:\/\/izglitiba.valmierasnovads.lv\/dikluskola\/#\/schema\/logo\/image\/\"}}]}<\/script>\n<!-- \/ Yoast SEO plugin. -->","yoast_head_json":{"title":"Pasaki man un es aizmirs\u012b\u0161u. lem\u0101ci man un es atcer\u0113\u0161os.lesaisti mani un es iem\u0101c\u012b\u0161os. - Jura Neikena Dik\u013cu pamatskola","robots":{"index":"index","follow":"follow","max-snippet":"max-snippet:-1","max-image-preview":"max-image-preview:large","max-video-preview":"max-video-preview:-1"},"canonical":"https:\/\/izglitiba.valmierasnovads.lv\/dikluskola\/quote\/pasaki-man-un-es-aizmirsisu-lemaci-man-un-es-atceresos-lesaisti-mani-un-es-iemacisos\/","og_locale":"lv_LV","og_type":"article","og_title":"Pasaki man un es aizmirs\u012b\u0161u. lem\u0101ci man un es atcer\u0113\u0161os.lesaisti mani un es iem\u0101c\u012b\u0161os. - Jura Neikena Dik\u013cu pamatskola","og_description":"Pasaki man un es aizmirs\u012b\u0161u. lem\u0101ci man un es atcer\u0113\u0161os.lesaisti mani un es iem\u0101c\u012b\u0161os.","og_url":"https:\/\/izglitiba.valmierasnovads.lv\/dikluskola\/quote\/pasaki-man-un-es-aizmirsisu-lemaci-man-un-es-atceresos-lesaisti-mani-un-es-iemacisos\/","og_site_name":"Jura Neikena Dik\u013cu pamatskola","article_modified_time":"2026-03-25T09:50:17+00:00","twitter_card":"summary_large_image","twitter_misc":{"Est. reading time":"1 min\u016bte"},"schema":{"@context":"https:\/\/schema.org","@graph":[{"@type":"WebPage","@id":"https:\/\/izglitiba.valmierasnovads.lv\/dikluskola\/quote\/pasaki-man-un-es-aizmirsisu-lemaci-man-un-es-atceresos-lesaisti-mani-un-es-iemacisos\/","url":"https:\/\/izglitiba.valmierasnovads.lv\/dikluskola\/quote\/pasaki-man-un-es-aizmirsisu-lemaci-man-un-es-atceresos-lesaisti-mani-un-es-iemacisos\/","name":"Pasaki man un es aizmirs\u012b\u0161u. lem\u0101ci man un es atcer\u0113\u0161os.lesaisti mani un es iem\u0101c\u012b\u0161os. - Jura Neikena Dik\u013cu pamatskola","isPartOf":{"@id":"https:\/\/izglitiba.valmierasnovads.lv\/dikluskola\/#website"},"datePublished":"2026-03-25T09:24:44+00:00","dateModified":"2026-03-25T09:50:17+00:00","breadcrumb":{"@id":"https:\/\/izglitiba.valmierasnovads.lv\/dikluskola\/quote\/pasaki-man-un-es-aizmirsisu-lemaci-man-un-es-atceresos-lesaisti-mani-un-es-iemacisos\/#breadcrumb"},"inLanguage":"lv-LV","potentialAction":[{"@type":"ReadAction","target":["https:\/\/izglitiba.valmierasnovads.lv\/dikluskola\/quote\/pasaki-man-un-es-aizmirsisu-lemaci-man-un-es-atceresos-lesaisti-mani-un-es-iemacisos\/"]}]},{"@type":"BreadcrumbList","@id":"https:\/\/izglitiba.valmierasnovads.lv\/dikluskola\/quote\/pasaki-man-un-es-aizmirsisu-lemaci-man-un-es-atceresos-lesaisti-mani-un-es-iemacisos\/#breadcrumb","itemListElement":[{"@type":"ListItem","position":1,"name":"Home","item":"https:\/\/izglitiba.valmierasnovads.lv\/dikluskola\/"},{"@type":"ListItem","position":2,"name":"Pasaki man un es aizmirs\u012b\u0161u. lem\u0101ci man un es atcer\u0113\u0161os.lesaisti mani un es iem\u0101c\u012b\u0161os."}]},{"@type":"WebSite","@id":"https:\/\/izglitiba.valmierasnovads.lv\/dikluskola\/#website","url":"https:\/\/izglitiba.valmierasnovads.lv\/dikluskola\/","name":"Jura Neikena Dik\u013cu pamatskola","description":"","publisher":{"@id":"https:\/\/izglitiba.valmierasnovads.lv\/dikluskola\/#organization"},"potentialAction":[{"@type":"SearchAction","target":{"@type":"EntryPoint","urlTemplate":"https:\/\/izglitiba.valmierasnovads.lv\/dikluskola\/?s={search_term_string}"},"query-input":{"@type":"PropertyValueSpecification","valueRequired":true,"valueName":"search_term_string"}}],"inLanguage":"lv-LV"},{"@type":"Organization","@id":"https:\/\/izglitiba.valmierasnovads.lv\/dikluskola\/#organization","name":"Jura Neikena Dik\u013cu pamatskola","url":"https:\/\/izglitiba.valmierasnovads.lv\/dikluskola\/","logo":{"@type":"ImageObject","inLanguage":"lv-LV","@id":"https:\/\/izglitiba.valmierasnovads.lv\/dikluskola\/#\/schema\/logo\/image\/","url":"https:\/\/izglitiba.valmierasnovads.lv\/dikluskola\/wp-content\/uploads\/sites\/30\/2026\/03\/cropped-Komplekta-ar-pasu-logo-13-scaled-1.png","contentUrl":"https:\/\/izglitiba.valmierasnovads.lv\/dikluskola\/wp-content\/uploads\/sites\/30\/2026\/03\/cropped-Komplekta-ar-pasu-logo-13-scaled-1.png","width":2292,"height":405,"caption":"Jura Neikena Dik\u013cu pamatskola"},"image":{"@id":"https:\/\/izglitiba.valmierasnovads.lv\/dikluskola\/#\/schema\/logo\/image\/"}}]}},"_links":{"self":[{"href":"https:\/\/izglitiba.valmierasnovads.lv\/dikluskola\/wp-json\/wp\/v2\/quote\/171","targetHints":{"allow":["GET"]}}],"collection":[{"href":"https:\/\/izglitiba.valmierasnovads.lv\/dikluskola\/wp-json\/wp\/v2\/quote"}],"about":[{"href":"https:\/\/izglitiba.valmierasnovads.lv\/dikluskola\/wp-json\/wp\/v2\/types\/quote"}],"wp:attachment":[{"href":"https:\/\/izglitiba.valmierasnovads.lv\/dikluskola\/wp-json\/wp\/v2\/media?parent=171"}],"curies":[{"name":"wp","href":"https:\/\/api.w.org\/{rel}","templated":true}]}}

Pasaki man un es aizmirsīšu. lemāci man un es atcerēšos.lesaisti mani un es iemācīšos.

<p>Pasaki man un es aizmirsīšu. lemāci man un es atcerēšos.lesaisti mani un es iemācīšos.</p>



<p></p>

<!-- This site is optimized with the Yoast SEO plugin v27.0 - https://yoast.com/product/yoast-seo-wordpress/ -->
<title>Pasaki man un es aizmirsīšu. lemāci man un es atcerēšos.lesaisti mani un es iemācīšos. - Jura Neikena Dikļu pamatskola</title>
<meta name="robots" content="index, follow, max-snippet:-1, max-image-preview:large, max-video-preview:-1" />
<link rel="canonical" href="https://izglitiba.valmierasnovads.lv/dikluskola/quote/pasaki-man-un-es-aizmirsisu-lemaci-man-un-es-atceresos-lesaisti-mani-un-es-iemacisos/" />
<meta property="og:locale" content="lv_LV" />
<meta property="og:type" content="article" />
<meta property="og:title" content="Pasaki man un es aizmirsīšu. lemāci man un es atcerēšos.lesaisti mani un es iemācīšos. - Jura Neikena Dikļu pamatskola" />
<meta property="og:description" content="Pasaki man un es aizmirsīšu. lemāci man un es atcerēšos.lesaisti mani un es iemācīšos." />
<meta property="og:url" content="https://izglitiba.valmierasnovads.lv/dikluskola/quote/pasaki-man-un-es-aizmirsisu-lemaci-man-un-es-atceresos-lesaisti-mani-un-es-iemacisos/" />
<meta property="og:site_name" content="Jura Neikena Dikļu pamatskola" />
<meta property="article:modified_time" content="2026-03-25T09:50:17+00:00" />
<meta name="twitter:card" content="summary_large_image" />
<meta name="twitter:label1" content="Est. reading time" />
	<meta name="twitter:data1" content="1 minūte" />
<script type="application/ld+json" class="yoast-schema-graph">{"@context":"https://schema.org","@graph":[{"@type":"WebPage","@id":"https://izglitiba.valmierasnovads.lv/dikluskola/quote/pasaki-man-un-es-aizmirsisu-lemaci-man-un-es-atceresos-lesaisti-mani-un-es-iemacisos/","url":"https://izglitiba.valmierasnovads.lv/dikluskola/quote/pasaki-man-un-es-aizmirsisu-lemaci-man-un-es-atceresos-lesaisti-mani-un-es-iemacisos/","name":"Pasaki man un es aizmirsīšu. lemāci man un es atcerēšos.lesaisti mani un es iemācīšos. - Jura Neikena Dikļu pamatskola","isPartOf":{"@id":"https://izglitiba.valmierasnovads.lv/dikluskola/#website"},"datePublished":"2026-03-25T09:24:44+00:00","dateModified":"2026-03-25T09:50:17+00:00","breadcrumb":{"@id":"https://izglitiba.valmierasnovads.lv/dikluskola/quote/pasaki-man-un-es-aizmirsisu-lemaci-man-un-es-atceresos-lesaisti-mani-un-es-iemacisos/#breadcrumb"},"inLanguage":"lv-LV","potentialAction":[{"@type":"ReadAction","target":["https://izglitiba.valmierasnovads.lv/dikluskola/quote/pasaki-man-un-es-aizmirsisu-lemaci-man-un-es-atceresos-lesaisti-mani-un-es-iemacisos/"]}]},{"@type":"BreadcrumbList","@id":"https://izglitiba.valmierasnovads.lv/dikluskola/quote/pasaki-man-un-es-aizmirsisu-lemaci-man-un-es-atceresos-lesaisti-mani-un-es-iemacisos/#breadcrumb","itemListElement":[{"@type":"ListItem","position":1,"name":"Home","item":"https://izglitiba.valmierasnovads.lv/dikluskola/"},{"@type":"ListItem","position":2,"name":"Pasaki man un es aizmirsīšu. lemāci man un es atcerēšos.lesaisti mani un es iemācīšos."}]},{"@type":"WebSite","@id":"https://izglitiba.valmierasnovads.lv/dikluskola/#website","url":"https://izglitiba.valmierasnovads.lv/dikluskola/","name":"Jura Neikena Dikļu pamatskola","description":"","publisher":{"@id":"https://izglitiba.valmierasnovads.lv/dikluskola/#organization"},"potentialAction":[{"@type":"SearchAction","target":{"@type":"EntryPoint","urlTemplate":"https://izglitiba.valmierasnovads.lv/dikluskola/?s={search_term_string}"},"query-input":{"@type":"PropertyValueSpecification","valueRequired":true,"valueName":"search_term_string"}}],"inLanguage":"lv-LV"},{"@type":"Organization","@id":"https://izglitiba.valmierasnovads.lv/dikluskola/#organization","name":"Jura Neikena Dikļu pamatskola","url":"https://izglitiba.valmierasnovads.lv/dikluskola/","logo":{"@type":"ImageObject","inLanguage":"lv-LV","@id":"https://izglitiba.valmierasnovads.lv/dikluskola/#/schema/logo/image/","url":"https://izglitiba.valmierasnovads.lv/dikluskola/wp-content/uploads/sites/30/2026/03/cropped-Komplekta-ar-pasu-logo-13-scaled-1.png","contentUrl":"https://izglitiba.valmierasnovads.lv/dikluskola/wp-content/uploads/sites/30/2026/03/cropped-Komplekta-ar-pasu-logo-13-scaled-1.png","width":2292,"height":405,"caption":"Jura Neikena Dikļu pamatskola"},"image":{"@id":"https://izglitiba.valmierasnovads.lv/dikluskola/#/schema/logo/image/"}}]}</script>
<!-- / Yoast SEO plugin. -->

Pasaki man un es aizmirsīšu. lemāci man un es atcerēšos.lesaisti mani un es iemācīšos. - Jura Neikena Dikļu pamatskola

Jura Neikena Dikļu pamatskola

1 minūte
