{"id":79,"date":"2025-10-13T10:02:27","date_gmt":"2025-10-13T07:02:27","guid":{"rendered":"https:\/\/izglitiba.valmierasnovads.lv\/kracites\/?page_id=79"},"modified":"2025-12-09T12:01:32","modified_gmt":"2025-12-09T10:01:32","slug":"vesture-un-tradicijas","status":"publish","type":"page","link":"https:\/\/izglitiba.valmierasnovads.lv\/kracites\/vesture-un-tradicijas\/","title":{"rendered":"V\u0113sture un trad\u012bcijas"},"content":{"rendered":"\n<p>Valmieras PII &#8220;Kr\u0101c\u012btes&#8221;<strong> <\/strong>pirms\u0101kumi saist\u0101s ar Valmieras ugunsdz\u0113\u0161anas iek\u0101rtu r\u016bpn\u012bcu. Padomju laikos nereti liel\u0101s r\u016bpn\u012bcas saviem darbinieku b\u0113rniem nodro\u0161in\u0101ja b\u0113rnud\u0101rzu. Ar\u012b \u0161is b\u0113rnud\u0101rzs tika celts, lai r\u016bpn\u012bcas str\u0101dnieku b\u0113rniem b\u016btu pieejama pirmsskolas apr\u016bpe un izgl\u012bt\u012bba.<\/p>\n\n\n\n<ul class=\"wp-block-list\">\n<li>1970. gada 31. august\u0101 izdots Valsts pie\u0146em\u0161anas komisijas akts par Valmieras Ugunsdz\u0113\u0161anas iek\u0101rtu r\u016bpn\u012bcas b\u0113rnud\u0101rza \u2013 siles nodo\u0161anu ekspluat\u0101cij\u0101. Tika atv\u0113rta 6 grupu tipveida izgl\u012bt\u012bbas iest\u0101de.<\/li>\n\n\n\n<li>No 1991. gada izgl\u012bt\u012bbas iest\u0101de darboj\u0101s k\u0101 Valsts Valmieras Ugunsdz\u0113\u0161anas iek\u0101rtu ra\u017eo\u0161anas r\u016bpn\u012bcas \u201cLatura\u201d b\u0113rnud\u0101rzs.<\/li>\n\n\n\n<li>Ar 1995. gada 3. apr\u012bl\u012b, pamatojoties uz Valmieras pils\u0113tas domes s\u0113des protokolu Nr. 23, Valsts Valmieras Ugunsdz\u0113\u0161anas iek\u0101rtas r\u016bpn\u012bca \u201eLatura\u201d b\u0113rnud\u0101rzs \u201cKr\u0101c\u012btes\u201d tiek nodota Valmieras pils\u0113tas domei.<\/li>\n\n\n\n<li>2000. gada 1. mart\u0101, pamatojoties uz 1999. gada 26. oktobra Latvijas Republikas Ministru kabineta noteikumiem Nr. 367, b\u0113rnud\u0101rzs tiek p\u0101rd\u0113v\u0113ts par Valmieras pils\u0113tas 9. pirmsskolas izgl\u012bt\u012bbas iest\u0101di \u201cKr\u0101c\u012btes\u201d.<\/li>\n\n\n\n<li>2009. gada 10. august\u0101 ar Valmieras pils\u0113tas pa\u0161vald\u012bbas domes l\u0113mumu Nr. 471 \u201cPar Valmieras pils\u0113tas 9. pirmsskolas izgl\u012bt\u012bbas iest\u0101des \u201cKr\u0101c\u012btes\u201d reorganiz\u0101ciju\u201d, tiek apvienotas Valmieras pils\u0113tas 5. b\u0113rnud\u0101rzs \u201cV\u0101lodz\u012bte\u201d ar Valmieras pils\u0113tas 9. b\u0113rnud\u0101rzu \u201cKr\u0101c\u012btes\u201d, un iest\u0101de k\u013c\u016bst par Valmieras pils\u0113tas 5. pirmsskolas izgl\u012bt\u012bbas iest\u0101des \u201cV\u0101lodz\u012bte\u201d strukt\u016brvien\u012bbu \u201cKr\u0101c\u012btes\u201d.<\/li>\n\n\n\n<li>2022. gada 1. august\u0101 ar Valmieras novada pa\u0161vald\u012bbas domes l\u0113mumu Nr. 59 \u201cPar Valmieras pirmsskolas izgl\u012bt\u012bbas iest\u0101des \u201cV\u0101lodz\u012bte\u201d reorganiz\u0101ciju\u201d, iest\u0101de tiek reorganiz\u0113ta, un Valmieras pils\u0113tas 5. pirmsskolas izgl\u012bt\u012bbas iest\u0101des \u201cV\u0101lodz\u012bte\u201d strukt\u016brvien\u012bba \u201cKr\u0101c\u012btes\u201d k\u013c\u016bst par Valmieras pirmsskolas izgl\u012bt\u012bbas iest\u0101di \u201cKr\u0101c\u012btes\u201d.<\/li>\n<\/ul>\n\n\n\n<figure class=\"wp-block-image size-full is-resized\"><img loading=\"lazy\" decoding=\"async\" width=\"390\" height=\"339\" src=\"https:\/\/izglitiba.valmierasnovads.lv\/kracites\/wp-content\/uploads\/sites\/5\/2025\/10\/image.png\" alt=\"\" class=\"wp-image-152\" style=\"width:307px;height:auto\" srcset=\"https:\/\/izglitiba.valmierasnovads.lv\/kracites\/wp-content\/uploads\/sites\/5\/2025\/10\/image.png 390w, https:\/\/izglitiba.valmierasnovads.lv\/kracites\/wp-content\/uploads\/sites\/5\/2025\/10\/image-300x261.png 300w\" sizes=\"auto, (max-width: 390px) 100vw, 390px\" \/><\/figure>\n\n\n\n<p class=\"has-text-align-left\">Lai rad\u012btu pieder\u012bbas saj\u016btu m\u016bsu v\u0113sturiskaj\u0101m v\u0113rt\u012bb\u0101m un kult\u016brai, m\u016bsu trad\u012bcija ir kop\u012bga gadsk\u0101rtu sv\u0113tku svin\u0113\u0161ana (Lieldienas, L\u012bgo diena, M\u0101rti\u0146i, Ziemassv\u0113tki). Kop\u012bgi svinam Latvijas valsts sv\u0113tkus, Latvijas dzim\u0161anas dienu. T\u0101dej\u0101di tiek dota b\u0113rniem iesp\u0113ja iepaz\u012bt m\u016bsu tautas v\u0113sturisk\u0101s trad\u012bcijas, un b\u0113rni ieg\u016bst apzi\u0146u, cik liela ir vi\u0146u loma \u0161o trad\u012bciju saglab\u0101\u0161an\u0101 un nodo\u0161an\u0101 n\u0101kamaj\u0101m paaudz\u0113m. Pa\u0161i ievie\u0161am savas trad\u012bcijas. Organiz\u0113jam kop\u012bgus sporta sv\u0113tkus, \u0123imenes dienu, te\u0101tra dienas. M\u0101c\u012bbu gadu nosl\u0113dzam ar kop\u012bgiem D\u0101rza sv\u0113tkiem un izlaidumu. Katr\u0101 grupi\u0146\u0101 ir ar\u012b savi sv\u0113tki un trad\u012bcijas, piem\u0113ram, grupas gavi\u013cnieku sveik\u0161ana, p\u0101rg\u0101jieni kop\u0101 ar vec\u0101kiem. Kop\u012bgo sv\u0113tku pl\u0101no\u0161anas un organiz\u0113\u0161anas proces\u0101 &nbsp;tiek iesaist\u012bta visa iest\u0101des saime \u2013 gan darbinieki, gan b\u0113rni, gan b\u0113rnu vec\u0101ki. Tas satuvina kolekt\u012bvu, veicina b\u0113rnu vispus\u012bgu att\u012bst\u012bbu, papla\u0161ina b\u0113rnu redzes loku.<\/p>\n\n\n\n<figure class=\"wp-block-image size-full is-resized\"><img loading=\"lazy\" decoding=\"async\" width=\"767\" height=\"575\" src=\"https:\/\/izglitiba.valmierasnovads.lv\/kracites\/wp-content\/uploads\/sites\/5\/2025\/12\/image-1.png\" alt=\"\" class=\"wp-image-342\" style=\"width:380px;height:auto\" srcset=\"https:\/\/izglitiba.valmierasnovads.lv\/kracites\/wp-content\/uploads\/sites\/5\/2025\/12\/image-1.png 767w, https:\/\/izglitiba.valmierasnovads.lv\/kracites\/wp-content\/uploads\/sites\/5\/2025\/12\/image-1-300x225.png 300w\" sizes=\"auto, (max-width: 767px) 100vw, 767px\" \/><\/figure>\n","protected":false},"excerpt":{"rendered":"<p>Valmieras PII &#8220;Kr\u0101c\u012btes&#8221; pirms\u0101kumi saist\u0101s ar Valmieras ugunsdz\u0113\u0161anas iek\u0101rtu r\u016bpn\u012bcu. Padomju laikos nereti liel\u0101s r\u016bpn\u012bcas saviem darbinieku b\u0113rniem nodro\u0161in\u0101ja b\u0113rnud\u0101rzu. [&hellip;]<\/p>\n","protected":false},"author":49,"featured_media":0,"parent":0,"menu_order":0,"comment_status":"closed","ping_status":"closed","template":"","meta":{"_acf_changed":false,"site-sidebar-layout":"default","site-content-layout":"","ast-site-content-layout":"default","site-content-style":"default","site-sidebar-style":"default","ast-global-header-display":"","ast-banner-title-visibility":"","ast-main-header-display":"","ast-hfb-above-header-display":"","ast-hfb-below-header-display":"","ast-hfb-mobile-header-display":"","site-post-title":"","ast-breadcrumbs-content":"","ast-featured-img":"","footer-sml-layout":"","ast-disable-related-posts":"","theme-transparent-header-meta":"","adv-header-id-meta":"","stick-header-meta":"","header-above-stick-meta":"","header-main-stick-meta":"","header-below-stick-meta":"","astra-migrate-meta-layouts":"default","ast-page-background-enabled":"default","ast-page-background-meta":{"desktop":{"background-color":"var(--ast-global-color-5)","background-image":"","background-repeat":"repeat","background-position":"center center","background-size":"auto","background-attachment":"scroll","background-type":"","background-media":"","overlay-type":"","overlay-color":"","overlay-opacity":"","overlay-gradient":""},"tablet":{"background-color":"","background-image":"","background-repeat":"repeat","background-position":"center center","background-size":"auto","background-attachment":"scroll","background-type":"","background-media":"","overlay-type":"","overlay-color":"","overlay-opacity":"","overlay-gradient":""},"mobile":{"background-color":"","background-image":"","background-repeat":"repeat","background-position":"center center","background-size":"auto","background-attachment":"scroll","background-type":"","background-media":"","overlay-type":"","overlay-color":"","overlay-opacity":"","overlay-gradient":""}},"ast-content-background-meta":{"desktop":{"background-color":"var(--ast-global-color-4)","background-image":"","background-repeat":"repeat","background-position":"center center","background-size":"auto","background-attachment":"scroll","background-type":"","background-media":"","overlay-type":"","overlay-color":"","overlay-opacity":"","overlay-gradient":""},"tablet":{"background-color":"var(--ast-global-color-4)","background-image":"","background-repeat":"repeat","background-position":"center center","background-size":"auto","background-attachment":"scroll","background-type":"","background-media":"","overlay-type":"","overlay-color":"","overlay-opacity":"","overlay-gradient":""},"mobile":{"background-color":"var(--ast-global-color-4)","background-image":"","background-repeat":"repeat","background-position":"center center","background-size":"auto","background-attachment":"scroll","background-type":"","background-media":"","overlay-type":"","overlay-color":"","overlay-opacity":"","overlay-gradient":""}},"footnotes":""},"class_list":["post-79","page","type-page","status-publish","hentry"],"acf":[],"yoast_head":"<!-- This site is optimized with the Yoast SEO plugin v27.0 - https:\/\/yoast.com\/product\/yoast-seo-wordpress\/ -->\n<title>V\u0113sture un trad\u012bcijas - Valmieras pirmsskolas izgl\u012bt\u012bbas iest\u0101de \u201cKR\u0100C\u012aTES\u201d<\/title>\n<meta name=\"robots\" content=\"index, follow, max-snippet:-1, max-image-preview:large, max-video-preview:-1\" \/>\n<link rel=\"canonical\" href=\"https:\/\/izglitiba.valmierasnovads.lv\/kracites\/vesture-un-tradicijas\/\" \/>\n<meta property=\"og:locale\" content=\"lv_LV\" \/>\n<meta property=\"og:type\" content=\"article\" \/>\n<meta property=\"og:title\" content=\"V\u0113sture un trad\u012bcijas - Valmieras pirmsskolas izgl\u012bt\u012bbas iest\u0101de \u201cKR\u0100C\u012aTES\u201d\" \/>\n<meta property=\"og:description\" content=\"Valmieras PII &#8220;Kr\u0101c\u012btes&#8221; pirms\u0101kumi saist\u0101s ar Valmieras ugunsdz\u0113\u0161anas iek\u0101rtu r\u016bpn\u012bcu. Padomju laikos nereti liel\u0101s r\u016bpn\u012bcas saviem darbinieku b\u0113rniem nodro\u0161in\u0101ja b\u0113rnud\u0101rzu. [&hellip;]\" \/>\n<meta property=\"og:url\" content=\"https:\/\/izglitiba.valmierasnovads.lv\/kracites\/vesture-un-tradicijas\/\" \/>\n<meta property=\"og:site_name\" content=\"Valmieras pirmsskolas izgl\u012bt\u012bbas iest\u0101de \u201cKR\u0100C\u012aTES\u201d\" \/>\n<meta property=\"article:modified_time\" content=\"2025-12-09T10:01:32+00:00\" \/>\n<meta property=\"og:image\" content=\"https:\/\/izglitiba.valmierasnovads.lv\/kracites\/wp-content\/uploads\/sites\/5\/2025\/10\/image.png\" \/>\n\t<meta property=\"og:image:width\" content=\"390\" \/>\n\t<meta property=\"og:image:height\" content=\"339\" \/>\n\t<meta property=\"og:image:type\" content=\"image\/png\" \/>\n<meta name=\"twitter:card\" content=\"summary_large_image\" \/>\n<meta name=\"twitter:label1\" content=\"Est. reading time\" \/>\n\t<meta name=\"twitter:data1\" content=\"3 min\u016btes\" \/>\n<script type=\"application\/ld+json\" class=\"yoast-schema-graph\">{\"@context\":\"https:\/\/schema.org\",\"@graph\":[{\"@type\":\"WebPage\",\"@id\":\"https:\/\/izglitiba.valmierasnovads.lv\/kracites\/vesture-un-tradicijas\/\",\"url\":\"https:\/\/izglitiba.valmierasnovads.lv\/kracites\/vesture-un-tradicijas\/\",\"name\":\"V\u0113sture un trad\u012bcijas - Valmieras pirmsskolas izgl\u012bt\u012bbas iest\u0101de \u201cKR\u0100C\u012aTES\u201d\",\"isPartOf\":{\"@id\":\"https:\/\/izglitiba.valmierasnovads.lv\/kracites\/#website\"},\"primaryImageOfPage\":{\"@id\":\"https:\/\/izglitiba.valmierasnovads.lv\/kracites\/vesture-un-tradicijas\/#primaryimage\"},\"image\":{\"@id\":\"https:\/\/izglitiba.valmierasnovads.lv\/kracites\/vesture-un-tradicijas\/#primaryimage\"},\"thumbnailUrl\":\"https:\/\/izglitiba.valmierasnovads.lv\/kracites\/wp-content\/uploads\/sites\/5\/2025\/10\/image.png\",\"datePublished\":\"2025-10-13T07:02:27+00:00\",\"dateModified\":\"2025-12-09T10:01:32+00:00\",\"breadcrumb\":{\"@id\":\"https:\/\/izglitiba.valmierasnovads.lv\/kracites\/vesture-un-tradicijas\/#breadcrumb\"},\"inLanguage\":\"lv-LV\",\"potentialAction\":[{\"@type\":\"ReadAction\",\"target\":[\"https:\/\/izglitiba.valmierasnovads.lv\/kracites\/vesture-un-tradicijas\/\"]}]},{\"@type\":\"ImageObject\",\"inLanguage\":\"lv-LV\",\"@id\":\"https:\/\/izglitiba.valmierasnovads.lv\/kracites\/vesture-un-tradicijas\/#primaryimage\",\"url\":\"https:\/\/izglitiba.valmierasnovads.lv\/kracites\/wp-content\/uploads\/sites\/5\/2025\/10\/image.png\",\"contentUrl\":\"https:\/\/izglitiba.valmierasnovads.lv\/kracites\/wp-content\/uploads\/sites\/5\/2025\/10\/image.png\",\"width\":390,\"height\":339},{\"@type\":\"BreadcrumbList\",\"@id\":\"https:\/\/izglitiba.valmierasnovads.lv\/kracites\/vesture-un-tradicijas\/#breadcrumb\",\"itemListElement\":[{\"@type\":\"ListItem\",\"position\":1,\"name\":\"Home\",\"item\":\"https:\/\/izglitiba.valmierasnovads.lv\/kracites\/\"},{\"@type\":\"ListItem\",\"position\":2,\"name\":\"V\u0113sture un trad\u012bcijas\"}]},{\"@type\":\"WebSite\",\"@id\":\"https:\/\/izglitiba.valmierasnovads.lv\/kracites\/#website\",\"url\":\"https:\/\/izglitiba.valmierasnovads.lv\/kracites\/\",\"name\":\"Valmieras pirmsskolas izgl\u012bt\u012bbas iest\u0101de \u201cKR\u0100C\u012aTES\u201d\",\"description\":\"\",\"publisher\":{\"@id\":\"https:\/\/izglitiba.valmierasnovads.lv\/kracites\/#organization\"},\"potentialAction\":[{\"@type\":\"SearchAction\",\"target\":{\"@type\":\"EntryPoint\",\"urlTemplate\":\"https:\/\/izglitiba.valmierasnovads.lv\/kracites\/?s={search_term_string}\"},\"query-input\":{\"@type\":\"PropertyValueSpecification\",\"valueRequired\":true,\"valueName\":\"search_term_string\"}}],\"inLanguage\":\"lv-LV\"},{\"@type\":\"Organization\",\"@id\":\"https:\/\/izglitiba.valmierasnovads.lv\/kracites\/#organization\",\"name\":\"Valmieras pirmsskolas izgl\u012bt\u012bbas iest\u0101de \u201cKR\u0100C\u012aTES\u201d\",\"url\":\"https:\/\/izglitiba.valmierasnovads.lv\/kracites\/\",\"logo\":{\"@type\":\"ImageObject\",\"inLanguage\":\"lv-LV\",\"@id\":\"https:\/\/izglitiba.valmierasnovads.lv\/kracites\/#\/schema\/logo\/image\/\",\"url\":\"https:\/\/izglitiba.valmierasnovads.lv\/kracites\/wp-content\/uploads\/sites\/5\/2026\/04\/cropped-Pirmsskolas-izglitibas-iestades-ar-pasu-logo-2-scaled-1-1.png\",\"contentUrl\":\"https:\/\/izglitiba.valmierasnovads.lv\/kracites\/wp-content\/uploads\/sites\/5\/2026\/04\/cropped-Pirmsskolas-izglitibas-iestades-ar-pasu-logo-2-scaled-1-1.png\",\"width\":1389,\"height\":405,\"caption\":\"Valmieras pirmsskolas izgl\u012bt\u012bbas iest\u0101de \u201cKR\u0100C\u012aTES\u201d\"},\"image\":{\"@id\":\"https:\/\/izglitiba.valmierasnovads.lv\/kracites\/#\/schema\/logo\/image\/\"}}]}<\/script>\n<!-- \/ Yoast SEO plugin. -->","yoast_head_json":{"title":"V\u0113sture un trad\u012bcijas - Valmieras pirmsskolas izgl\u012bt\u012bbas iest\u0101de \u201cKR\u0100C\u012aTES\u201d","robots":{"index":"index","follow":"follow","max-snippet":"max-snippet:-1","max-image-preview":"max-image-preview:large","max-video-preview":"max-video-preview:-1"},"canonical":"https:\/\/izglitiba.valmierasnovads.lv\/kracites\/vesture-un-tradicijas\/","og_locale":"lv_LV","og_type":"article","og_title":"V\u0113sture un trad\u012bcijas - Valmieras pirmsskolas izgl\u012bt\u012bbas iest\u0101de \u201cKR\u0100C\u012aTES\u201d","og_description":"Valmieras PII &#8220;Kr\u0101c\u012btes&#8221; pirms\u0101kumi saist\u0101s ar Valmieras ugunsdz\u0113\u0161anas iek\u0101rtu r\u016bpn\u012bcu. Padomju laikos nereti liel\u0101s r\u016bpn\u012bcas saviem darbinieku b\u0113rniem nodro\u0161in\u0101ja b\u0113rnud\u0101rzu. [&hellip;]","og_url":"https:\/\/izglitiba.valmierasnovads.lv\/kracites\/vesture-un-tradicijas\/","og_site_name":"Valmieras pirmsskolas izgl\u012bt\u012bbas iest\u0101de \u201cKR\u0100C\u012aTES\u201d","article_modified_time":"2025-12-09T10:01:32+00:00","og_image":[{"width":390,"height":339,"url":"https:\/\/izglitiba.valmierasnovads.lv\/kracites\/wp-content\/uploads\/sites\/5\/2025\/10\/image.png","type":"image\/png"}],"twitter_card":"summary_large_image","twitter_misc":{"Est. reading time":"3 min\u016btes"},"schema":{"@context":"https:\/\/schema.org","@graph":[{"@type":"WebPage","@id":"https:\/\/izglitiba.valmierasnovads.lv\/kracites\/vesture-un-tradicijas\/","url":"https:\/\/izglitiba.valmierasnovads.lv\/kracites\/vesture-un-tradicijas\/","name":"V\u0113sture un trad\u012bcijas - Valmieras pirmsskolas izgl\u012bt\u012bbas iest\u0101de \u201cKR\u0100C\u012aTES\u201d","isPartOf":{"@id":"https:\/\/izglitiba.valmierasnovads.lv\/kracites\/#website"},"primaryImageOfPage":{"@id":"https:\/\/izglitiba.valmierasnovads.lv\/kracites\/vesture-un-tradicijas\/#primaryimage"},"image":{"@id":"https:\/\/izglitiba.valmierasnovads.lv\/kracites\/vesture-un-tradicijas\/#primaryimage"},"thumbnailUrl":"https:\/\/izglitiba.valmierasnovads.lv\/kracites\/wp-content\/uploads\/sites\/5\/2025\/10\/image.png","datePublished":"2025-10-13T07:02:27+00:00","dateModified":"2025-12-09T10:01:32+00:00","breadcrumb":{"@id":"https:\/\/izglitiba.valmierasnovads.lv\/kracites\/vesture-un-tradicijas\/#breadcrumb"},"inLanguage":"lv-LV","potentialAction":[{"@type":"ReadAction","target":["https:\/\/izglitiba.valmierasnovads.lv\/kracites\/vesture-un-tradicijas\/"]}]},{"@type":"ImageObject","inLanguage":"lv-LV","@id":"https:\/\/izglitiba.valmierasnovads.lv\/kracites\/vesture-un-tradicijas\/#primaryimage","url":"https:\/\/izglitiba.valmierasnovads.lv\/kracites\/wp-content\/uploads\/sites\/5\/2025\/10\/image.png","contentUrl":"https:\/\/izglitiba.valmierasnovads.lv\/kracites\/wp-content\/uploads\/sites\/5\/2025\/10\/image.png","width":390,"height":339},{"@type":"BreadcrumbList","@id":"https:\/\/izglitiba.valmierasnovads.lv\/kracites\/vesture-un-tradicijas\/#breadcrumb","itemListElement":[{"@type":"ListItem","position":1,"name":"Home","item":"https:\/\/izglitiba.valmierasnovads.lv\/kracites\/"},{"@type":"ListItem","position":2,"name":"V\u0113sture un trad\u012bcijas"}]},{"@type":"WebSite","@id":"https:\/\/izglitiba.valmierasnovads.lv\/kracites\/#website","url":"https:\/\/izglitiba.valmierasnovads.lv\/kracites\/","name":"Valmieras pirmsskolas izgl\u012bt\u012bbas iest\u0101de \u201cKR\u0100C\u012aTES\u201d","description":"","publisher":{"@id":"https:\/\/izglitiba.valmierasnovads.lv\/kracites\/#organization"},"potentialAction":[{"@type":"SearchAction","target":{"@type":"EntryPoint","urlTemplate":"https:\/\/izglitiba.valmierasnovads.lv\/kracites\/?s={search_term_string}"},"query-input":{"@type":"PropertyValueSpecification","valueRequired":true,"valueName":"search_term_string"}}],"inLanguage":"lv-LV"},{"@type":"Organization","@id":"https:\/\/izglitiba.valmierasnovads.lv\/kracites\/#organization","name":"Valmieras pirmsskolas izgl\u012bt\u012bbas iest\u0101de \u201cKR\u0100C\u012aTES\u201d","url":"https:\/\/izglitiba.valmierasnovads.lv\/kracites\/","logo":{"@type":"ImageObject","inLanguage":"lv-LV","@id":"https:\/\/izglitiba.valmierasnovads.lv\/kracites\/#\/schema\/logo\/image\/","url":"https:\/\/izglitiba.valmierasnovads.lv\/kracites\/wp-content\/uploads\/sites\/5\/2026\/04\/cropped-Pirmsskolas-izglitibas-iestades-ar-pasu-logo-2-scaled-1-1.png","contentUrl":"https:\/\/izglitiba.valmierasnovads.lv\/kracites\/wp-content\/uploads\/sites\/5\/2026\/04\/cropped-Pirmsskolas-izglitibas-iestades-ar-pasu-logo-2-scaled-1-1.png","width":1389,"height":405,"caption":"Valmieras pirmsskolas izgl\u012bt\u012bbas iest\u0101de \u201cKR\u0100C\u012aTES\u201d"},"image":{"@id":"https:\/\/izglitiba.valmierasnovads.lv\/kracites\/#\/schema\/logo\/image\/"}}]}},"_links":{"self":[{"href":"https:\/\/izglitiba.valmierasnovads.lv\/kracites\/wp-json\/wp\/v2\/pages\/79","targetHints":{"allow":["GET"]}}],"collection":[{"href":"https:\/\/izglitiba.valmierasnovads.lv\/kracites\/wp-json\/wp\/v2\/pages"}],"about":[{"href":"https:\/\/izglitiba.valmierasnovads.lv\/kracites\/wp-json\/wp\/v2\/types\/page"}],"author":[{"embeddable":true,"href":"https:\/\/izglitiba.valmierasnovads.lv\/kracites\/wp-json\/wp\/v2\/users\/49"}],"replies":[{"embeddable":true,"href":"https:\/\/izglitiba.valmierasnovads.lv\/kracites\/wp-json\/wp\/v2\/comments?post=79"}],"version-history":[{"count":9,"href":"https:\/\/izglitiba.valmierasnovads.lv\/kracites\/wp-json\/wp\/v2\/pages\/79\/revisions"}],"predecessor-version":[{"id":343,"href":"https:\/\/izglitiba.valmierasnovads.lv\/kracites\/wp-json\/wp\/v2\/pages\/79\/revisions\/343"}],"wp:attachment":[{"href":"https:\/\/izglitiba.valmierasnovads.lv\/kracites\/wp-json\/wp\/v2\/media?parent=79"}],"curies":[{"name":"wp","href":"https:\/\/api.w.org\/{rel}","templated":true}]}}