{"id":449,"date":"2026-03-25T11:33:58","date_gmt":"2026-03-25T09:33:58","guid":{"rendered":"https:\/\/izglitiba.valmierasnovads.lv\/matisuskola\/?page_id=449"},"modified":"2026-03-25T11:33:59","modified_gmt":"2026-03-25T09:33:59","slug":"uznemsanas-noteikumi","status":"publish","type":"page","link":"https:\/\/izglitiba.valmierasnovads.lv\/matisuskola\/uznemsanas-noteikumi\/","title":{"rendered":"*Uz\u0146em\u0161anas noteikumi"},"content":{"rendered":"","protected":false},"excerpt":{"rendered":"","protected":false},"author":1,"featured_media":0,"parent":0,"menu_order":0,"comment_status":"closed","ping_status":"closed","template":"","meta":{"_acf_changed":false,"site-sidebar-layout":"default","site-content-layout":"","ast-site-content-layout":"default","site-content-style":"default","site-sidebar-style":"default","ast-global-header-display":"","ast-banner-title-visibility":"","ast-main-header-display":"","ast-hfb-above-header-display":"","ast-hfb-below-header-display":"","ast-hfb-mobile-header-display":"","site-post-title":"","ast-breadcrumbs-content":"","ast-featured-img":"","footer-sml-layout":"","ast-disable-related-posts":"","theme-transparent-header-meta":"","adv-header-id-meta":"","stick-header-meta":"","header-above-stick-meta":"","header-main-stick-meta":"","header-below-stick-meta":"","astra-migrate-meta-layouts":"default","ast-page-background-enabled":"default","ast-page-background-meta":{"desktop":{"background-color":"var(--ast-global-color-5)","background-image":"","background-repeat":"repeat","background-position":"center center","background-size":"auto","background-attachment":"scroll","background-type":"","background-media":"","overlay-type":"","overlay-color":"","overlay-opacity":"","overlay-gradient":""},"tablet":{"background-color":"","background-image":"","background-repeat":"repeat","background-position":"center center","background-size":"auto","background-attachment":"scroll","background-type":"","background-media":"","overlay-type":"","overlay-color":"","overlay-opacity":"","overlay-gradient":""},"mobile":{"background-color":"","background-image":"","background-repeat":"repeat","background-position":"center center","background-size":"auto","background-attachment":"scroll","background-type":"","background-media":"","overlay-type":"","overlay-color":"","overlay-opacity":"","overlay-gradient":""}},"ast-content-background-meta":{"desktop":{"background-color":"var(--ast-global-color-4)","background-image":"","background-repeat":"repeat","background-position":"center center","background-size":"auto","background-attachment":"scroll","background-type":"","background-media":"","overlay-type":"","overlay-color":"","overlay-opacity":"","overlay-gradient":""},"tablet":{"background-color":"var(--ast-global-color-4)","background-image":"","background-repeat":"repeat","background-position":"center center","background-size":"auto","background-attachment":"scroll","background-type":"","background-media":"","overlay-type":"","overlay-color":"","overlay-opacity":"","overlay-gradient":""},"mobile":{"background-color":"var(--ast-global-color-4)","background-image":"","background-repeat":"repeat","background-position":"center center","background-size":"auto","background-attachment":"scroll","background-type":"","background-media":"","overlay-type":"","overlay-color":"","overlay-opacity":"","overlay-gradient":""}},"footnotes":""},"class_list":["post-449","page","type-page","status-publish","hentry"],"acf":[],"yoast_head":"<!-- This site is optimized with the Yoast SEO plugin v27.0 - https:\/\/yoast.com\/product\/yoast-seo-wordpress\/ -->\n<title>*Uz\u0146em\u0161anas noteikumi - Mat\u012b\u0161u pamatskola<\/title>\n<meta name=\"robots\" content=\"index, follow, max-snippet:-1, max-image-preview:large, max-video-preview:-1\" \/>\n<link rel=\"canonical\" href=\"https:\/\/izglitiba.valmierasnovads.lv\/matisuskola\/uznemsanas-noteikumi\/\" \/>\n<meta property=\"og:locale\" content=\"lv_LV\" \/>\n<meta property=\"og:type\" content=\"article\" \/>\n<meta property=\"og:title\" content=\"*Uz\u0146em\u0161anas noteikumi - Mat\u012b\u0161u pamatskola\" \/>\n<meta property=\"og:url\" content=\"https:\/\/izglitiba.valmierasnovads.lv\/matisuskola\/uznemsanas-noteikumi\/\" \/>\n<meta property=\"og:site_name\" content=\"Mat\u012b\u0161u pamatskola\" \/>\n<meta property=\"article:modified_time\" content=\"2026-03-25T09:33:59+00:00\" \/>\n<meta name=\"twitter:card\" content=\"summary_large_image\" \/>\n<script type=\"application\/ld+json\" class=\"yoast-schema-graph\">{\"@context\":\"https:\/\/schema.org\",\"@graph\":[{\"@type\":\"WebPage\",\"@id\":\"https:\/\/izglitiba.valmierasnovads.lv\/matisuskola\/uznemsanas-noteikumi\/\",\"url\":\"https:\/\/izglitiba.valmierasnovads.lv\/matisuskola\/uznemsanas-noteikumi\/\",\"name\":\"*Uz\u0146em\u0161anas noteikumi - Mat\u012b\u0161u pamatskola\",\"isPartOf\":{\"@id\":\"https:\/\/izglitiba.valmierasnovads.lv\/matisuskola\/#website\"},\"datePublished\":\"2026-03-25T09:33:58+00:00\",\"dateModified\":\"2026-03-25T09:33:59+00:00\",\"breadcrumb\":{\"@id\":\"https:\/\/izglitiba.valmierasnovads.lv\/matisuskola\/uznemsanas-noteikumi\/#breadcrumb\"},\"inLanguage\":\"lv-LV\",\"potentialAction\":[{\"@type\":\"ReadAction\",\"target\":[\"https:\/\/izglitiba.valmierasnovads.lv\/matisuskola\/uznemsanas-noteikumi\/\"]}]},{\"@type\":\"BreadcrumbList\",\"@id\":\"https:\/\/izglitiba.valmierasnovads.lv\/matisuskola\/uznemsanas-noteikumi\/#breadcrumb\",\"itemListElement\":[{\"@type\":\"ListItem\",\"position\":1,\"name\":\"Home\",\"item\":\"https:\/\/izglitiba.valmierasnovads.lv\/matisuskola\/\"},{\"@type\":\"ListItem\",\"position\":2,\"name\":\"*Uz\u0146em\u0161anas noteikumi\"}]},{\"@type\":\"WebSite\",\"@id\":\"https:\/\/izglitiba.valmierasnovads.lv\/matisuskola\/#website\",\"url\":\"https:\/\/izglitiba.valmierasnovads.lv\/matisuskola\/\",\"name\":\"Mat\u012b\u0161u pamatskola\",\"description\":\"\",\"publisher\":{\"@id\":\"https:\/\/izglitiba.valmierasnovads.lv\/matisuskola\/#organization\"},\"potentialAction\":[{\"@type\":\"SearchAction\",\"target\":{\"@type\":\"EntryPoint\",\"urlTemplate\":\"https:\/\/izglitiba.valmierasnovads.lv\/matisuskola\/?s={search_term_string}\"},\"query-input\":{\"@type\":\"PropertyValueSpecification\",\"valueRequired\":true,\"valueName\":\"search_term_string\"}}],\"inLanguage\":\"lv-LV\"},{\"@type\":\"Organization\",\"@id\":\"https:\/\/izglitiba.valmierasnovads.lv\/matisuskola\/#organization\",\"name\":\"Mat\u012b\u0161u pamatskola\",\"url\":\"https:\/\/izglitiba.valmierasnovads.lv\/matisuskola\/\",\"logo\":{\"@type\":\"ImageObject\",\"inLanguage\":\"lv-LV\",\"@id\":\"https:\/\/izglitiba.valmierasnovads.lv\/matisuskola\/#\/schema\/logo\/image\/\",\"url\":\"https:\/\/izglitiba.valmierasnovads.lv\/matisuskola\/wp-content\/uploads\/sites\/22\/2025\/04\/cropped-Izglitibas-iestazu-uzraksti-web_Matisu-pamatskola-05-logo-1.png\",\"contentUrl\":\"https:\/\/izglitiba.valmierasnovads.lv\/matisuskola\/wp-content\/uploads\/sites\/22\/2025\/04\/cropped-Izglitibas-iestazu-uzraksti-web_Matisu-pamatskola-05-logo-1.png\",\"width\":8143,\"height\":2637,\"caption\":\"Mat\u012b\u0161u pamatskola\"},\"image\":{\"@id\":\"https:\/\/izglitiba.valmierasnovads.lv\/matisuskola\/#\/schema\/logo\/image\/\"}}]}<\/script>\n<!-- \/ Yoast SEO plugin. -->","yoast_head_json":{"title":"*Uz\u0146em\u0161anas noteikumi - Mat\u012b\u0161u pamatskola","robots":{"index":"index","follow":"follow","max-snippet":"max-snippet:-1","max-image-preview":"max-image-preview:large","max-video-preview":"max-video-preview:-1"},"canonical":"https:\/\/izglitiba.valmierasnovads.lv\/matisuskola\/uznemsanas-noteikumi\/","og_locale":"lv_LV","og_type":"article","og_title":"*Uz\u0146em\u0161anas noteikumi - Mat\u012b\u0161u pamatskola","og_url":"https:\/\/izglitiba.valmierasnovads.lv\/matisuskola\/uznemsanas-noteikumi\/","og_site_name":"Mat\u012b\u0161u pamatskola","article_modified_time":"2026-03-25T09:33:59+00:00","twitter_card":"summary_large_image","schema":{"@context":"https:\/\/schema.org","@graph":[{"@type":"WebPage","@id":"https:\/\/izglitiba.valmierasnovads.lv\/matisuskola\/uznemsanas-noteikumi\/","url":"https:\/\/izglitiba.valmierasnovads.lv\/matisuskola\/uznemsanas-noteikumi\/","name":"*Uz\u0146em\u0161anas noteikumi - Mat\u012b\u0161u pamatskola","isPartOf":{"@id":"https:\/\/izglitiba.valmierasnovads.lv\/matisuskola\/#website"},"datePublished":"2026-03-25T09:33:58+00:00","dateModified":"2026-03-25T09:33:59+00:00","breadcrumb":{"@id":"https:\/\/izglitiba.valmierasnovads.lv\/matisuskola\/uznemsanas-noteikumi\/#breadcrumb"},"inLanguage":"lv-LV","potentialAction":[{"@type":"ReadAction","target":["https:\/\/izglitiba.valmierasnovads.lv\/matisuskola\/uznemsanas-noteikumi\/"]}]},{"@type":"BreadcrumbList","@id":"https:\/\/izglitiba.valmierasnovads.lv\/matisuskola\/uznemsanas-noteikumi\/#breadcrumb","itemListElement":[{"@type":"ListItem","position":1,"name":"Home","item":"https:\/\/izglitiba.valmierasnovads.lv\/matisuskola\/"},{"@type":"ListItem","position":2,"name":"*Uz\u0146em\u0161anas noteikumi"}]},{"@type":"WebSite","@id":"https:\/\/izglitiba.valmierasnovads.lv\/matisuskola\/#website","url":"https:\/\/izglitiba.valmierasnovads.lv\/matisuskola\/","name":"Mat\u012b\u0161u pamatskola","description":"","publisher":{"@id":"https:\/\/izglitiba.valmierasnovads.lv\/matisuskola\/#organization"},"potentialAction":[{"@type":"SearchAction","target":{"@type":"EntryPoint","urlTemplate":"https:\/\/izglitiba.valmierasnovads.lv\/matisuskola\/?s={search_term_string}"},"query-input":{"@type":"PropertyValueSpecification","valueRequired":true,"valueName":"search_term_string"}}],"inLanguage":"lv-LV"},{"@type":"Organization","@id":"https:\/\/izglitiba.valmierasnovads.lv\/matisuskola\/#organization","name":"Mat\u012b\u0161u pamatskola","url":"https:\/\/izglitiba.valmierasnovads.lv\/matisuskola\/","logo":{"@type":"ImageObject","inLanguage":"lv-LV","@id":"https:\/\/izglitiba.valmierasnovads.lv\/matisuskola\/#\/schema\/logo\/image\/","url":"https:\/\/izglitiba.valmierasnovads.lv\/matisuskola\/wp-content\/uploads\/sites\/22\/2025\/04\/cropped-Izglitibas-iestazu-uzraksti-web_Matisu-pamatskola-05-logo-1.png","contentUrl":"https:\/\/izglitiba.valmierasnovads.lv\/matisuskola\/wp-content\/uploads\/sites\/22\/2025\/04\/cropped-Izglitibas-iestazu-uzraksti-web_Matisu-pamatskola-05-logo-1.png","width":8143,"height":2637,"caption":"Mat\u012b\u0161u pamatskola"},"image":{"@id":"https:\/\/izglitiba.valmierasnovads.lv\/matisuskola\/#\/schema\/logo\/image\/"}}]}},"_links":{"self":[{"href":"https:\/\/izglitiba.valmierasnovads.lv\/matisuskola\/wp-json\/wp\/v2\/pages\/449","targetHints":{"allow":["GET"]}}],"collection":[{"href":"https:\/\/izglitiba.valmierasnovads.lv\/matisuskola\/wp-json\/wp\/v2\/pages"}],"about":[{"href":"https:\/\/izglitiba.valmierasnovads.lv\/matisuskola\/wp-json\/wp\/v2\/types\/page"}],"author":[{"embeddable":true,"href":"https:\/\/izglitiba.valmierasnovads.lv\/matisuskola\/wp-json\/wp\/v2\/users\/1"}],"replies":[{"embeddable":true,"href":"https:\/\/izglitiba.valmierasnovads.lv\/matisuskola\/wp-json\/wp\/v2\/comments?post=449"}],"version-history":[{"count":1,"href":"https:\/\/izglitiba.valmierasnovads.lv\/matisuskola\/wp-json\/wp\/v2\/pages\/449\/revisions"}],"predecessor-version":[{"id":450,"href":"https:\/\/izglitiba.valmierasnovads.lv\/matisuskola\/wp-json\/wp\/v2\/pages\/449\/revisions\/450"}],"wp:attachment":[{"href":"https:\/\/izglitiba.valmierasnovads.lv\/matisuskola\/wp-json\/wp\/v2\/media?parent=449"}],"curies":[{"name":"wp","href":"https:\/\/api.w.org\/{rel}","templated":true}]}}