{"id":152,"date":"2026-02-11T15:52:32","date_gmt":"2026-02-11T13:52:32","guid":{"rendered":"https:\/\/izglitiba.valmierasnovads.lv\/murmuizaspasacina\/?page_id=152"},"modified":"2026-03-20T15:58:06","modified_gmt":"2026-03-20T13:58:06","slug":"vesture","status":"publish","type":"page","link":"https:\/\/izglitiba.valmierasnovads.lv\/murmuizaspasacina\/vesture\/","title":{"rendered":"V\u0113sture"},"content":{"rendered":"\n<p>M\u016brmui\u017eas pirmsskolas izgl\u012bt\u012bbas iest\u0101de \u201cPasaci\u0146a\u201d atrodas pa\u0161\u0101 Valmieras piev\u0101rt\u0113, tikai 10 km no Valmieras pils\u0113tas centra, skaist\u0101 un kopt\u0101 vid\u0113 \u2013 Miegup\u012btes un Dzirnavu ezera krast\u0101. M\u016bs ieskauj M\u016brmui\u017eas parks, p\u013cavas un me\u017es, kas dod iesp\u0113ju b\u0113rniem izgl\u012btoties dabas vid\u0113. M\u016brmui\u017eas PII \u201cPasaci\u0146a\u201d v\u012bzij\u0101 ik viens b\u0113rns ir patst\u0101v\u012bgs un soci\u0101li r\u012bc\u012bbsp\u0113j\u012bgs, ar att\u012bst\u012btu drosmi dom\u0101t un r\u012bkoties.<\/p>\n\n\n\n<p>Iest\u0101de \u012bsteno visp\u0101r\u0113jo pirmsskolas izgl\u012bt\u012bbas programmu un speci\u0101l\u0101s pirmsskolas izgl\u012bt\u012bbas programmu izgl\u012btojamiem ar valodas trauc\u0113jumiem, &nbsp;nodro\u0161inot:<\/p>\n\n\n\n<ul class=\"wp-block-list\">\n<li>pirmsskolas izgl\u012bt\u012bbas programmas apguvi b\u0113rniem no 1,5 gadu vecuma;<\/li>\n\n\n\n<li>logop\u0113da nodarb\u012bbas b\u0113rniem no 4 gadu vecuma;<\/li>\n\n\n\n<li>logoritmikas nodarb\u012bbas b\u0113rniem no 3 gadu vecuma 1 reizi ned\u0113\u013c\u0101;<\/li>\n\n\n\n<li>nodarb\u012bbas pie speci\u0101l\u0101 pedagoga b\u0113rniem ar m\u0101c\u012b\u0161an\u0101s gr\u016bt\u012bb\u0101m 1 reizi ned\u0113\u013c\u0101;<\/li>\n\n\n\n<li>D\u017eimbas 11 so\u013cu dro\u0161\u012bbas programmas apguvi b\u0113rniem no 6 gadu vecuma.<\/li>\n<\/ul>\n\n\n\n<p><\/p>\n","protected":false},"excerpt":{"rendered":"<p>M\u016brmui\u017eas pirmsskolas izgl\u012bt\u012bbas iest\u0101de \u201cPasaci\u0146a\u201d atrodas pa\u0161\u0101 Valmieras piev\u0101rt\u0113, tikai 10 km no Valmieras pils\u0113tas centra, skaist\u0101 un kopt\u0101 vid\u0113 [&hellip;]<\/p>\n","protected":false},"author":70,"featured_media":0,"parent":0,"menu_order":0,"comment_status":"closed","ping_status":"closed","template":"","meta":{"_acf_changed":false,"site-sidebar-layout":"default","site-content-layout":"","ast-site-content-layout":"default","site-content-style":"default","site-sidebar-style":"default","ast-global-header-display":"","ast-banner-title-visibility":"","ast-main-header-display":"","ast-hfb-above-header-display":"","ast-hfb-below-header-display":"","ast-hfb-mobile-header-display":"","site-post-title":"","ast-breadcrumbs-content":"","ast-featured-img":"","footer-sml-layout":"","ast-disable-related-posts":"","theme-transparent-header-meta":"","adv-header-id-meta":"","stick-header-meta":"","header-above-stick-meta":"","header-main-stick-meta":"","header-below-stick-meta":"","astra-migrate-meta-layouts":"default","ast-page-background-enabled":"default","ast-page-background-meta":{"desktop":{"background-color":"var(--ast-global-color-5)","background-image":"","background-repeat":"repeat","background-position":"center center","background-size":"auto","background-attachment":"scroll","background-type":"","background-media":"","overlay-type":"","overlay-color":"","overlay-opacity":"","overlay-gradient":""},"tablet":{"background-color":"","background-image":"","background-repeat":"repeat","background-position":"center center","background-size":"auto","background-attachment":"scroll","background-type":"","background-media":"","overlay-type":"","overlay-color":"","overlay-opacity":"","overlay-gradient":""},"mobile":{"background-color":"","background-image":"","background-repeat":"repeat","background-position":"center center","background-size":"auto","background-attachment":"scroll","background-type":"","background-media":"","overlay-type":"","overlay-color":"","overlay-opacity":"","overlay-gradient":""}},"ast-content-background-meta":{"desktop":{"background-color":"var(--ast-global-color-4)","background-image":"","background-repeat":"repeat","background-position":"center center","background-size":"auto","background-attachment":"scroll","background-type":"","background-media":"","overlay-type":"","overlay-color":"","overlay-opacity":"","overlay-gradient":""},"tablet":{"background-color":"var(--ast-global-color-4)","background-image":"","background-repeat":"repeat","background-position":"center center","background-size":"auto","background-attachment":"scroll","background-type":"","background-media":"","overlay-type":"","overlay-color":"","overlay-opacity":"","overlay-gradient":""},"mobile":{"background-color":"var(--ast-global-color-4)","background-image":"","background-repeat":"repeat","background-position":"center center","background-size":"auto","background-attachment":"scroll","background-type":"","background-media":"","overlay-type":"","overlay-color":"","overlay-opacity":"","overlay-gradient":""}},"footnotes":""},"class_list":["post-152","page","type-page","status-publish","hentry"],"acf":[],"yoast_head":"<!-- This site is optimized with the Yoast SEO plugin v27.0 - https:\/\/yoast.com\/product\/yoast-seo-wordpress\/ -->\n<title>V\u0113sture - M\u016brmui\u017eas pirmsskolas izgl\u012bt\u012bbas iest\u0101de \u201cPasaci\u0146a\u201d<\/title>\n<meta name=\"robots\" content=\"index, follow, max-snippet:-1, max-image-preview:large, max-video-preview:-1\" \/>\n<link rel=\"canonical\" href=\"https:\/\/izglitiba.valmierasnovads.lv\/murmuizaspasacina\/vesture\/\" \/>\n<meta property=\"og:locale\" content=\"lv_LV\" \/>\n<meta property=\"og:type\" content=\"article\" \/>\n<meta property=\"og:title\" content=\"V\u0113sture - M\u016brmui\u017eas pirmsskolas izgl\u012bt\u012bbas iest\u0101de \u201cPasaci\u0146a\u201d\" \/>\n<meta property=\"og:description\" content=\"M\u016brmui\u017eas pirmsskolas izgl\u012bt\u012bbas iest\u0101de \u201cPasaci\u0146a\u201d atrodas pa\u0161\u0101 Valmieras piev\u0101rt\u0113, tikai 10 km no Valmieras pils\u0113tas centra, skaist\u0101 un kopt\u0101 vid\u0113 [&hellip;]\" \/>\n<meta property=\"og:url\" content=\"https:\/\/izglitiba.valmierasnovads.lv\/murmuizaspasacina\/vesture\/\" \/>\n<meta property=\"og:site_name\" content=\"M\u016brmui\u017eas pirmsskolas izgl\u012bt\u012bbas iest\u0101de \u201cPasaci\u0146a\u201d\" \/>\n<meta property=\"article:modified_time\" content=\"2026-03-20T13:58:06+00:00\" \/>\n<meta name=\"twitter:card\" content=\"summary_large_image\" \/>\n<meta name=\"twitter:label1\" content=\"Est. reading time\" \/>\n\t<meta name=\"twitter:data1\" content=\"1 min\u016bte\" \/>\n<script type=\"application\/ld+json\" class=\"yoast-schema-graph\">{\"@context\":\"https:\/\/schema.org\",\"@graph\":[{\"@type\":\"WebPage\",\"@id\":\"https:\/\/izglitiba.valmierasnovads.lv\/murmuizaspasacina\/vesture\/\",\"url\":\"https:\/\/izglitiba.valmierasnovads.lv\/murmuizaspasacina\/vesture\/\",\"name\":\"V\u0113sture - M\u016brmui\u017eas pirmsskolas izgl\u012bt\u012bbas iest\u0101de \u201cPasaci\u0146a\u201d\",\"isPartOf\":{\"@id\":\"https:\/\/izglitiba.valmierasnovads.lv\/murmuizaspasacina\/#website\"},\"datePublished\":\"2026-02-11T13:52:32+00:00\",\"dateModified\":\"2026-03-20T13:58:06+00:00\",\"breadcrumb\":{\"@id\":\"https:\/\/izglitiba.valmierasnovads.lv\/murmuizaspasacina\/vesture\/#breadcrumb\"},\"inLanguage\":\"lv-LV\",\"potentialAction\":[{\"@type\":\"ReadAction\",\"target\":[\"https:\/\/izglitiba.valmierasnovads.lv\/murmuizaspasacina\/vesture\/\"]}]},{\"@type\":\"BreadcrumbList\",\"@id\":\"https:\/\/izglitiba.valmierasnovads.lv\/murmuizaspasacina\/vesture\/#breadcrumb\",\"itemListElement\":[{\"@type\":\"ListItem\",\"position\":1,\"name\":\"Home\",\"item\":\"https:\/\/izglitiba.valmierasnovads.lv\/murmuizaspasacina\/\"},{\"@type\":\"ListItem\",\"position\":2,\"name\":\"V\u0113sture\"}]},{\"@type\":\"WebSite\",\"@id\":\"https:\/\/izglitiba.valmierasnovads.lv\/murmuizaspasacina\/#website\",\"url\":\"https:\/\/izglitiba.valmierasnovads.lv\/murmuizaspasacina\/\",\"name\":\"M\u016brmui\u017eas pirmsskolas izgl\u012bt\u012bbas iest\u0101de \u201cPasaci\u0146a\u201d\",\"description\":\"\",\"publisher\":{\"@id\":\"https:\/\/izglitiba.valmierasnovads.lv\/murmuizaspasacina\/#organization\"},\"potentialAction\":[{\"@type\":\"SearchAction\",\"target\":{\"@type\":\"EntryPoint\",\"urlTemplate\":\"https:\/\/izglitiba.valmierasnovads.lv\/murmuizaspasacina\/?s={search_term_string}\"},\"query-input\":{\"@type\":\"PropertyValueSpecification\",\"valueRequired\":true,\"valueName\":\"search_term_string\"}}],\"inLanguage\":\"lv-LV\"},{\"@type\":\"Organization\",\"@id\":\"https:\/\/izglitiba.valmierasnovads.lv\/murmuizaspasacina\/#organization\",\"name\":\"M\u016brmui\u017eas pirmsskolas izgl\u012bt\u012bbas iest\u0101de \u201cPasaci\u0146a\u201d\",\"url\":\"https:\/\/izglitiba.valmierasnovads.lv\/murmuizaspasacina\/\",\"logo\":{\"@type\":\"ImageObject\",\"inLanguage\":\"lv-LV\",\"@id\":\"https:\/\/izglitiba.valmierasnovads.lv\/murmuizaspasacina\/#\/schema\/logo\/image\/\",\"url\":\"https:\/\/izglitiba.valmierasnovads.lv\/murmuizaspasacina\/wp-content\/uploads\/sites\/6\/2026\/03\/cropped-Pirmsskolas-izglitibas-iestades-ar-pasu-logo-9-scaled-1.png\",\"contentUrl\":\"https:\/\/izglitiba.valmierasnovads.lv\/murmuizaspasacina\/wp-content\/uploads\/sites\/6\/2026\/03\/cropped-Pirmsskolas-izglitibas-iestades-ar-pasu-logo-9-scaled-1.png\",\"width\":1413,\"height\":405,\"caption\":\"M\u016brmui\u017eas pirmsskolas izgl\u012bt\u012bbas iest\u0101de \u201cPasaci\u0146a\u201d\"},\"image\":{\"@id\":\"https:\/\/izglitiba.valmierasnovads.lv\/murmuizaspasacina\/#\/schema\/logo\/image\/\"}}]}<\/script>\n<!-- \/ Yoast SEO plugin. -->","yoast_head_json":{"title":"V\u0113sture - M\u016brmui\u017eas pirmsskolas izgl\u012bt\u012bbas iest\u0101de \u201cPasaci\u0146a\u201d","robots":{"index":"index","follow":"follow","max-snippet":"max-snippet:-1","max-image-preview":"max-image-preview:large","max-video-preview":"max-video-preview:-1"},"canonical":"https:\/\/izglitiba.valmierasnovads.lv\/murmuizaspasacina\/vesture\/","og_locale":"lv_LV","og_type":"article","og_title":"V\u0113sture - M\u016brmui\u017eas pirmsskolas izgl\u012bt\u012bbas iest\u0101de \u201cPasaci\u0146a\u201d","og_description":"M\u016brmui\u017eas pirmsskolas izgl\u012bt\u012bbas iest\u0101de \u201cPasaci\u0146a\u201d atrodas pa\u0161\u0101 Valmieras piev\u0101rt\u0113, tikai 10 km no Valmieras pils\u0113tas centra, skaist\u0101 un kopt\u0101 vid\u0113 [&hellip;]","og_url":"https:\/\/izglitiba.valmierasnovads.lv\/murmuizaspasacina\/vesture\/","og_site_name":"M\u016brmui\u017eas pirmsskolas izgl\u012bt\u012bbas iest\u0101de \u201cPasaci\u0146a\u201d","article_modified_time":"2026-03-20T13:58:06+00:00","twitter_card":"summary_large_image","twitter_misc":{"Est. reading time":"1 min\u016bte"},"schema":{"@context":"https:\/\/schema.org","@graph":[{"@type":"WebPage","@id":"https:\/\/izglitiba.valmierasnovads.lv\/murmuizaspasacina\/vesture\/","url":"https:\/\/izglitiba.valmierasnovads.lv\/murmuizaspasacina\/vesture\/","name":"V\u0113sture - M\u016brmui\u017eas pirmsskolas izgl\u012bt\u012bbas iest\u0101de \u201cPasaci\u0146a\u201d","isPartOf":{"@id":"https:\/\/izglitiba.valmierasnovads.lv\/murmuizaspasacina\/#website"},"datePublished":"2026-02-11T13:52:32+00:00","dateModified":"2026-03-20T13:58:06+00:00","breadcrumb":{"@id":"https:\/\/izglitiba.valmierasnovads.lv\/murmuizaspasacina\/vesture\/#breadcrumb"},"inLanguage":"lv-LV","potentialAction":[{"@type":"ReadAction","target":["https:\/\/izglitiba.valmierasnovads.lv\/murmuizaspasacina\/vesture\/"]}]},{"@type":"BreadcrumbList","@id":"https:\/\/izglitiba.valmierasnovads.lv\/murmuizaspasacina\/vesture\/#breadcrumb","itemListElement":[{"@type":"ListItem","position":1,"name":"Home","item":"https:\/\/izglitiba.valmierasnovads.lv\/murmuizaspasacina\/"},{"@type":"ListItem","position":2,"name":"V\u0113sture"}]},{"@type":"WebSite","@id":"https:\/\/izglitiba.valmierasnovads.lv\/murmuizaspasacina\/#website","url":"https:\/\/izglitiba.valmierasnovads.lv\/murmuizaspasacina\/","name":"M\u016brmui\u017eas pirmsskolas izgl\u012bt\u012bbas iest\u0101de \u201cPasaci\u0146a\u201d","description":"","publisher":{"@id":"https:\/\/izglitiba.valmierasnovads.lv\/murmuizaspasacina\/#organization"},"potentialAction":[{"@type":"SearchAction","target":{"@type":"EntryPoint","urlTemplate":"https:\/\/izglitiba.valmierasnovads.lv\/murmuizaspasacina\/?s={search_term_string}"},"query-input":{"@type":"PropertyValueSpecification","valueRequired":true,"valueName":"search_term_string"}}],"inLanguage":"lv-LV"},{"@type":"Organization","@id":"https:\/\/izglitiba.valmierasnovads.lv\/murmuizaspasacina\/#organization","name":"M\u016brmui\u017eas pirmsskolas izgl\u012bt\u012bbas iest\u0101de \u201cPasaci\u0146a\u201d","url":"https:\/\/izglitiba.valmierasnovads.lv\/murmuizaspasacina\/","logo":{"@type":"ImageObject","inLanguage":"lv-LV","@id":"https:\/\/izglitiba.valmierasnovads.lv\/murmuizaspasacina\/#\/schema\/logo\/image\/","url":"https:\/\/izglitiba.valmierasnovads.lv\/murmuizaspasacina\/wp-content\/uploads\/sites\/6\/2026\/03\/cropped-Pirmsskolas-izglitibas-iestades-ar-pasu-logo-9-scaled-1.png","contentUrl":"https:\/\/izglitiba.valmierasnovads.lv\/murmuizaspasacina\/wp-content\/uploads\/sites\/6\/2026\/03\/cropped-Pirmsskolas-izglitibas-iestades-ar-pasu-logo-9-scaled-1.png","width":1413,"height":405,"caption":"M\u016brmui\u017eas pirmsskolas izgl\u012bt\u012bbas iest\u0101de \u201cPasaci\u0146a\u201d"},"image":{"@id":"https:\/\/izglitiba.valmierasnovads.lv\/murmuizaspasacina\/#\/schema\/logo\/image\/"}}]}},"_links":{"self":[{"href":"https:\/\/izglitiba.valmierasnovads.lv\/murmuizaspasacina\/wp-json\/wp\/v2\/pages\/152","targetHints":{"allow":["GET"]}}],"collection":[{"href":"https:\/\/izglitiba.valmierasnovads.lv\/murmuizaspasacina\/wp-json\/wp\/v2\/pages"}],"about":[{"href":"https:\/\/izglitiba.valmierasnovads.lv\/murmuizaspasacina\/wp-json\/wp\/v2\/types\/page"}],"author":[{"embeddable":true,"href":"https:\/\/izglitiba.valmierasnovads.lv\/murmuizaspasacina\/wp-json\/wp\/v2\/users\/70"}],"replies":[{"embeddable":true,"href":"https:\/\/izglitiba.valmierasnovads.lv\/murmuizaspasacina\/wp-json\/wp\/v2\/comments?post=152"}],"version-history":[{"count":2,"href":"https:\/\/izglitiba.valmierasnovads.lv\/murmuizaspasacina\/wp-json\/wp\/v2\/pages\/152\/revisions"}],"predecessor-version":[{"id":247,"href":"https:\/\/izglitiba.valmierasnovads.lv\/murmuizaspasacina\/wp-json\/wp\/v2\/pages\/152\/revisions\/247"}],"wp:attachment":[{"href":"https:\/\/izglitiba.valmierasnovads.lv\/murmuizaspasacina\/wp-json\/wp\/v2\/media?parent=152"}],"curies":[{"name":"wp","href":"https:\/\/api.w.org\/{rel}","templated":true}]}}