{"id":222,"date":"2026-02-12T13:16:39","date_gmt":"2026-02-12T11:16:39","guid":{"rendered":"https:\/\/izglitiba.valmierasnovads.lv\/piiezitis\/?page_id=222"},"modified":"2026-04-01T11:40:54","modified_gmt":"2026-04-01T08:40:54","slug":"macibu-darbs","status":"publish","type":"page","link":"https:\/\/izglitiba.valmierasnovads.lv\/piiezitis\/macibu-darbs\/","title":{"rendered":"M\u0101c\u012bbu darbs"},"content":{"rendered":"\n<p class=\"has-text-align-left has-medium-font-size\">M\u0101c\u012bbu rota\u013cnodarb\u012bbas pirmsskol\u0101 dod b\u0113rniem iesp\u0113ju att\u012bst\u012bt da\u017e\u0101das prasmes\u00a0 un iema\u0146as, kas pal\u012bdz\u00a0 gatavoties skolai.\u00a0 Nodarb\u012bbas veicina b\u0113rnu emocion\u0101lo, soci\u0101lo un kognit\u012bvo att\u012bst\u012bbu. T\u0101s tiek organiz\u0113tas atbilsto\u0161i <a href=\"https:\/\/likumi.lv\/ta\/id\/303371-noteikumi-par-valsts-pirmsskolas-izglitibas-vadlinijam-un-pirmsskolas-izglitibas-programmu-paraugiem\" id=\"https:\/\/likumi.lv\/ta\/id\/303371-noteikumi-par-valsts-pirmsskolas-izglitibas-vadlinijam-un-pirmsskolas-izglitibas-programmu-paraugiem\">Noteikumiem par valsts pirmsskolas izgl\u012bt\u012bbas vadl\u012bnij\u0101m<\/a>, \u00a0sniedzot b\u0113rniem zin\u0101\u0161anas, izpratni un pamatprasmes <strong>valodu, soci\u0101l\u0101s un pilsonisk\u0101s, kult\u016bras izpratnes un pa\u0161izpausmes m\u0101ksl\u0101, dabaszin\u0101t\u0146u, matem\u0101tikas, tehnolo\u0123iju, vesel\u012bbas un fizisk\u0101s aktivit\u0101tes m\u0101c\u012bbu jom\u0101s<\/strong>. K\u0101 ar\u012b \u012bk\u013caujot aktivit\u0101tes un uzdevumus <strong>v\u0113rt\u012bbu, tikumu un caurviju prasmju apg\u016b\u0161anai.<\/strong><\/p>\n\n\n\n<div class=\"wp-block-media-text is-stacked-on-mobile\" style=\"grid-template-columns:29% auto\"><figure class=\"wp-block-media-text__media\"><img loading=\"lazy\" decoding=\"async\" width=\"1024\" height=\"746\" src=\"https:\/\/izglitiba.valmierasnovads.lv\/piiezitis\/wp-content\/uploads\/sites\/13\/2026\/04\/WhatsApp-Image-2026-04-01-at-11.26.51-1024x746.jpeg\" alt=\"\" class=\"wp-image-506 size-full\" srcset=\"https:\/\/izglitiba.valmierasnovads.lv\/piiezitis\/wp-content\/uploads\/sites\/13\/2026\/04\/WhatsApp-Image-2026-04-01-at-11.26.51-1024x746.jpeg 1024w, https:\/\/izglitiba.valmierasnovads.lv\/piiezitis\/wp-content\/uploads\/sites\/13\/2026\/04\/WhatsApp-Image-2026-04-01-at-11.26.51-300x218.jpeg 300w, https:\/\/izglitiba.valmierasnovads.lv\/piiezitis\/wp-content\/uploads\/sites\/13\/2026\/04\/WhatsApp-Image-2026-04-01-at-11.26.51-768x559.jpeg 768w, https:\/\/izglitiba.valmierasnovads.lv\/piiezitis\/wp-content\/uploads\/sites\/13\/2026\/04\/WhatsApp-Image-2026-04-01-at-11.26.51-1536x1119.jpeg 1536w, https:\/\/izglitiba.valmierasnovads.lv\/piiezitis\/wp-content\/uploads\/sites\/13\/2026\/04\/WhatsApp-Image-2026-04-01-at-11.26.51.jpeg 1844w\" sizes=\"auto, (max-width: 1024px) 100vw, 1024px\" \/><\/figure><div class=\"wp-block-media-text__content\">\n<p class=\"has-medium-font-size\">Rota\u013cnodarb\u012bbas pirmsskol\u0101 b\u0113rnam  att\u012bsta:<\/p>\n\n\n\n<ul class=\"wp-block-list\">\n<li><strong>Soci\u0101l\u0101s prasmes:<\/strong> B\u0113rni m\u0101c\u0101s sadarboties ar citiem, dal\u012bties, izteikt savas domas un ieklaus\u012bties citu viedokl\u012b.\u00a0<\/li>\n\n\n\n<li><strong>Valodas att\u012bst\u012bba:<\/strong> M\u0101c\u012bbu nodarb\u012bbas pied\u0101v\u0101 daudz iesp\u0113ju att\u012bst\u012bt valodu. B\u0113rni , st\u0101sta,\u00a0 klaus\u0101s, dzied un piedal\u0101s sarun\u0101s, lai uzlabotu sava valodas izpratni un runas prasmes.<\/li>\n\n\n\n<li><strong>Matem\u0101tikas\u00a0 iema\u0146as:<\/strong>B\u0113rni tiek iepaz\u012bstin\u0101ti ar matem\u0101tikas pamatiem. Vi\u0146i m\u0101c\u0101s skait\u012bt, izmantojot da\u017e\u0101das metodes, k\u0101 ar\u012b iepaz\u012bstas ar form\u0101m, kr\u0101s\u0101m un izm\u0113riem.<\/li>\n\n\n\n<li><strong>Izpratne par Dabaszin\u012bb\u0101m:<\/strong> B\u0113rni piedal\u0101s vienk\u0101r\u0161\u0101s eksperiment\u0101l\u0101s aktivit\u0101t\u0113s, lai\u00a0 izzin\u0101tu un uzzin\u0101tu par dabu mums apk\u0101rt.\u00a0<\/li>\n\n\n\n<li><strong>Rado\u0161ums un m\u0101ksla:<\/strong> Nodarb\u012bbas ietver rado\u0161as aktivit\u0101tes, piem\u0113ram, z\u012bm\u0113\u0161anu, konstrue\u0161anu, rokdarbus utt., kas veicina b\u0113rnu rado\u0161umu un izt\u0113li.<\/li>\n\n\n\n<li><strong>Fizisk\u0101s aktivit\u0101tes:<\/strong> B\u0113rni piedal\u0101s kust\u012bbu nodarb\u012bb\u0101s un sp\u0113l\u0113s, kas att\u012bsta vi\u0146u motorikas prasmes un uzlabo fizisko vesel\u012bbu.<\/li>\n\n\n\n<li><strong>S\u0101kotn\u0113j\u0101 las\u012btprasme un rakst\u012b\u0161ana:<\/strong> B\u0113rni tiek iepaz\u012bstin\u0101ti ar burtiem,\u00a0 pirmajiem las\u012b\u0161anas un rakst\u012b\u0161anas so\u013ciem.<\/li>\n\n\n\n<li><strong>Emocion\u0101l\u0101 att\u012bst\u012bba:<\/strong> Nodarb\u012bbas veicina b\u0113rnu emocion\u0101lo izpratni, pal\u012bdz vi\u0146iem apg\u016bt emociju pa\u0161regul\u0101cijas iema\u0146as un m\u0101c\u012bties iztur\u0113ties pret citiem ar cie\u0146u un sapratni. Da\u017e\u0101d\u0101s situ\u0101cij\u0101s risin\u0101t konfliktsitu\u0101cijas.<\/li>\n<\/ul>\n\n\n\n<p><\/p>\n<\/div><\/div>\n\n\n\n<p><\/p>\n","protected":false},"excerpt":{"rendered":"<p>M\u0101c\u012bbu rota\u013cnodarb\u012bbas pirmsskol\u0101 dod b\u0113rniem iesp\u0113ju att\u012bst\u012bt da\u017e\u0101das prasmes\u00a0 un iema\u0146as, kas pal\u012bdz\u00a0 gatavoties skolai.\u00a0 Nodarb\u012bbas veicina b\u0113rnu emocion\u0101lo, soci\u0101lo [&hellip;]<\/p>\n","protected":false},"author":67,"featured_media":0,"parent":0,"menu_order":0,"comment_status":"closed","ping_status":"closed","template":"","meta":{"_acf_changed":false,"site-sidebar-layout":"default","site-content-layout":"","ast-site-content-layout":"default","site-content-style":"default","site-sidebar-style":"default","ast-global-header-display":"","ast-banner-title-visibility":"","ast-main-header-display":"","ast-hfb-above-header-display":"","ast-hfb-below-header-display":"","ast-hfb-mobile-header-display":"","site-post-title":"","ast-breadcrumbs-content":"","ast-featured-img":"","footer-sml-layout":"","ast-disable-related-posts":"","theme-transparent-header-meta":"","adv-header-id-meta":"","stick-header-meta":"","header-above-stick-meta":"","header-main-stick-meta":"","header-below-stick-meta":"","astra-migrate-meta-layouts":"default","ast-page-background-enabled":"default","ast-page-background-meta":{"desktop":{"background-color":"var(--ast-global-color-5)","background-image":"","background-repeat":"repeat","background-position":"center center","background-size":"auto","background-attachment":"scroll","background-type":"","background-media":"","overlay-type":"","overlay-color":"","overlay-opacity":"","overlay-gradient":""},"tablet":{"background-color":"","background-image":"","background-repeat":"repeat","background-position":"center center","background-size":"auto","background-attachment":"scroll","background-type":"","background-media":"","overlay-type":"","overlay-color":"","overlay-opacity":"","overlay-gradient":""},"mobile":{"background-color":"","background-image":"","background-repeat":"repeat","background-position":"center center","background-size":"auto","background-attachment":"scroll","background-type":"","background-media":"","overlay-type":"","overlay-color":"","overlay-opacity":"","overlay-gradient":""}},"ast-content-background-meta":{"desktop":{"background-color":"var(--ast-global-color-4)","background-image":"","background-repeat":"repeat","background-position":"center center","background-size":"auto","background-attachment":"scroll","background-type":"","background-media":"","overlay-type":"","overlay-color":"","overlay-opacity":"","overlay-gradient":""},"tablet":{"background-color":"var(--ast-global-color-4)","background-image":"","background-repeat":"repeat","background-position":"center center","background-size":"auto","background-attachment":"scroll","background-type":"","background-media":"","overlay-type":"","overlay-color":"","overlay-opacity":"","overlay-gradient":""},"mobile":{"background-color":"var(--ast-global-color-4)","background-image":"","background-repeat":"repeat","background-position":"center center","background-size":"auto","background-attachment":"scroll","background-type":"","background-media":"","overlay-type":"","overlay-color":"","overlay-opacity":"","overlay-gradient":""}},"footnotes":""},"class_list":["post-222","page","type-page","status-publish","hentry"],"acf":[],"yoast_head":"<!-- This site is optimized with the Yoast SEO plugin v27.0 - https:\/\/yoast.com\/product\/yoast-seo-wordpress\/ -->\n<title>M\u0101c\u012bbu darbs - Valmieras pirmsskolas izgl\u012bt\u012bbas iest\u0101de \u201cEZ\u012aTIS\u201d<\/title>\n<meta name=\"robots\" content=\"index, follow, max-snippet:-1, max-image-preview:large, max-video-preview:-1\" \/>\n<link rel=\"canonical\" href=\"https:\/\/izglitiba.valmierasnovads.lv\/piiezitis\/macibu-darbs\/\" \/>\n<meta property=\"og:locale\" content=\"lv_LV\" \/>\n<meta property=\"og:type\" content=\"article\" \/>\n<meta property=\"og:title\" content=\"M\u0101c\u012bbu darbs - Valmieras pirmsskolas izgl\u012bt\u012bbas iest\u0101de \u201cEZ\u012aTIS\u201d\" \/>\n<meta property=\"og:description\" content=\"M\u0101c\u012bbu rota\u013cnodarb\u012bbas pirmsskol\u0101 dod b\u0113rniem iesp\u0113ju att\u012bst\u012bt da\u017e\u0101das prasmes\u00a0 un iema\u0146as, kas pal\u012bdz\u00a0 gatavoties skolai.\u00a0 Nodarb\u012bbas veicina b\u0113rnu emocion\u0101lo, soci\u0101lo [&hellip;]\" \/>\n<meta property=\"og:url\" content=\"https:\/\/izglitiba.valmierasnovads.lv\/piiezitis\/macibu-darbs\/\" \/>\n<meta property=\"og:site_name\" content=\"Valmieras pirmsskolas izgl\u012bt\u012bbas iest\u0101de \u201cEZ\u012aTIS\u201d\" \/>\n<meta property=\"article:modified_time\" content=\"2026-04-01T08:40:54+00:00\" \/>\n<meta property=\"og:image\" content=\"https:\/\/izglitiba.valmierasnovads.lv\/piiezitis\/wp-content\/uploads\/sites\/13\/2026\/04\/WhatsApp-Image-2026-04-01-at-11.26.51.jpeg\" \/>\n\t<meta property=\"og:image:width\" content=\"1844\" \/>\n\t<meta property=\"og:image:height\" content=\"1343\" \/>\n\t<meta property=\"og:image:type\" content=\"image\/jpeg\" \/>\n<meta name=\"twitter:card\" content=\"summary_large_image\" \/>\n<meta name=\"twitter:label1\" content=\"Est. reading time\" \/>\n\t<meta name=\"twitter:data1\" content=\"2 min\u016btes\" \/>\n<script type=\"application\/ld+json\" class=\"yoast-schema-graph\">{\"@context\":\"https:\/\/schema.org\",\"@graph\":[{\"@type\":\"WebPage\",\"@id\":\"https:\/\/izglitiba.valmierasnovads.lv\/piiezitis\/macibu-darbs\/\",\"url\":\"https:\/\/izglitiba.valmierasnovads.lv\/piiezitis\/macibu-darbs\/\",\"name\":\"M\u0101c\u012bbu darbs - Valmieras pirmsskolas izgl\u012bt\u012bbas iest\u0101de \u201cEZ\u012aTIS\u201d\",\"isPartOf\":{\"@id\":\"https:\/\/izglitiba.valmierasnovads.lv\/piiezitis\/#website\"},\"primaryImageOfPage\":{\"@id\":\"https:\/\/izglitiba.valmierasnovads.lv\/piiezitis\/macibu-darbs\/#primaryimage\"},\"image\":{\"@id\":\"https:\/\/izglitiba.valmierasnovads.lv\/piiezitis\/macibu-darbs\/#primaryimage\"},\"thumbnailUrl\":\"https:\/\/izglitiba.valmierasnovads.lv\/piiezitis\/wp-content\/uploads\/sites\/13\/2026\/04\/WhatsApp-Image-2026-04-01-at-11.26.51-1024x746.jpeg\",\"datePublished\":\"2026-02-12T11:16:39+00:00\",\"dateModified\":\"2026-04-01T08:40:54+00:00\",\"breadcrumb\":{\"@id\":\"https:\/\/izglitiba.valmierasnovads.lv\/piiezitis\/macibu-darbs\/#breadcrumb\"},\"inLanguage\":\"lv-LV\",\"potentialAction\":[{\"@type\":\"ReadAction\",\"target\":[\"https:\/\/izglitiba.valmierasnovads.lv\/piiezitis\/macibu-darbs\/\"]}]},{\"@type\":\"ImageObject\",\"inLanguage\":\"lv-LV\",\"@id\":\"https:\/\/izglitiba.valmierasnovads.lv\/piiezitis\/macibu-darbs\/#primaryimage\",\"url\":\"https:\/\/izglitiba.valmierasnovads.lv\/piiezitis\/wp-content\/uploads\/sites\/13\/2026\/04\/WhatsApp-Image-2026-04-01-at-11.26.51.jpeg\",\"contentUrl\":\"https:\/\/izglitiba.valmierasnovads.lv\/piiezitis\/wp-content\/uploads\/sites\/13\/2026\/04\/WhatsApp-Image-2026-04-01-at-11.26.51.jpeg\",\"width\":1844,\"height\":1343},{\"@type\":\"BreadcrumbList\",\"@id\":\"https:\/\/izglitiba.valmierasnovads.lv\/piiezitis\/macibu-darbs\/#breadcrumb\",\"itemListElement\":[{\"@type\":\"ListItem\",\"position\":1,\"name\":\"Home\",\"item\":\"https:\/\/izglitiba.valmierasnovads.lv\/piiezitis\/\"},{\"@type\":\"ListItem\",\"position\":2,\"name\":\"M\u0101c\u012bbu darbs\"}]},{\"@type\":\"WebSite\",\"@id\":\"https:\/\/izglitiba.valmierasnovads.lv\/piiezitis\/#website\",\"url\":\"https:\/\/izglitiba.valmierasnovads.lv\/piiezitis\/\",\"name\":\"Valmieras pirmsskolas izgl\u012bt\u012bbas iest\u0101de \u201cEZ\u012aTIS\u201d\",\"description\":\"\",\"publisher\":{\"@id\":\"https:\/\/izglitiba.valmierasnovads.lv\/piiezitis\/#organization\"},\"potentialAction\":[{\"@type\":\"SearchAction\",\"target\":{\"@type\":\"EntryPoint\",\"urlTemplate\":\"https:\/\/izglitiba.valmierasnovads.lv\/piiezitis\/?s={search_term_string}\"},\"query-input\":{\"@type\":\"PropertyValueSpecification\",\"valueRequired\":true,\"valueName\":\"search_term_string\"}}],\"inLanguage\":\"lv-LV\"},{\"@type\":\"Organization\",\"@id\":\"https:\/\/izglitiba.valmierasnovads.lv\/piiezitis\/#organization\",\"name\":\"Valmieras pirmsskolas izgl\u012bt\u012bbas iest\u0101de \u201cEZ\u012aTIS\u201d\",\"url\":\"https:\/\/izglitiba.valmierasnovads.lv\/piiezitis\/\",\"logo\":{\"@type\":\"ImageObject\",\"inLanguage\":\"lv-LV\",\"@id\":\"https:\/\/izglitiba.valmierasnovads.lv\/piiezitis\/#\/schema\/logo\/image\/\",\"url\":\"https:\/\/izglitiba.valmierasnovads.lv\/piiezitis\/wp-content\/uploads\/sites\/13\/2026\/03\/cropped-Pirmsskolas-izglitibas-iestades-ar-pasu-logo-5-scaled-1.png\",\"contentUrl\":\"https:\/\/izglitiba.valmierasnovads.lv\/piiezitis\/wp-content\/uploads\/sites\/13\/2026\/03\/cropped-Pirmsskolas-izglitibas-iestades-ar-pasu-logo-5-scaled-1.png\",\"width\":1425,\"height\":405,\"caption\":\"Valmieras pirmsskolas izgl\u012bt\u012bbas iest\u0101de \u201cEZ\u012aTIS\u201d\"},\"image\":{\"@id\":\"https:\/\/izglitiba.valmierasnovads.lv\/piiezitis\/#\/schema\/logo\/image\/\"}}]}<\/script>\n<!-- \/ Yoast SEO plugin. -->","yoast_head_json":{"title":"M\u0101c\u012bbu darbs - Valmieras pirmsskolas izgl\u012bt\u012bbas iest\u0101de \u201cEZ\u012aTIS\u201d","robots":{"index":"index","follow":"follow","max-snippet":"max-snippet:-1","max-image-preview":"max-image-preview:large","max-video-preview":"max-video-preview:-1"},"canonical":"https:\/\/izglitiba.valmierasnovads.lv\/piiezitis\/macibu-darbs\/","og_locale":"lv_LV","og_type":"article","og_title":"M\u0101c\u012bbu darbs - Valmieras pirmsskolas izgl\u012bt\u012bbas iest\u0101de \u201cEZ\u012aTIS\u201d","og_description":"M\u0101c\u012bbu rota\u013cnodarb\u012bbas pirmsskol\u0101 dod b\u0113rniem iesp\u0113ju att\u012bst\u012bt da\u017e\u0101das prasmes\u00a0 un iema\u0146as, kas pal\u012bdz\u00a0 gatavoties skolai.\u00a0 Nodarb\u012bbas veicina b\u0113rnu emocion\u0101lo, soci\u0101lo [&hellip;]","og_url":"https:\/\/izglitiba.valmierasnovads.lv\/piiezitis\/macibu-darbs\/","og_site_name":"Valmieras pirmsskolas izgl\u012bt\u012bbas iest\u0101de \u201cEZ\u012aTIS\u201d","article_modified_time":"2026-04-01T08:40:54+00:00","og_image":[{"width":1844,"height":1343,"url":"https:\/\/izglitiba.valmierasnovads.lv\/piiezitis\/wp-content\/uploads\/sites\/13\/2026\/04\/WhatsApp-Image-2026-04-01-at-11.26.51.jpeg","type":"image\/jpeg"}],"twitter_card":"summary_large_image","twitter_misc":{"Est. reading time":"2 min\u016btes"},"schema":{"@context":"https:\/\/schema.org","@graph":[{"@type":"WebPage","@id":"https:\/\/izglitiba.valmierasnovads.lv\/piiezitis\/macibu-darbs\/","url":"https:\/\/izglitiba.valmierasnovads.lv\/piiezitis\/macibu-darbs\/","name":"M\u0101c\u012bbu darbs - Valmieras pirmsskolas izgl\u012bt\u012bbas iest\u0101de \u201cEZ\u012aTIS\u201d","isPartOf":{"@id":"https:\/\/izglitiba.valmierasnovads.lv\/piiezitis\/#website"},"primaryImageOfPage":{"@id":"https:\/\/izglitiba.valmierasnovads.lv\/piiezitis\/macibu-darbs\/#primaryimage"},"image":{"@id":"https:\/\/izglitiba.valmierasnovads.lv\/piiezitis\/macibu-darbs\/#primaryimage"},"thumbnailUrl":"https:\/\/izglitiba.valmierasnovads.lv\/piiezitis\/wp-content\/uploads\/sites\/13\/2026\/04\/WhatsApp-Image-2026-04-01-at-11.26.51-1024x746.jpeg","datePublished":"2026-02-12T11:16:39+00:00","dateModified":"2026-04-01T08:40:54+00:00","breadcrumb":{"@id":"https:\/\/izglitiba.valmierasnovads.lv\/piiezitis\/macibu-darbs\/#breadcrumb"},"inLanguage":"lv-LV","potentialAction":[{"@type":"ReadAction","target":["https:\/\/izglitiba.valmierasnovads.lv\/piiezitis\/macibu-darbs\/"]}]},{"@type":"ImageObject","inLanguage":"lv-LV","@id":"https:\/\/izglitiba.valmierasnovads.lv\/piiezitis\/macibu-darbs\/#primaryimage","url":"https:\/\/izglitiba.valmierasnovads.lv\/piiezitis\/wp-content\/uploads\/sites\/13\/2026\/04\/WhatsApp-Image-2026-04-01-at-11.26.51.jpeg","contentUrl":"https:\/\/izglitiba.valmierasnovads.lv\/piiezitis\/wp-content\/uploads\/sites\/13\/2026\/04\/WhatsApp-Image-2026-04-01-at-11.26.51.jpeg","width":1844,"height":1343},{"@type":"BreadcrumbList","@id":"https:\/\/izglitiba.valmierasnovads.lv\/piiezitis\/macibu-darbs\/#breadcrumb","itemListElement":[{"@type":"ListItem","position":1,"name":"Home","item":"https:\/\/izglitiba.valmierasnovads.lv\/piiezitis\/"},{"@type":"ListItem","position":2,"name":"M\u0101c\u012bbu darbs"}]},{"@type":"WebSite","@id":"https:\/\/izglitiba.valmierasnovads.lv\/piiezitis\/#website","url":"https:\/\/izglitiba.valmierasnovads.lv\/piiezitis\/","name":"Valmieras pirmsskolas izgl\u012bt\u012bbas iest\u0101de \u201cEZ\u012aTIS\u201d","description":"","publisher":{"@id":"https:\/\/izglitiba.valmierasnovads.lv\/piiezitis\/#organization"},"potentialAction":[{"@type":"SearchAction","target":{"@type":"EntryPoint","urlTemplate":"https:\/\/izglitiba.valmierasnovads.lv\/piiezitis\/?s={search_term_string}"},"query-input":{"@type":"PropertyValueSpecification","valueRequired":true,"valueName":"search_term_string"}}],"inLanguage":"lv-LV"},{"@type":"Organization","@id":"https:\/\/izglitiba.valmierasnovads.lv\/piiezitis\/#organization","name":"Valmieras pirmsskolas izgl\u012bt\u012bbas iest\u0101de \u201cEZ\u012aTIS\u201d","url":"https:\/\/izglitiba.valmierasnovads.lv\/piiezitis\/","logo":{"@type":"ImageObject","inLanguage":"lv-LV","@id":"https:\/\/izglitiba.valmierasnovads.lv\/piiezitis\/#\/schema\/logo\/image\/","url":"https:\/\/izglitiba.valmierasnovads.lv\/piiezitis\/wp-content\/uploads\/sites\/13\/2026\/03\/cropped-Pirmsskolas-izglitibas-iestades-ar-pasu-logo-5-scaled-1.png","contentUrl":"https:\/\/izglitiba.valmierasnovads.lv\/piiezitis\/wp-content\/uploads\/sites\/13\/2026\/03\/cropped-Pirmsskolas-izglitibas-iestades-ar-pasu-logo-5-scaled-1.png","width":1425,"height":405,"caption":"Valmieras pirmsskolas izgl\u012bt\u012bbas iest\u0101de \u201cEZ\u012aTIS\u201d"},"image":{"@id":"https:\/\/izglitiba.valmierasnovads.lv\/piiezitis\/#\/schema\/logo\/image\/"}}]}},"_links":{"self":[{"href":"https:\/\/izglitiba.valmierasnovads.lv\/piiezitis\/wp-json\/wp\/v2\/pages\/222","targetHints":{"allow":["GET"]}}],"collection":[{"href":"https:\/\/izglitiba.valmierasnovads.lv\/piiezitis\/wp-json\/wp\/v2\/pages"}],"about":[{"href":"https:\/\/izglitiba.valmierasnovads.lv\/piiezitis\/wp-json\/wp\/v2\/types\/page"}],"author":[{"embeddable":true,"href":"https:\/\/izglitiba.valmierasnovads.lv\/piiezitis\/wp-json\/wp\/v2\/users\/67"}],"replies":[{"embeddable":true,"href":"https:\/\/izglitiba.valmierasnovads.lv\/piiezitis\/wp-json\/wp\/v2\/comments?post=222"}],"version-history":[{"count":4,"href":"https:\/\/izglitiba.valmierasnovads.lv\/piiezitis\/wp-json\/wp\/v2\/pages\/222\/revisions"}],"predecessor-version":[{"id":511,"href":"https:\/\/izglitiba.valmierasnovads.lv\/piiezitis\/wp-json\/wp\/v2\/pages\/222\/revisions\/511"}],"wp:attachment":[{"href":"https:\/\/izglitiba.valmierasnovads.lv\/piiezitis\/wp-json\/wp\/v2\/media?parent=222"}],"curies":[{"name":"wp","href":"https:\/\/api.w.org\/{rel}","templated":true}]}}