{"id":12,"date":"2025-04-23T16:03:29","date_gmt":"2025-04-23T13:03:29","guid":{"rendered":"https:\/\/izglitiba.valmierasnovads.lv\/piispriditis\/privatuma-politika\/"},"modified":"2026-04-01T15:30:25","modified_gmt":"2026-04-01T12:30:25","slug":"privatuma-politika","status":"publish","type":"page","link":"https:\/\/izglitiba.valmierasnovads.lv\/piispriditis\/privatuma-politika\/","title":{"rendered":"Priv\u0101tuma politika"},"content":{"rendered":"\n                            <h2 class=\"wp-block-heading\">Kas m\u0113s esam<\/h2>\n                            \n                            \n                            <p><strong class=\"privacy-policy-tutorial\">Ieteiktais teksts: <\/strong>M\u016bsu vietnes adrese ir: https:\/\/izglitiba.valmierasnovads.lv.<\/p>\n                            \n                            \n                            <h2 class=\"wp-block-heading\">Koment\u0101ri<\/h2>\n                            \n                            \n                            <p><strong class=\"privacy-policy-tutorial\">Ieteiktais teksts: <\/strong>Kad apmekl\u0113t\u0101js pievieno koment\u0101ru vietn\u0113, m\u0113s apkopojam datus, kas nor\u0101d\u012bti koment\u0101ra form\u0101 un ar\u012b apmekl\u0113t\u0101ju IP adreses un p\u0101rl\u016bkprogrammas lietot\u0101ja a\u0123entu, lai uzlabotu m\u0113stu\u013cu atpaz\u012b\u0161anu.<\/p>\n                            \n                            \n                            <p>Anonimiz\u0113ta virkne, kas izveidota no j\u016bsu e-pasta adreses (saukta ar\u012b par jauc\u0113jkodu), var tikt nodota Gravatar pakalpojumam, lai redz\u0113tu, vai j\u016bs to izmantojat. Gravatar pakalpojuma priv\u0101tuma politika ir pieejama \u0161eit: https:\/\/automattic.com\/privacy\/. P\u0113c j\u016bsu koment\u0101ra apstiprin\u0101\u0161anas, j\u016bsu profila att\u0113ls b\u016bs publiski redzams blakus j\u016bsu pievienotajam koment\u0101ram.<\/p>\n                            \n                            \n                            <h2 class=\"wp-block-heading\">Mediji<\/h2>\n                            \n                            \n                            <p><strong class=\"privacy-policy-tutorial\">Ieteiktais teksts: <\/strong>Aug\u0161upiel\u0101d\u0113jot att\u0113lus vietn\u0113, jums b\u016btu j\u0101izvair\u0101s no t\u0101du att\u0113lu aug\u0161upiel\u0101des, kas satur atra\u0161an\u0101s (EXIF GPS) datus. Vietnes apmekl\u0113t\u0101ji var lejupiel\u0101d\u0113t un izvilkt jebkurus atra\u0161an\u0101s vietas datus no \u0161\u0101diem att\u0113liem.<\/p>\n                            \n                            \n                            <h2 class=\"wp-block-heading\">S\u012bkdatnes<\/h2>\n                            \n                            \n                            <p><strong class=\"privacy-policy-tutorial\">Ieteiktais teksts: <\/strong>Ja j\u016bs pievienojat koment\u0101ru m\u016bsu vietn\u0113, j\u016bs varat piekrist v\u0101rda, e-pasta adreses un vietnes saglab\u0101\u0161anai, izmantojot s\u012bkdatnes. \u0160\u012bs s\u012bkdatnes paredz\u0113tas j\u016bsu \u0113rt\u012bbai, lai jums nav nepiecie\u0161ams ievad\u012bt datus katru reizi, kad pievienojat koment\u0101ru. T\u0101s p\u0101rl\u016bkprogramm\u0101 saglab\u0101sies vienu gadu.<\/p>\n                            \n                            \n                            <p>Ja j\u016bs apmekl\u0113siet pierakst\u012b\u0161an\u0101s lapu, m\u0113s iestat\u012bsim \u012bslaic\u012bgu s\u012bkdatni, lai noteiktu vai j\u016bsu p\u0101rl\u016bkprogramma atbalsta s\u012bkdatnes. \u0160\u012b s\u012bkdatne neuzglab\u0101 priv\u0101tu inform\u0101ciju un t\u0101 tiks atmesta, kad aizv\u0113rsiet p\u0101rl\u016bkprogrammu.<\/p>\n                            \n                            \n                            <p>Kad j\u016bs pierakst\u0101ties, m\u0113s uzst\u0101d\u012bsim vair\u0101kas s\u012bkdatnes, lai saglab\u0101tu pierakst\u012b\u0161an\u0101s inform\u0101ciju, k\u0101 ar\u012b ekr\u0101na iestat\u012bjumus. Pierakst\u012b\u0161an\u0101s s\u012bkdatnes saglab\u0101jas divas dienas un ekr\u0101na opciju s\u012bkdatnes saglab\u0101jas vienu gadu. Ja pierakstoties izv\u0113laties &#8220;atcer\u0113ties mani&#8221; opciju, pierakst\u012b\u0161an\u0101s past\u0101v\u0113s divas ned\u0113\u013cas. Izrakstoties no konta, pierakst\u012b\u0161an\u0101s s\u012bkdatnes tiks no\u0146emtas.<\/p>\n                            \n                            \n                            <p>Ja j\u016bs redi\u0123\u0113siet vai public\u0113siet zi\u0146u, v\u0113l viena s\u012bkdatne tiks saglab\u0101ta j\u016bsu p\u0101rl\u016bk\u0101. \u0160\u012b s\u012bkdatne nesatur priv\u0101tus datus, t\u0101 tikai satur j\u016bsu redi\u0123\u0113t\u0101s zi\u0146as ID. Tai iest\u0101jas noilgums p\u0113c vienas dienas.<\/p>\n                            \n                            \n                            <h2 class=\"wp-block-heading\">Iegultais saturs no cit\u0101m vietn\u0113m<\/h2>\n                            \n                            \n                            <p><strong class=\"privacy-policy-tutorial\">Ieteiktais teksts: <\/strong>Zi\u0146as \u0161aj\u0101 vietn\u0113 var satur\u0113t iegultu saturu (piem\u0113ram, video att\u0113lus, rakstus utt.). No cit\u0101m vietn\u0113m iegultais saturs darbojas t\u0101 pat, it k\u0101 apmekl\u0113t\u0101js b\u016btu apmekl\u0113jis \u0161\u012bs citas vietnes.<\/p>\n                            \n                            \n                            <p>\u0160\u012bs vietnes var\u0113tu apkopot datus par jums, var\u0113tu izmantot s\u012bkdatnes, var\u0113tu iegult tre\u0161o pu\u0161u izseko\u0161anas l\u012bdzek\u013cus, k\u0101 ar\u012b var\u0113tu nov\u0113rot j\u016bsu veikt\u0101s darb\u012bbas ar iegulto saturu, tostarp ar\u012b tad, ja jums ir konts un j\u016bs esat pierakst\u012bjies taj\u0101 vietn\u0113.<\/p>\n                            \n                            \n                            <h2 class=\"wp-block-heading\">Ar ko m\u0113s dal\u0101mies ar j\u016bsu datiem<\/h2>\n                            \n                            \n                            <p><strong class=\"privacy-policy-tutorial\">Ieteiktais teksts: <\/strong>Ja piepras\u012bsit paroles atiestat\u012b\u0161anu, atiestat\u012b\u0161anas e-past\u0101 tiks iek\u013cauta j\u016bsu IP adrese.<\/p>\n                            \n                            \n                            <h2 class=\"wp-block-heading\">Cik ilgi m\u0113s uzglab\u0101jam j\u016bsu datus<\/h2>\n                            \n                            \n                            <p><strong class=\"privacy-policy-tutorial\">Ieteiktais teksts: <\/strong>Ja atst\u0101jat koment\u0101ru, koment\u0101rs un t\u0101 metadati tiek saglab\u0101ti uz nenoteiktu laiku. Tas ir t\u0101p\u0113c, lai m\u0113s autom\u0101tiski varam atpaz\u012bt un apstiprin\u0101t turpm\u0101kos \u0161\u012b pa\u0161a lietot\u0101ja koment\u0101rus, nevis tur\u0113t tos rind\u0101 uz apstiprin\u0101\u0161anu.<\/p>\n                            \n                            \n                            <p>Lietot\u0101jiem, kuri re\u0123istr\u0113jas m\u016bsu vietn\u0113 (ja tas iesp\u0113jams), m\u0113s saglab\u0101jam ar\u012b vi\u0146u person\u012bgo inform\u0101ciju, kuru vi\u0146i ievada sav\u0101 lietot\u0101ja kont\u0101. Visi lietot\u0101ji jebkur\u0101 laik\u0101 var redz\u0113t, redi\u0123\u0113t vai izdz\u0113st savu personisko inform\u0101ciju (iz\u0146emot, nevar main\u012bt savu lietot\u0101jv\u0101rdu). Ar\u012b vietnes administratori var redz\u0113t un redi\u0123\u0113t \u0161o inform\u0101ciju.<\/p>\n                            \n                            \n                            <h2 class=\"wp-block-heading\">K\u0101das ir tavas ties\u012bbas saist\u012bb\u0101 ar taviem datiem<\/h2>\n                            \n                            \n                            <p><strong class=\"privacy-policy-tutorial\">Ieteiktais teksts: <\/strong>Ja jums ir konts \u0161aj\u0101 vietn\u0113 vai esat pievienojis k\u0101dus koment\u0101rus, j\u016bs variet piepras\u012bt sa\u0146emt savu personas datu eksportu ,ali redz\u0113tu inform\u0101ciju, kurus par jums glab\u0101jam, ieskaitot visus datus, ko esat mums sniedzis. J\u016bs variet piepras\u012bt ar\u012b visu savu personas datu dz\u0113\u0161anu, ko glab\u0101jam par jums. Tas neietver datus, kurus mums ir pien\u0101kums glab\u0101t administrat\u012bvos, juridiskos vai dro\u0161\u012bbas nol\u016bkos.<\/p>\n                            \n                            \n                            <h2 class=\"wp-block-heading\">Kur tiek nos\u016bt\u012bti j\u016bsu dati<\/h2>\n                            \n                            \n                            <p><strong class=\"privacy-policy-tutorial\">Ieteiktais teksts: <\/strong>Apmekl\u0113t\u0101ja koment\u0101ri var tikt p\u0101rbaud\u012bti ar automatiz\u0113tu m\u0113stu\u013cu atpaz\u012b\u0161anas pakalpojumu.<\/p>\n                            \n                            \n                            <p><\/p>\n                            ","protected":false},"excerpt":{"rendered":"<p>Kas m\u0113s esam Ieteiktais teksts: M\u016bsu vietnes adrese ir: https:\/\/izglitiba.valmierasnovads.lv. Koment\u0101ri Ieteiktais teksts: Kad apmekl\u0113t\u0101js pievieno koment\u0101ru vietn\u0113, m\u0113s apkopojam [&hellip;]<\/p>\n","protected":false},"author":1,"featured_media":0,"parent":0,"menu_order":0,"comment_status":"closed","ping_status":"closed","template":"","meta":{"_acf_changed":false,"site-sidebar-layout":"default","site-content-layout":"","ast-site-content-layout":"default","site-content-style":"default","site-sidebar-style":"default","ast-global-header-display":"","ast-banner-title-visibility":"","ast-main-header-display":"","ast-hfb-above-header-display":"","ast-hfb-below-header-display":"","ast-hfb-mobile-header-display":"","site-post-title":"","ast-breadcrumbs-content":"","ast-featured-img":"","footer-sml-layout":"","ast-disable-related-posts":"","theme-transparent-header-meta":"","adv-header-id-meta":"","stick-header-meta":"","header-above-stick-meta":"","header-main-stick-meta":"","header-below-stick-meta":"","astra-migrate-meta-layouts":"default","ast-page-background-enabled":"default","ast-page-background-meta":{"desktop":{"background-color":"var(--ast-global-color-5)","background-image":"","background-repeat":"repeat","background-position":"center center","background-size":"auto","background-attachment":"scroll","background-type":"","background-media":"","overlay-type":"","overlay-color":"","overlay-opacity":"","overlay-gradient":""},"tablet":{"background-color":"","background-image":"","background-repeat":"repeat","background-position":"center center","background-size":"auto","background-attachment":"scroll","background-type":"","background-media":"","overlay-type":"","overlay-color":"","overlay-opacity":"","overlay-gradient":""},"mobile":{"background-color":"","background-image":"","background-repeat":"repeat","background-position":"center center","background-size":"auto","background-attachment":"scroll","background-type":"","background-media":"","overlay-type":"","overlay-color":"","overlay-opacity":"","overlay-gradient":""}},"ast-content-background-meta":{"desktop":{"background-color":"var(--ast-global-color-4)","background-image":"","background-repeat":"repeat","background-position":"center center","background-size":"auto","background-attachment":"scroll","background-type":"","background-media":"","overlay-type":"","overlay-color":"","overlay-opacity":"","overlay-gradient":""},"tablet":{"background-color":"var(--ast-global-color-4)","background-image":"","background-repeat":"repeat","background-position":"center center","background-size":"auto","background-attachment":"scroll","background-type":"","background-media":"","overlay-type":"","overlay-color":"","overlay-opacity":"","overlay-gradient":""},"mobile":{"background-color":"var(--ast-global-color-4)","background-image":"","background-repeat":"repeat","background-position":"center center","background-size":"auto","background-attachment":"scroll","background-type":"","background-media":"","overlay-type":"","overlay-color":"","overlay-opacity":"","overlay-gradient":""}},"footnotes":""},"class_list":["post-12","page","type-page","status-publish","hentry"],"acf":[],"yoast_head":"<!-- This site is optimized with the Yoast SEO plugin v27.0 - https:\/\/yoast.com\/product\/yoast-seo-wordpress\/ -->\n<title>Priv\u0101tuma politika - PII &quot;Spr\u012bd\u012btis&quot;<\/title>\n<meta name=\"robots\" content=\"index, follow, max-snippet:-1, max-image-preview:large, max-video-preview:-1\" \/>\n<link rel=\"canonical\" href=\"https:\/\/izglitiba.valmierasnovads.lv\/piispriditis\/privatuma-politika\/\" \/>\n<meta property=\"og:locale\" content=\"lv_LV\" \/>\n<meta property=\"og:type\" content=\"article\" \/>\n<meta property=\"og:title\" content=\"Priv\u0101tuma politika - PII &quot;Spr\u012bd\u012btis&quot;\" \/>\n<meta property=\"og:description\" content=\"Kas m\u0113s esam Ieteiktais teksts: M\u016bsu vietnes adrese ir: https:\/\/izglitiba.valmierasnovads.lv. Koment\u0101ri Ieteiktais teksts: Kad apmekl\u0113t\u0101js pievieno koment\u0101ru vietn\u0113, m\u0113s apkopojam [&hellip;]\" \/>\n<meta property=\"og:url\" content=\"https:\/\/izglitiba.valmierasnovads.lv\/piispriditis\/privatuma-politika\/\" \/>\n<meta property=\"og:site_name\" content=\"PII &quot;Spr\u012bd\u012btis&quot;\" \/>\n<meta property=\"article:modified_time\" content=\"2026-04-01T12:30:25+00:00\" \/>\n<meta name=\"twitter:card\" content=\"summary_large_image\" \/>\n<meta name=\"twitter:label1\" content=\"Est. reading time\" \/>\n\t<meta name=\"twitter:data1\" content=\"4 min\u016btes\" \/>\n<script type=\"application\/ld+json\" class=\"yoast-schema-graph\">{\"@context\":\"https:\/\/schema.org\",\"@graph\":[{\"@type\":\"WebPage\",\"@id\":\"https:\/\/izglitiba.valmierasnovads.lv\/piispriditis\/privatuma-politika\/\",\"url\":\"https:\/\/izglitiba.valmierasnovads.lv\/piispriditis\/privatuma-politika\/\",\"name\":\"Priv\u0101tuma politika - PII &quot;Spr\u012bd\u012btis&quot;\",\"isPartOf\":{\"@id\":\"https:\/\/izglitiba.valmierasnovads.lv\/piispriditis\/#website\"},\"datePublished\":\"2025-04-23T13:03:29+00:00\",\"dateModified\":\"2026-04-01T12:30:25+00:00\",\"breadcrumb\":{\"@id\":\"https:\/\/izglitiba.valmierasnovads.lv\/piispriditis\/privatuma-politika\/#breadcrumb\"},\"inLanguage\":\"lv-LV\",\"potentialAction\":[{\"@type\":\"ReadAction\",\"target\":[\"https:\/\/izglitiba.valmierasnovads.lv\/piispriditis\/privatuma-politika\/\"]}]},{\"@type\":\"BreadcrumbList\",\"@id\":\"https:\/\/izglitiba.valmierasnovads.lv\/piispriditis\/privatuma-politika\/#breadcrumb\",\"itemListElement\":[{\"@type\":\"ListItem\",\"position\":1,\"name\":\"Home\",\"item\":\"https:\/\/izglitiba.valmierasnovads.lv\/piispriditis\/\"},{\"@type\":\"ListItem\",\"position\":2,\"name\":\"Priv\u0101tuma politika\"}]},{\"@type\":\"WebSite\",\"@id\":\"https:\/\/izglitiba.valmierasnovads.lv\/piispriditis\/#website\",\"url\":\"https:\/\/izglitiba.valmierasnovads.lv\/piispriditis\/\",\"name\":\"PII &quot;Spr\u012bd\u012btis&quot;\",\"description\":\"\",\"publisher\":{\"@id\":\"https:\/\/izglitiba.valmierasnovads.lv\/piispriditis\/#organization\"},\"potentialAction\":[{\"@type\":\"SearchAction\",\"target\":{\"@type\":\"EntryPoint\",\"urlTemplate\":\"https:\/\/izglitiba.valmierasnovads.lv\/piispriditis\/?s={search_term_string}\"},\"query-input\":{\"@type\":\"PropertyValueSpecification\",\"valueRequired\":true,\"valueName\":\"search_term_string\"}}],\"inLanguage\":\"lv-LV\"},{\"@type\":\"Organization\",\"@id\":\"https:\/\/izglitiba.valmierasnovads.lv\/piispriditis\/#organization\",\"name\":\"PII &quot;Spr\u012bd\u012btis&quot;\",\"url\":\"https:\/\/izglitiba.valmierasnovads.lv\/piispriditis\/\",\"logo\":{\"@type\":\"ImageObject\",\"inLanguage\":\"lv-LV\",\"@id\":\"https:\/\/izglitiba.valmierasnovads.lv\/piispriditis\/#\/schema\/logo\/image\/\",\"url\":\"https:\/\/izglitiba.valmierasnovads.lv\/piispriditis\/wp-content\/uploads\/sites\/19\/2026\/03\/cropped-Pirmsskolas-izglitibas-iestades-ar-pasu-logo-11-scaled-1.png\",\"contentUrl\":\"https:\/\/izglitiba.valmierasnovads.lv\/piispriditis\/wp-content\/uploads\/sites\/19\/2026\/03\/cropped-Pirmsskolas-izglitibas-iestades-ar-pasu-logo-11-scaled-1.png\",\"width\":1447,\"height\":222,\"caption\":\"PII &quot;Spr\u012bd\u012btis&quot;\"},\"image\":{\"@id\":\"https:\/\/izglitiba.valmierasnovads.lv\/piispriditis\/#\/schema\/logo\/image\/\"}}]}<\/script>\n<!-- \/ Yoast SEO plugin. -->","yoast_head_json":{"title":"Priv\u0101tuma politika - PII &quot;Spr\u012bd\u012btis&quot;","robots":{"index":"index","follow":"follow","max-snippet":"max-snippet:-1","max-image-preview":"max-image-preview:large","max-video-preview":"max-video-preview:-1"},"canonical":"https:\/\/izglitiba.valmierasnovads.lv\/piispriditis\/privatuma-politika\/","og_locale":"lv_LV","og_type":"article","og_title":"Priv\u0101tuma politika - PII &quot;Spr\u012bd\u012btis&quot;","og_description":"Kas m\u0113s esam Ieteiktais teksts: M\u016bsu vietnes adrese ir: https:\/\/izglitiba.valmierasnovads.lv. Koment\u0101ri Ieteiktais teksts: Kad apmekl\u0113t\u0101js pievieno koment\u0101ru vietn\u0113, m\u0113s apkopojam [&hellip;]","og_url":"https:\/\/izglitiba.valmierasnovads.lv\/piispriditis\/privatuma-politika\/","og_site_name":"PII &quot;Spr\u012bd\u012btis&quot;","article_modified_time":"2026-04-01T12:30:25+00:00","twitter_card":"summary_large_image","twitter_misc":{"Est. reading time":"4 min\u016btes"},"schema":{"@context":"https:\/\/schema.org","@graph":[{"@type":"WebPage","@id":"https:\/\/izglitiba.valmierasnovads.lv\/piispriditis\/privatuma-politika\/","url":"https:\/\/izglitiba.valmierasnovads.lv\/piispriditis\/privatuma-politika\/","name":"Priv\u0101tuma politika - PII &quot;Spr\u012bd\u012btis&quot;","isPartOf":{"@id":"https:\/\/izglitiba.valmierasnovads.lv\/piispriditis\/#website"},"datePublished":"2025-04-23T13:03:29+00:00","dateModified":"2026-04-01T12:30:25+00:00","breadcrumb":{"@id":"https:\/\/izglitiba.valmierasnovads.lv\/piispriditis\/privatuma-politika\/#breadcrumb"},"inLanguage":"lv-LV","potentialAction":[{"@type":"ReadAction","target":["https:\/\/izglitiba.valmierasnovads.lv\/piispriditis\/privatuma-politika\/"]}]},{"@type":"BreadcrumbList","@id":"https:\/\/izglitiba.valmierasnovads.lv\/piispriditis\/privatuma-politika\/#breadcrumb","itemListElement":[{"@type":"ListItem","position":1,"name":"Home","item":"https:\/\/izglitiba.valmierasnovads.lv\/piispriditis\/"},{"@type":"ListItem","position":2,"name":"Priv\u0101tuma politika"}]},{"@type":"WebSite","@id":"https:\/\/izglitiba.valmierasnovads.lv\/piispriditis\/#website","url":"https:\/\/izglitiba.valmierasnovads.lv\/piispriditis\/","name":"PII &quot;Spr\u012bd\u012btis&quot;","description":"","publisher":{"@id":"https:\/\/izglitiba.valmierasnovads.lv\/piispriditis\/#organization"},"potentialAction":[{"@type":"SearchAction","target":{"@type":"EntryPoint","urlTemplate":"https:\/\/izglitiba.valmierasnovads.lv\/piispriditis\/?s={search_term_string}"},"query-input":{"@type":"PropertyValueSpecification","valueRequired":true,"valueName":"search_term_string"}}],"inLanguage":"lv-LV"},{"@type":"Organization","@id":"https:\/\/izglitiba.valmierasnovads.lv\/piispriditis\/#organization","name":"PII &quot;Spr\u012bd\u012btis&quot;","url":"https:\/\/izglitiba.valmierasnovads.lv\/piispriditis\/","logo":{"@type":"ImageObject","inLanguage":"lv-LV","@id":"https:\/\/izglitiba.valmierasnovads.lv\/piispriditis\/#\/schema\/logo\/image\/","url":"https:\/\/izglitiba.valmierasnovads.lv\/piispriditis\/wp-content\/uploads\/sites\/19\/2026\/03\/cropped-Pirmsskolas-izglitibas-iestades-ar-pasu-logo-11-scaled-1.png","contentUrl":"https:\/\/izglitiba.valmierasnovads.lv\/piispriditis\/wp-content\/uploads\/sites\/19\/2026\/03\/cropped-Pirmsskolas-izglitibas-iestades-ar-pasu-logo-11-scaled-1.png","width":1447,"height":222,"caption":"PII &quot;Spr\u012bd\u012btis&quot;"},"image":{"@id":"https:\/\/izglitiba.valmierasnovads.lv\/piispriditis\/#\/schema\/logo\/image\/"}}]}},"_links":{"self":[{"href":"https:\/\/izglitiba.valmierasnovads.lv\/piispriditis\/wp-json\/wp\/v2\/pages\/12","targetHints":{"allow":["GET"]}}],"collection":[{"href":"https:\/\/izglitiba.valmierasnovads.lv\/piispriditis\/wp-json\/wp\/v2\/pages"}],"about":[{"href":"https:\/\/izglitiba.valmierasnovads.lv\/piispriditis\/wp-json\/wp\/v2\/types\/page"}],"author":[{"embeddable":true,"href":"https:\/\/izglitiba.valmierasnovads.lv\/piispriditis\/wp-json\/wp\/v2\/users\/1"}],"replies":[{"embeddable":true,"href":"https:\/\/izglitiba.valmierasnovads.lv\/piispriditis\/wp-json\/wp\/v2\/comments?post=12"}],"version-history":[{"count":1,"href":"https:\/\/izglitiba.valmierasnovads.lv\/piispriditis\/wp-json\/wp\/v2\/pages\/12\/revisions"}],"predecessor-version":[{"id":591,"href":"https:\/\/izglitiba.valmierasnovads.lv\/piispriditis\/wp-json\/wp\/v2\/pages\/12\/revisions\/591"}],"wp:attachment":[{"href":"https:\/\/izglitiba.valmierasnovads.lv\/piispriditis\/wp-json\/wp\/v2\/media?parent=12"}],"curies":[{"name":"wp","href":"https:\/\/api.w.org\/{rel}","templated":true}]}}