{"id":208,"date":"2025-08-18T23:01:41","date_gmt":"2025-08-18T20:01:41","guid":{"rendered":"https:\/\/izglitiba.valmierasnovads.lv\/piispriditis\/?page_id=208"},"modified":"2025-12-23T17:08:33","modified_gmt":"2025-12-23T15:08:33","slug":"valodas-terapijas-centrs-2","status":"publish","type":"page","link":"https:\/\/izglitiba.valmierasnovads.lv\/piispriditis\/valodas-terapijas-centrs-2\/","title":{"rendered":"Valodas terapijas centrs"},"content":{"rendered":"\n<p>Valmieras Valodas terapijas centrs darbojas kop\u0161 2001.gada pirmsskolas izgl\u012bt\u012bbas iest\u0101des \u201eSpr\u012bd\u012btis\u201d telp\u0101s. Centrs sniedz bezmaksas atbalsta pas\u0101kumus Valmieras novada pirmsskolas vecuma b\u0113rniem un 1.klases skol\u0113niem, kuriem ir valodas att\u012bst\u012bbas probl\u0113mas:<\/p>\n\n\n\n<ul class=\"wp-block-list\">\n<li>Nepareizi izrun\u0101 valodas ska\u0146as;<\/li>\n\n\n\n<li>Neveido teikumus, vai veido tos nepareizi;<\/li>\n\n\n\n<li>Ir gr\u016bt\u012bbas valodas sapratn\u0113;<\/li>\n\n\n\n<li>Nekontakt\u0113 ar cit\u0101m person\u0101m;<\/li>\n\n\n\n<li>Trauc\u0113ts runas temps, stost\u0101s;<\/li>\n\n\n\n<li>Gr\u016bt\u012bbas apg\u016bt las\u012btprasmi un rakst\u012btprasmi;<\/li>\n\n\n\n<li>Citas valodas probl\u0113mas.<\/li>\n<\/ul>\n\n\n\n<p>Komand\u0101 str\u0101d\u0101 \u0161\u0101di speci\u0101listi:<\/p>\n\n\n\n<ul class=\"wp-block-list\">\n<li>Logop\u0113ds;<\/li>\n\n\n\n<li>Speci\u0101lais pedagogs;<\/li>\n\n\n\n<li>Psihologs;<\/li>\n\n\n\n<li>Pirmsskolas sporta skolot\u0101js.<\/li>\n<\/ul>\n\n\n\n<p>Speci\u0101listi veic individu\u0101lu darbu ar b\u0113rnu vai darbojas grup\u0101 l\u012bdz tr\u012bs b\u0113rniem vienlaic\u012bgi.<\/p>\n\n\n\n<p>Uz konsult\u0101ciju vai nodarb\u012bbu pie speci\u0101listiem b\u0113rnu piesaka vec\u0101ki vai aizbild\u0146i:<\/p>\n\n\n\n<ul class=\"wp-block-list\">\n<li>Ja b\u0113rnam ir runas vai valodas att\u012bst\u012bbas probl\u0113mas;<\/li>\n\n\n\n<li>Ir Valmieras novada Pedago\u0123iski medic\u012bnisk\u0101s komisijas atzinums;<\/li>\n\n\n\n<li>Apmekl\u0113 k\u0101du no Valmieras novada izgl\u012bt\u012bbas iest\u0101d\u0113m.<\/li>\n<\/ul>\n\n\n\n<p><\/p>\n\n\n\n<p><strong>Darba laiks darba dien\u0101s<\/strong>: 8.00-18.00<\/p>\n\n\n\n<p>Kontaktt\u0101lrunis: 64207336<\/p>\n\n\n\n<figure class=\"wp-block-gallery has-nested-images columns-default is-cropped wp-block-gallery-1 is-layout-flex wp-block-gallery-is-layout-flex\">\n<figure class=\"wp-block-image size-large\"><img loading=\"lazy\" decoding=\"async\" width=\"1024\" height=\"768\" data-id=\"501\" src=\"https:\/\/izglitiba.valmierasnovads.lv\/piispriditis\/wp-content\/uploads\/sites\/19\/2025\/11\/IMG-20251022-WA0048-1024x768.jpg\" alt=\"\" class=\"wp-image-501\" srcset=\"https:\/\/izglitiba.valmierasnovads.lv\/piispriditis\/wp-content\/uploads\/sites\/19\/2025\/11\/IMG-20251022-WA0048-1024x768.jpg 1024w, https:\/\/izglitiba.valmierasnovads.lv\/piispriditis\/wp-content\/uploads\/sites\/19\/2025\/11\/IMG-20251022-WA0048-300x225.jpg 300w, https:\/\/izglitiba.valmierasnovads.lv\/piispriditis\/wp-content\/uploads\/sites\/19\/2025\/11\/IMG-20251022-WA0048-768x576.jpg 768w, https:\/\/izglitiba.valmierasnovads.lv\/piispriditis\/wp-content\/uploads\/sites\/19\/2025\/11\/IMG-20251022-WA0048-1536x1152.jpg 1536w, https:\/\/izglitiba.valmierasnovads.lv\/piispriditis\/wp-content\/uploads\/sites\/19\/2025\/11\/IMG-20251022-WA0048.jpg 1600w\" sizes=\"auto, (max-width: 1024px) 100vw, 1024px\" \/><\/figure>\n\n\n\n<figure class=\"wp-block-image size-large\"><img loading=\"lazy\" decoding=\"async\" width=\"1024\" height=\"768\" data-id=\"502\" src=\"https:\/\/izglitiba.valmierasnovads.lv\/piispriditis\/wp-content\/uploads\/sites\/19\/2025\/11\/IMG-20251022-WA0049-1024x768.jpg\" alt=\"\" class=\"wp-image-502\" srcset=\"https:\/\/izglitiba.valmierasnovads.lv\/piispriditis\/wp-content\/uploads\/sites\/19\/2025\/11\/IMG-20251022-WA0049-1024x768.jpg 1024w, https:\/\/izglitiba.valmierasnovads.lv\/piispriditis\/wp-content\/uploads\/sites\/19\/2025\/11\/IMG-20251022-WA0049-300x225.jpg 300w, https:\/\/izglitiba.valmierasnovads.lv\/piispriditis\/wp-content\/uploads\/sites\/19\/2025\/11\/IMG-20251022-WA0049-768x576.jpg 768w, https:\/\/izglitiba.valmierasnovads.lv\/piispriditis\/wp-content\/uploads\/sites\/19\/2025\/11\/IMG-20251022-WA0049-1536x1152.jpg 1536w, https:\/\/izglitiba.valmierasnovads.lv\/piispriditis\/wp-content\/uploads\/sites\/19\/2025\/11\/IMG-20251022-WA0049.jpg 2048w\" sizes=\"auto, (max-width: 1024px) 100vw, 1024px\" \/><\/figure>\n\n\n\n<figure class=\"wp-block-image size-large\"><img loading=\"lazy\" decoding=\"async\" width=\"1024\" height=\"768\" data-id=\"503\" src=\"https:\/\/izglitiba.valmierasnovads.lv\/piispriditis\/wp-content\/uploads\/sites\/19\/2025\/11\/IMG-20251027-WA0002-1024x768.jpg\" alt=\"\" class=\"wp-image-503\" srcset=\"https:\/\/izglitiba.valmierasnovads.lv\/piispriditis\/wp-content\/uploads\/sites\/19\/2025\/11\/IMG-20251027-WA0002-1024x768.jpg 1024w, https:\/\/izglitiba.valmierasnovads.lv\/piispriditis\/wp-content\/uploads\/sites\/19\/2025\/11\/IMG-20251027-WA0002-300x225.jpg 300w, https:\/\/izglitiba.valmierasnovads.lv\/piispriditis\/wp-content\/uploads\/sites\/19\/2025\/11\/IMG-20251027-WA0002-768x576.jpg 768w, https:\/\/izglitiba.valmierasnovads.lv\/piispriditis\/wp-content\/uploads\/sites\/19\/2025\/11\/IMG-20251027-WA0002-1536x1152.jpg 1536w, https:\/\/izglitiba.valmierasnovads.lv\/piispriditis\/wp-content\/uploads\/sites\/19\/2025\/11\/IMG-20251027-WA0002.jpg 2000w\" sizes=\"auto, (max-width: 1024px) 100vw, 1024px\" \/><\/figure>\n\n\n\n<figure class=\"wp-block-image size-large\"><img loading=\"lazy\" decoding=\"async\" width=\"1024\" height=\"768\" data-id=\"504\" src=\"https:\/\/izglitiba.valmierasnovads.lv\/piispriditis\/wp-content\/uploads\/sites\/19\/2025\/11\/IMG-20251027-WA0004-1024x768.jpg\" alt=\"\" class=\"wp-image-504\" srcset=\"https:\/\/izglitiba.valmierasnovads.lv\/piispriditis\/wp-content\/uploads\/sites\/19\/2025\/11\/IMG-20251027-WA0004-1024x768.jpg 1024w, https:\/\/izglitiba.valmierasnovads.lv\/piispriditis\/wp-content\/uploads\/sites\/19\/2025\/11\/IMG-20251027-WA0004-300x225.jpg 300w, https:\/\/izglitiba.valmierasnovads.lv\/piispriditis\/wp-content\/uploads\/sites\/19\/2025\/11\/IMG-20251027-WA0004-768x576.jpg 768w, https:\/\/izglitiba.valmierasnovads.lv\/piispriditis\/wp-content\/uploads\/sites\/19\/2025\/11\/IMG-20251027-WA0004-1536x1152.jpg 1536w, https:\/\/izglitiba.valmierasnovads.lv\/piispriditis\/wp-content\/uploads\/sites\/19\/2025\/11\/IMG-20251027-WA0004.jpg 2000w\" sizes=\"auto, (max-width: 1024px) 100vw, 1024px\" \/><\/figure>\n\n\n\n<figure class=\"wp-block-image size-large\"><img loading=\"lazy\" decoding=\"async\" width=\"1024\" height=\"768\" data-id=\"505\" src=\"https:\/\/izglitiba.valmierasnovads.lv\/piispriditis\/wp-content\/uploads\/sites\/19\/2025\/11\/IMG-20251027-WA0007-1024x768.jpg\" alt=\"\" class=\"wp-image-505\" srcset=\"https:\/\/izglitiba.valmierasnovads.lv\/piispriditis\/wp-content\/uploads\/sites\/19\/2025\/11\/IMG-20251027-WA0007-1024x768.jpg 1024w, https:\/\/izglitiba.valmierasnovads.lv\/piispriditis\/wp-content\/uploads\/sites\/19\/2025\/11\/IMG-20251027-WA0007-300x225.jpg 300w, https:\/\/izglitiba.valmierasnovads.lv\/piispriditis\/wp-content\/uploads\/sites\/19\/2025\/11\/IMG-20251027-WA0007-768x576.jpg 768w, https:\/\/izglitiba.valmierasnovads.lv\/piispriditis\/wp-content\/uploads\/sites\/19\/2025\/11\/IMG-20251027-WA0007-1536x1152.jpg 1536w, https:\/\/izglitiba.valmierasnovads.lv\/piispriditis\/wp-content\/uploads\/sites\/19\/2025\/11\/IMG-20251027-WA0007.jpg 2048w\" sizes=\"auto, (max-width: 1024px) 100vw, 1024px\" \/><\/figure>\n\n\n\n<figure class=\"wp-block-image size-large\"><img loading=\"lazy\" decoding=\"async\" width=\"1024\" height=\"768\" data-id=\"506\" src=\"https:\/\/izglitiba.valmierasnovads.lv\/piispriditis\/wp-content\/uploads\/sites\/19\/2025\/11\/IMG-20251027-WA0011-1024x768.jpg\" alt=\"\" class=\"wp-image-506\" srcset=\"https:\/\/izglitiba.valmierasnovads.lv\/piispriditis\/wp-content\/uploads\/sites\/19\/2025\/11\/IMG-20251027-WA0011-1024x768.jpg 1024w, https:\/\/izglitiba.valmierasnovads.lv\/piispriditis\/wp-content\/uploads\/sites\/19\/2025\/11\/IMG-20251027-WA0011-300x225.jpg 300w, https:\/\/izglitiba.valmierasnovads.lv\/piispriditis\/wp-content\/uploads\/sites\/19\/2025\/11\/IMG-20251027-WA0011-768x576.jpg 768w, https:\/\/izglitiba.valmierasnovads.lv\/piispriditis\/wp-content\/uploads\/sites\/19\/2025\/11\/IMG-20251027-WA0011-1536x1152.jpg 1536w, https:\/\/izglitiba.valmierasnovads.lv\/piispriditis\/wp-content\/uploads\/sites\/19\/2025\/11\/IMG-20251027-WA0011.jpg 2000w\" sizes=\"auto, (max-width: 1024px) 100vw, 1024px\" \/><\/figure>\n\n\n\n<figure class=\"wp-block-image size-large\"><img loading=\"lazy\" decoding=\"async\" width=\"1024\" height=\"768\" data-id=\"507\" src=\"https:\/\/izglitiba.valmierasnovads.lv\/piispriditis\/wp-content\/uploads\/sites\/19\/2025\/11\/IMG-20251027-WA0013-1024x768.jpg\" alt=\"\" class=\"wp-image-507\" srcset=\"https:\/\/izglitiba.valmierasnovads.lv\/piispriditis\/wp-content\/uploads\/sites\/19\/2025\/11\/IMG-20251027-WA0013-1024x768.jpg 1024w, https:\/\/izglitiba.valmierasnovads.lv\/piispriditis\/wp-content\/uploads\/sites\/19\/2025\/11\/IMG-20251027-WA0013-300x225.jpg 300w, https:\/\/izglitiba.valmierasnovads.lv\/piispriditis\/wp-content\/uploads\/sites\/19\/2025\/11\/IMG-20251027-WA0013-768x576.jpg 768w, https:\/\/izglitiba.valmierasnovads.lv\/piispriditis\/wp-content\/uploads\/sites\/19\/2025\/11\/IMG-20251027-WA0013-1536x1152.jpg 1536w, https:\/\/izglitiba.valmierasnovads.lv\/piispriditis\/wp-content\/uploads\/sites\/19\/2025\/11\/IMG-20251027-WA0013.jpg 2000w\" sizes=\"auto, (max-width: 1024px) 100vw, 1024px\" \/><\/figure>\n\n\n\n<figure class=\"wp-block-image size-large\"><img loading=\"lazy\" decoding=\"async\" width=\"1024\" height=\"768\" data-id=\"508\" src=\"https:\/\/izglitiba.valmierasnovads.lv\/piispriditis\/wp-content\/uploads\/sites\/19\/2025\/11\/IMG-20251027-WA0015-1024x768.jpg\" alt=\"\" class=\"wp-image-508\" srcset=\"https:\/\/izglitiba.valmierasnovads.lv\/piispriditis\/wp-content\/uploads\/sites\/19\/2025\/11\/IMG-20251027-WA0015-1024x768.jpg 1024w, https:\/\/izglitiba.valmierasnovads.lv\/piispriditis\/wp-content\/uploads\/sites\/19\/2025\/11\/IMG-20251027-WA0015-300x225.jpg 300w, https:\/\/izglitiba.valmierasnovads.lv\/piispriditis\/wp-content\/uploads\/sites\/19\/2025\/11\/IMG-20251027-WA0015-768x576.jpg 768w, https:\/\/izglitiba.valmierasnovads.lv\/piispriditis\/wp-content\/uploads\/sites\/19\/2025\/11\/IMG-20251027-WA0015-1536x1152.jpg 1536w, https:\/\/izglitiba.valmierasnovads.lv\/piispriditis\/wp-content\/uploads\/sites\/19\/2025\/11\/IMG-20251027-WA0015.jpg 2000w\" sizes=\"auto, (max-width: 1024px) 100vw, 1024px\" \/><\/figure>\n<\/figure>\n","protected":false},"excerpt":{"rendered":"<p>Valmieras Valodas terapijas centrs darbojas kop\u0161 2001.gada pirmsskolas izgl\u012bt\u012bbas iest\u0101des \u201eSpr\u012bd\u012btis\u201d telp\u0101s. Centrs sniedz bezmaksas atbalsta pas\u0101kumus Valmieras novada pirmsskolas [&hellip;]<\/p>\n","protected":false},"author":19,"featured_media":0,"parent":0,"menu_order":0,"comment_status":"closed","ping_status":"closed","template":"","meta":{"_acf_changed":false,"site-sidebar-layout":"default","site-content-layout":"","ast-site-content-layout":"default","site-content-style":"default","site-sidebar-style":"default","ast-global-header-display":"","ast-banner-title-visibility":"","ast-main-header-display":"","ast-hfb-above-header-display":"","ast-hfb-below-header-display":"","ast-hfb-mobile-header-display":"","site-post-title":"","ast-breadcrumbs-content":"","ast-featured-img":"","footer-sml-layout":"","ast-disable-related-posts":"","theme-transparent-header-meta":"","adv-header-id-meta":"","stick-header-meta":"","header-above-stick-meta":"","header-main-stick-meta":"","header-below-stick-meta":"","astra-migrate-meta-layouts":"default","ast-page-background-enabled":"default","ast-page-background-meta":{"desktop":{"background-color":"var(--ast-global-color-5)","background-image":"","background-repeat":"repeat","background-position":"center center","background-size":"auto","background-attachment":"scroll","background-type":"","background-media":"","overlay-type":"","overlay-color":"","overlay-opacity":"","overlay-gradient":""},"tablet":{"background-color":"","background-image":"","background-repeat":"repeat","background-position":"center center","background-size":"auto","background-attachment":"scroll","background-type":"","background-media":"","overlay-type":"","overlay-color":"","overlay-opacity":"","overlay-gradient":""},"mobile":{"background-color":"","background-image":"","background-repeat":"repeat","background-position":"center center","background-size":"auto","background-attachment":"scroll","background-type":"","background-media":"","overlay-type":"","overlay-color":"","overlay-opacity":"","overlay-gradient":""}},"ast-content-background-meta":{"desktop":{"background-color":"var(--ast-global-color-4)","background-image":"","background-repeat":"repeat","background-position":"center center","background-size":"auto","background-attachment":"scroll","background-type":"","background-media":"","overlay-type":"","overlay-color":"","overlay-opacity":"","overlay-gradient":""},"tablet":{"background-color":"var(--ast-global-color-4)","background-image":"","background-repeat":"repeat","background-position":"center center","background-size":"auto","background-attachment":"scroll","background-type":"","background-media":"","overlay-type":"","overlay-color":"","overlay-opacity":"","overlay-gradient":""},"mobile":{"background-color":"var(--ast-global-color-4)","background-image":"","background-repeat":"repeat","background-position":"center center","background-size":"auto","background-attachment":"scroll","background-type":"","background-media":"","overlay-type":"","overlay-color":"","overlay-opacity":"","overlay-gradient":""}},"footnotes":""},"class_list":["post-208","page","type-page","status-publish","hentry"],"acf":[],"yoast_head":"<!-- This site is optimized with the Yoast SEO plugin v27.0 - https:\/\/yoast.com\/product\/yoast-seo-wordpress\/ -->\n<title>Valodas terapijas centrs - PII &quot;Spr\u012bd\u012btis&quot;<\/title>\n<meta name=\"robots\" content=\"index, follow, max-snippet:-1, max-image-preview:large, max-video-preview:-1\" \/>\n<link rel=\"canonical\" href=\"https:\/\/izglitiba.valmierasnovads.lv\/piispriditis\/valodas-terapijas-centrs-2\/\" \/>\n<meta property=\"og:locale\" content=\"lv_LV\" \/>\n<meta property=\"og:type\" content=\"article\" \/>\n<meta property=\"og:title\" content=\"Valodas terapijas centrs - PII &quot;Spr\u012bd\u012btis&quot;\" \/>\n<meta property=\"og:description\" content=\"Valmieras Valodas terapijas centrs darbojas kop\u0161 2001.gada pirmsskolas izgl\u012bt\u012bbas iest\u0101des \u201eSpr\u012bd\u012btis\u201d telp\u0101s. Centrs sniedz bezmaksas atbalsta pas\u0101kumus Valmieras novada pirmsskolas [&hellip;]\" \/>\n<meta property=\"og:url\" content=\"https:\/\/izglitiba.valmierasnovads.lv\/piispriditis\/valodas-terapijas-centrs-2\/\" \/>\n<meta property=\"og:site_name\" content=\"PII &quot;Spr\u012bd\u012btis&quot;\" \/>\n<meta property=\"article:modified_time\" content=\"2025-12-23T15:08:33+00:00\" \/>\n<meta property=\"og:image\" content=\"https:\/\/izglitiba.valmierasnovads.lv\/piispriditis\/wp-content\/uploads\/sites\/19\/2025\/11\/IMG-20251022-WA0048.jpg\" \/>\n\t<meta property=\"og:image:width\" content=\"1600\" \/>\n\t<meta property=\"og:image:height\" content=\"1200\" \/>\n\t<meta property=\"og:image:type\" content=\"image\/jpeg\" \/>\n<meta name=\"twitter:card\" content=\"summary_large_image\" \/>\n<meta name=\"twitter:label1\" content=\"Est. reading time\" \/>\n\t<meta name=\"twitter:data1\" content=\"3 min\u016btes\" \/>\n<script type=\"application\/ld+json\" class=\"yoast-schema-graph\">{\"@context\":\"https:\/\/schema.org\",\"@graph\":[{\"@type\":\"WebPage\",\"@id\":\"https:\/\/izglitiba.valmierasnovads.lv\/piispriditis\/valodas-terapijas-centrs-2\/\",\"url\":\"https:\/\/izglitiba.valmierasnovads.lv\/piispriditis\/valodas-terapijas-centrs-2\/\",\"name\":\"Valodas terapijas centrs - PII &quot;Spr\u012bd\u012btis&quot;\",\"isPartOf\":{\"@id\":\"https:\/\/izglitiba.valmierasnovads.lv\/piispriditis\/#website\"},\"primaryImageOfPage\":{\"@id\":\"https:\/\/izglitiba.valmierasnovads.lv\/piispriditis\/valodas-terapijas-centrs-2\/#primaryimage\"},\"image\":{\"@id\":\"https:\/\/izglitiba.valmierasnovads.lv\/piispriditis\/valodas-terapijas-centrs-2\/#primaryimage\"},\"thumbnailUrl\":\"https:\/\/izglitiba.valmierasnovads.lv\/piispriditis\/wp-content\/uploads\/sites\/19\/2025\/11\/IMG-20251022-WA0048-1024x768.jpg\",\"datePublished\":\"2025-08-18T20:01:41+00:00\",\"dateModified\":\"2025-12-23T15:08:33+00:00\",\"breadcrumb\":{\"@id\":\"https:\/\/izglitiba.valmierasnovads.lv\/piispriditis\/valodas-terapijas-centrs-2\/#breadcrumb\"},\"inLanguage\":\"lv-LV\",\"potentialAction\":[{\"@type\":\"ReadAction\",\"target\":[\"https:\/\/izglitiba.valmierasnovads.lv\/piispriditis\/valodas-terapijas-centrs-2\/\"]}]},{\"@type\":\"ImageObject\",\"inLanguage\":\"lv-LV\",\"@id\":\"https:\/\/izglitiba.valmierasnovads.lv\/piispriditis\/valodas-terapijas-centrs-2\/#primaryimage\",\"url\":\"https:\/\/izglitiba.valmierasnovads.lv\/piispriditis\/wp-content\/uploads\/sites\/19\/2025\/11\/IMG-20251022-WA0048.jpg\",\"contentUrl\":\"https:\/\/izglitiba.valmierasnovads.lv\/piispriditis\/wp-content\/uploads\/sites\/19\/2025\/11\/IMG-20251022-WA0048.jpg\",\"width\":1600,\"height\":1200},{\"@type\":\"BreadcrumbList\",\"@id\":\"https:\/\/izglitiba.valmierasnovads.lv\/piispriditis\/valodas-terapijas-centrs-2\/#breadcrumb\",\"itemListElement\":[{\"@type\":\"ListItem\",\"position\":1,\"name\":\"Home\",\"item\":\"https:\/\/izglitiba.valmierasnovads.lv\/piispriditis\/\"},{\"@type\":\"ListItem\",\"position\":2,\"name\":\"Valodas terapijas centrs\"}]},{\"@type\":\"WebSite\",\"@id\":\"https:\/\/izglitiba.valmierasnovads.lv\/piispriditis\/#website\",\"url\":\"https:\/\/izglitiba.valmierasnovads.lv\/piispriditis\/\",\"name\":\"PII &quot;Spr\u012bd\u012btis&quot;\",\"description\":\"\",\"publisher\":{\"@id\":\"https:\/\/izglitiba.valmierasnovads.lv\/piispriditis\/#organization\"},\"potentialAction\":[{\"@type\":\"SearchAction\",\"target\":{\"@type\":\"EntryPoint\",\"urlTemplate\":\"https:\/\/izglitiba.valmierasnovads.lv\/piispriditis\/?s={search_term_string}\"},\"query-input\":{\"@type\":\"PropertyValueSpecification\",\"valueRequired\":true,\"valueName\":\"search_term_string\"}}],\"inLanguage\":\"lv-LV\"},{\"@type\":\"Organization\",\"@id\":\"https:\/\/izglitiba.valmierasnovads.lv\/piispriditis\/#organization\",\"name\":\"PII &quot;Spr\u012bd\u012btis&quot;\",\"url\":\"https:\/\/izglitiba.valmierasnovads.lv\/piispriditis\/\",\"logo\":{\"@type\":\"ImageObject\",\"inLanguage\":\"lv-LV\",\"@id\":\"https:\/\/izglitiba.valmierasnovads.lv\/piispriditis\/#\/schema\/logo\/image\/\",\"url\":\"https:\/\/izglitiba.valmierasnovads.lv\/piispriditis\/wp-content\/uploads\/sites\/19\/2026\/03\/cropped-Pirmsskolas-izglitibas-iestades-ar-pasu-logo-11-scaled-1.png\",\"contentUrl\":\"https:\/\/izglitiba.valmierasnovads.lv\/piispriditis\/wp-content\/uploads\/sites\/19\/2026\/03\/cropped-Pirmsskolas-izglitibas-iestades-ar-pasu-logo-11-scaled-1.png\",\"width\":1447,\"height\":222,\"caption\":\"PII &quot;Spr\u012bd\u012btis&quot;\"},\"image\":{\"@id\":\"https:\/\/izglitiba.valmierasnovads.lv\/piispriditis\/#\/schema\/logo\/image\/\"}}]}<\/script>\n<!-- \/ Yoast SEO plugin. -->","yoast_head_json":{"title":"Valodas terapijas centrs - PII &quot;Spr\u012bd\u012btis&quot;","robots":{"index":"index","follow":"follow","max-snippet":"max-snippet:-1","max-image-preview":"max-image-preview:large","max-video-preview":"max-video-preview:-1"},"canonical":"https:\/\/izglitiba.valmierasnovads.lv\/piispriditis\/valodas-terapijas-centrs-2\/","og_locale":"lv_LV","og_type":"article","og_title":"Valodas terapijas centrs - PII &quot;Spr\u012bd\u012btis&quot;","og_description":"Valmieras Valodas terapijas centrs darbojas kop\u0161 2001.gada pirmsskolas izgl\u012bt\u012bbas iest\u0101des \u201eSpr\u012bd\u012btis\u201d telp\u0101s. Centrs sniedz bezmaksas atbalsta pas\u0101kumus Valmieras novada pirmsskolas [&hellip;]","og_url":"https:\/\/izglitiba.valmierasnovads.lv\/piispriditis\/valodas-terapijas-centrs-2\/","og_site_name":"PII &quot;Spr\u012bd\u012btis&quot;","article_modified_time":"2025-12-23T15:08:33+00:00","og_image":[{"width":1600,"height":1200,"url":"https:\/\/izglitiba.valmierasnovads.lv\/piispriditis\/wp-content\/uploads\/sites\/19\/2025\/11\/IMG-20251022-WA0048.jpg","type":"image\/jpeg"}],"twitter_card":"summary_large_image","twitter_misc":{"Est. reading time":"3 min\u016btes"},"schema":{"@context":"https:\/\/schema.org","@graph":[{"@type":"WebPage","@id":"https:\/\/izglitiba.valmierasnovads.lv\/piispriditis\/valodas-terapijas-centrs-2\/","url":"https:\/\/izglitiba.valmierasnovads.lv\/piispriditis\/valodas-terapijas-centrs-2\/","name":"Valodas terapijas centrs - PII &quot;Spr\u012bd\u012btis&quot;","isPartOf":{"@id":"https:\/\/izglitiba.valmierasnovads.lv\/piispriditis\/#website"},"primaryImageOfPage":{"@id":"https:\/\/izglitiba.valmierasnovads.lv\/piispriditis\/valodas-terapijas-centrs-2\/#primaryimage"},"image":{"@id":"https:\/\/izglitiba.valmierasnovads.lv\/piispriditis\/valodas-terapijas-centrs-2\/#primaryimage"},"thumbnailUrl":"https:\/\/izglitiba.valmierasnovads.lv\/piispriditis\/wp-content\/uploads\/sites\/19\/2025\/11\/IMG-20251022-WA0048-1024x768.jpg","datePublished":"2025-08-18T20:01:41+00:00","dateModified":"2025-12-23T15:08:33+00:00","breadcrumb":{"@id":"https:\/\/izglitiba.valmierasnovads.lv\/piispriditis\/valodas-terapijas-centrs-2\/#breadcrumb"},"inLanguage":"lv-LV","potentialAction":[{"@type":"ReadAction","target":["https:\/\/izglitiba.valmierasnovads.lv\/piispriditis\/valodas-terapijas-centrs-2\/"]}]},{"@type":"ImageObject","inLanguage":"lv-LV","@id":"https:\/\/izglitiba.valmierasnovads.lv\/piispriditis\/valodas-terapijas-centrs-2\/#primaryimage","url":"https:\/\/izglitiba.valmierasnovads.lv\/piispriditis\/wp-content\/uploads\/sites\/19\/2025\/11\/IMG-20251022-WA0048.jpg","contentUrl":"https:\/\/izglitiba.valmierasnovads.lv\/piispriditis\/wp-content\/uploads\/sites\/19\/2025\/11\/IMG-20251022-WA0048.jpg","width":1600,"height":1200},{"@type":"BreadcrumbList","@id":"https:\/\/izglitiba.valmierasnovads.lv\/piispriditis\/valodas-terapijas-centrs-2\/#breadcrumb","itemListElement":[{"@type":"ListItem","position":1,"name":"Home","item":"https:\/\/izglitiba.valmierasnovads.lv\/piispriditis\/"},{"@type":"ListItem","position":2,"name":"Valodas terapijas centrs"}]},{"@type":"WebSite","@id":"https:\/\/izglitiba.valmierasnovads.lv\/piispriditis\/#website","url":"https:\/\/izglitiba.valmierasnovads.lv\/piispriditis\/","name":"PII &quot;Spr\u012bd\u012btis&quot;","description":"","publisher":{"@id":"https:\/\/izglitiba.valmierasnovads.lv\/piispriditis\/#organization"},"potentialAction":[{"@type":"SearchAction","target":{"@type":"EntryPoint","urlTemplate":"https:\/\/izglitiba.valmierasnovads.lv\/piispriditis\/?s={search_term_string}"},"query-input":{"@type":"PropertyValueSpecification","valueRequired":true,"valueName":"search_term_string"}}],"inLanguage":"lv-LV"},{"@type":"Organization","@id":"https:\/\/izglitiba.valmierasnovads.lv\/piispriditis\/#organization","name":"PII &quot;Spr\u012bd\u012btis&quot;","url":"https:\/\/izglitiba.valmierasnovads.lv\/piispriditis\/","logo":{"@type":"ImageObject","inLanguage":"lv-LV","@id":"https:\/\/izglitiba.valmierasnovads.lv\/piispriditis\/#\/schema\/logo\/image\/","url":"https:\/\/izglitiba.valmierasnovads.lv\/piispriditis\/wp-content\/uploads\/sites\/19\/2026\/03\/cropped-Pirmsskolas-izglitibas-iestades-ar-pasu-logo-11-scaled-1.png","contentUrl":"https:\/\/izglitiba.valmierasnovads.lv\/piispriditis\/wp-content\/uploads\/sites\/19\/2026\/03\/cropped-Pirmsskolas-izglitibas-iestades-ar-pasu-logo-11-scaled-1.png","width":1447,"height":222,"caption":"PII &quot;Spr\u012bd\u012btis&quot;"},"image":{"@id":"https:\/\/izglitiba.valmierasnovads.lv\/piispriditis\/#\/schema\/logo\/image\/"}}]}},"_links":{"self":[{"href":"https:\/\/izglitiba.valmierasnovads.lv\/piispriditis\/wp-json\/wp\/v2\/pages\/208","targetHints":{"allow":["GET"]}}],"collection":[{"href":"https:\/\/izglitiba.valmierasnovads.lv\/piispriditis\/wp-json\/wp\/v2\/pages"}],"about":[{"href":"https:\/\/izglitiba.valmierasnovads.lv\/piispriditis\/wp-json\/wp\/v2\/types\/page"}],"author":[{"embeddable":true,"href":"https:\/\/izglitiba.valmierasnovads.lv\/piispriditis\/wp-json\/wp\/v2\/users\/19"}],"replies":[{"embeddable":true,"href":"https:\/\/izglitiba.valmierasnovads.lv\/piispriditis\/wp-json\/wp\/v2\/comments?post=208"}],"version-history":[{"count":11,"href":"https:\/\/izglitiba.valmierasnovads.lv\/piispriditis\/wp-json\/wp\/v2\/pages\/208\/revisions"}],"predecessor-version":[{"id":572,"href":"https:\/\/izglitiba.valmierasnovads.lv\/piispriditis\/wp-json\/wp\/v2\/pages\/208\/revisions\/572"}],"wp:attachment":[{"href":"https:\/\/izglitiba.valmierasnovads.lv\/piispriditis\/wp-json\/wp\/v2\/media?parent=208"}],"curies":[{"name":"wp","href":"https:\/\/api.w.org\/{rel}","templated":true}]}}