{"id":7,"date":"2025-06-05T16:13:53","date_gmt":"2025-06-05T13:13:53","guid":{"rendered":"https:\/\/izglitiba.valmierasnovads.lv\/rujienassportaskola\/sakumlapa\/"},"modified":"2026-03-25T12:02:20","modified_gmt":"2026-03-25T10:02:20","slug":"sakumlapa","status":"publish","type":"page","link":"https:\/\/izglitiba.valmierasnovads.lv\/rujienassportaskola\/","title":{"rendered":"S\u0101kumlapa"},"content":{"rendered":"\n<div class=\"main-slider\">\n    <div><img decoding=\"async\" src=\"https:\/\/izglitiba.valmierasnovads.lv\/rujienassportaskola\/wp-content\/uploads\/sites\/34\/2025\/06\/Skolu-majaslapai-galveno-attelu-slaideris-10.png\" alt=\"\"><\/div><\/div>\n\n\n<div id=\"quick_sites\">\n    <div class=\"quick_link_title\">\u0100tr\u0101s saites<\/div><div class=\"links-container\"><div class=\"quick_site_link\"><a href=\"https:\/\/izglitiba.valmierasnovads.lv\/rujienassportaskola\/treneri\/\">Treneri<\/a><\/div><div class=\"quick_site_link\"><a href=\"https:\/\/izglitiba.valmierasnovads.lv\/rujienassportaskola\/nodarbibu-grafiks\/\">Nodarb\u012bbu grafiks<\/a><\/div><\/div><\/div>\n<div id=\"quick_sites_line\"><\/div>\n\n\n<div class=\"news-slider-wrapper\">\n    <h2>Jaunumi<\/h2>\n    <p class=\"link\"><a href=\"https:\/\/izglitiba.valmierasnovads.lv\/rujienassportaskola\/jaunumi\" title=\"Las\u012bt visus jaunumus\">Las\u012bt visus<\/a><\/p>\n    <div class=\"news-slider\">\n        <div class=\"item\"><a href=\"https:\/\/izglitiba.valmierasnovads.lv\/rujienassportaskola\/rujienas-kauss-2026-basketbola-u-10\/\">\n                        <div class=\"item-image\"><img decoding=\"async\" src=\" https:\/\/izglitiba.valmierasnovads.lv\/rujienassportaskola\/wp-content\/uploads\/sites\/34\/2026\/03\/648355661_1272082108398879_2739000507538734190_n.jpg \" \/><\/div><div class=\"item-title\">R\u016bjienas kauss 2026 basketbol\u0101 U-10<\/div><div class=\"item-date\">10.03.2026<\/div><div class=\"item-description\"><\/div>\n                        <\/a><div class=\"item-link\"><a href=\"https:\/\/izglitiba.valmierasnovads.lv\/rujienassportaskola\/rujienas-kauss-2026-basketbola-u-10\/\">Las\u012bt vair\u0101k<\/a><\/div><\/div><div class=\"item\"><a href=\"https:\/\/izglitiba.valmierasnovads.lv\/rujienassportaskola\/vieglatletikas-latvijas-cepionata-telpas-laureate\/\">\n                        <div class=\"item-image\"><img decoding=\"async\" src=\" https:\/\/izglitiba.valmierasnovads.lv\/rujienassportaskola\/wp-content\/uploads\/sites\/34\/2026\/03\/495DzYcnARFaeb88vJ1U.jpg \" \/><\/div><div class=\"item-title\">Vieglatl\u0113tikas Latvijas \u010depion\u0101ta telp\u0101s laure\u0101te<\/div><div class=\"item-date\">02.03.2026<\/div><div class=\"item-description\">Divas dienas, 28.02.-01.03., R\u012bgas BTA Daugavas vieglatl\u0113tikas man\u0113\u017e\u0101 norisin\u0101j\u0101s 2026. gada &#8230;<\/div>\n                        <\/a><div class=\"item-link\"><a href=\"https:\/\/izglitiba.valmierasnovads.lv\/rujienassportaskola\/vieglatletikas-latvijas-cepionata-telpas-laureate\/\">Las\u012bt vair\u0101k<\/a><\/div><\/div><div class=\"item\"><a href=\"https:\/\/izglitiba.valmierasnovads.lv\/rujienassportaskola\/pec-pieredzes-uz-klaipedu-mazie-basketbolisti\/\">\n                        <div class=\"item-image\"><img decoding=\"async\" src=\" https:\/\/izglitiba.valmierasnovads.lv\/rujienassportaskola\/wp-content\/uploads\/sites\/34\/2026\/02\/635393422_1613561379869533_3735906992380210782_n-e1771597888407.jpg \" \/><\/div><div class=\"item-title\">Mazie basketbolisti &#8211; p\u0113c pieredzes uz Klaip\u0113du!<\/div><div class=\"item-date\">20.02.2026<\/div><div class=\"item-description\">Ned\u0113\u013cas nogal\u0113 (12-15.02.) R\u016bjienas Sporta skolas U-10 basketbola komanda aizvad\u012bja BBBL posmu &#8230;<\/div>\n                        <\/a><div class=\"item-link\"><a href=\"https:\/\/izglitiba.valmierasnovads.lv\/rujienassportaskola\/pec-pieredzes-uz-klaipedu-mazie-basketbolisti\/\">Las\u012bt vair\u0101k<\/a><\/div><\/div><div class=\"item\"><a href=\"https:\/\/izglitiba.valmierasnovads.lv\/rujienassportaskola\/latvijas-vieglatletikas-savienibas-rikots-seminars\/\">\n                        <div class=\"item-image\"><img decoding=\"async\" src=\" https:\/\/izglitiba.valmierasnovads.lv\/rujienassportaskola\/wp-content\/uploads\/sites\/34\/2026\/01\/Afisa.jpg \" \/><\/div><div class=\"item-title\">Latvijas Vieglatl\u0113tikas savien\u012bbas r\u012bkots semin\u0101rs<\/div><div class=\"item-date\">22.01.2026<\/div><div class=\"item-description\"><\/div>\n                        <\/a><div class=\"item-link\"><a href=\"https:\/\/izglitiba.valmierasnovads.lv\/rujienassportaskola\/latvijas-vieglatletikas-savienibas-rikots-seminars\/\">Las\u012bt vair\u0101k<\/a><\/div><\/div><div class=\"item\"><a href=\"https:\/\/izglitiba.valmierasnovads.lv\/rujienassportaskola\/turpinam-kapt-uz-pjedestala\/\">\n                        <div class=\"item-image\"><img decoding=\"async\" src=\" https:\/\/izglitiba.valmierasnovads.lv\/rujienassportaskola\/wp-content\/uploads\/sites\/34\/2026\/01\/WhatsApp-Image-2026-01-12-at-10.06.18.jpeg \" \/><\/div><div class=\"item-title\">Turpin\u0101m k\u0101pt uz pjedest\u0101la<\/div><div class=\"item-date\">22.01.2026<\/div><div class=\"item-description\"><\/div>\n                        <\/a><div class=\"item-link\"><a href=\"https:\/\/izglitiba.valmierasnovads.lv\/rujienassportaskola\/turpinam-kapt-uz-pjedestala\/\">Las\u012bt vair\u0101k<\/a><\/div><\/div><div class=\"item\"><a href=\"https:\/\/izglitiba.valmierasnovads.lv\/rujienassportaskola\/jaunako-vieglatletikas-grupu-parbaudes-sacensibas-valmiera\/\">\n                        <div class=\"item-image\"><img decoding=\"async\" src=\" https:\/\/izglitiba.valmierasnovads.lv\/rujienassportaskola\/wp-content\/uploads\/sites\/34\/2026\/01\/WhatsApp-Image-2026-01-21-at-17.13.06-2.jpeg \" \/><\/div><div class=\"item-title\">Jaun\u0101ko vieglatl\u0113tikas grupu p\u0101rbaudes sacens\u012bbas Valmier\u0101.<\/div><div class=\"item-date\">22.01.2026<\/div><div class=\"item-description\">15. janv\u0101r\u012b kupls pulci\u0146\u0161 R\u016bjienas Sporta skolas jaun\u0101ko grupu (U-10 un U-12) vieglatl\u0113ti dev&#8230;<\/div>\n                        <\/a><div class=\"item-link\"><a href=\"https:\/\/izglitiba.valmierasnovads.lv\/rujienassportaskola\/jaunako-vieglatletikas-grupu-parbaudes-sacensibas-valmiera\/\">Las\u012bt vair\u0101k<\/a><\/div><\/div><div class=\"item\"><a href=\"https:\/\/izglitiba.valmierasnovads.lv\/rujienassportaskola\/prieks-un-lepnums\/\">\n                        <div class=\"item-image\"><img decoding=\"async\" src=\"  \" \/><\/div><div class=\"item-title\">Prieks un lepnums!<\/div><div class=\"item-date\">09.01.2026<\/div><div class=\"item-description\">Janv\u0101ra pirmaj\u0101 ned\u0113\u013cas nogal\u0113 ar starptautiskaj\u0101m sacens\u012bb\u0101m, kur\u0101s piedal\u012bj\u0101s ap 700 vi&#8230;<\/div>\n                        <\/a><div class=\"item-link\"><a href=\"https:\/\/izglitiba.valmierasnovads.lv\/rujienassportaskola\/prieks-un-lepnums\/\">Las\u012bt vair\u0101k<\/a><\/div><\/div><div class=\"item\"><a href=\"https:\/\/izglitiba.valmierasnovads.lv\/rujienassportaskola\/ziemassvetku-kauss-2025\/\">\n                        <div class=\"item-image\"><img decoding=\"async\" src=\"  \" \/><\/div><div class=\"item-title\">Ziemassv\u0113tku kauss 2025<\/div><div class=\"item-date\">29.12.2025<\/div><div class=\"item-description\">22. un 23.decembr\u012b Valmier\u0101, J.Dali\u0146a stadiona man\u0113\u017e\u0101 notika vieglatl\u0113tikas sacens\u012bbas &amp;#822&#8230;<\/div>\n                        <\/a><div class=\"item-link\"><a href=\"https:\/\/izglitiba.valmierasnovads.lv\/rujienassportaskola\/ziemassvetku-kauss-2025\/\">Las\u012bt vair\u0101k<\/a><\/div><\/div><div class=\"item\"><a href=\"https:\/\/izglitiba.valmierasnovads.lv\/rujienassportaskola\/%f0%9f%8f%80-bbbl-posms-riga-%f0%9f%8f%80\/\">\n                        <div class=\"item-image\"><img decoding=\"async\" src=\"  \" \/><\/div><div class=\"item-title\">\ud83c\udfc0 BBBL posms R\u012bg\u0101 \ud83c\udfc0<\/div><div class=\"item-date\">15.12.2025<\/div><div class=\"item-description\">No 12. l\u012bdz 14. decembrim R\u016bjienas Sporta skolas U10 (2016. g.) basketbola komanda piedal\u012bj\u0101s BB&#8230;<\/div>\n                        <\/a><div class=\"item-link\"><a href=\"https:\/\/izglitiba.valmierasnovads.lv\/rujienassportaskola\/%f0%9f%8f%80-bbbl-posms-riga-%f0%9f%8f%80\/\">Las\u012bt vair\u0101k<\/a><\/div><\/div><div class=\"item\"><a href=\"https:\/\/izglitiba.valmierasnovads.lv\/rujienassportaskola\/vieglatletu-starti-valmiera\/\">\n                        <div class=\"item-image\"><img decoding=\"async\" src=\"  \" \/><\/div><div class=\"item-title\">Vieglatl\u0113tu starti Valmier\u0101!<\/div><div class=\"item-date\">13.12.2025<\/div><div class=\"item-description\">11. decembr\u012b J\u0101\u0146a Dali\u0146a stadiona man\u0113\u017e\u0101 norisin\u0101j\u0101s Valmieras Sporta skolas r\u012bkot\u0101s sace&#8230;<\/div>\n                        <\/a><div class=\"item-link\"><a href=\"https:\/\/izglitiba.valmierasnovads.lv\/rujienassportaskola\/vieglatletu-starti-valmiera\/\">Las\u012bt vair\u0101k<\/a><\/div><\/div>    <\/div>\n<\/div>   \n\n\n\n\n\n<div class='line-wrapper'>\n<\/div>\n<div class=\"poster-slider-wrapper\">\n    <h2>Afi\u0161a<\/h2>\n    <p class=\"link\"><a href=\"https:\/\/izglitiba.valmierasnovads.lv\/rujienassportaskola\/afisas\" title=\"Skat\u012bt visas galerijas\">Skat\u012bt visas<\/a><\/p>\n    <div class=\"poster-slider\">\n            <\/div>\n    <div style=\"display: hidden;\">\n            <\/div>\n<\/div>\n\n\n\n<div class='line-wrapper'>\n<\/div>\n<div class=\"gallery-slider-wrapper\">\n<h2>Galerija<\/h2>\n<p class=\"link\"><a href=\"https:\/\/izglitiba.valmierasnovads.lv\/rujienassportaskola\/galerijas\" title=\"Skat\u012bt visas galerijas\">Skat\u012bt visas<\/a><\/p>\n<div class=\"gallery-slider\">\n    <div class=\"item\"><div class=\"item-image\"><a href=\"https:\/\/izglitiba.valmierasnovads.lv\/rujienassportaskola\/galery\/bbbl-speles-klaipeda\/\"><img decoding=\"async\" src=\" https:\/\/izglitiba.valmierasnovads.lv\/rujienassportaskola\/wp-content\/uploads\/sites\/34\/2026\/02\/635393422_1613561379869533_3735906992380210782_n-e1771597888407.jpg \" \/><div class=\"item-description\"><div class=\"item-title\">BBBL sp\u0113les Klaip\u0113d\u0101<\/div><div class=\"item-count\">13 att\u0113li<\/div><\/div><\/a><\/div><div class=\"item-bottom\"><\/div><\/div><div class=\"item\"><div class=\"item-image\"><a href=\"https:\/\/izglitiba.valmierasnovads.lv\/rujienassportaskola\/galery\/u-10u-12-grupu-vieglatletikas\/\"><img decoding=\"async\" src=\" https:\/\/izglitiba.valmierasnovads.lv\/rujienassportaskola\/wp-content\/uploads\/sites\/34\/2026\/01\/WhatsApp-Image-2026-01-21-at-17.13.06-3.jpeg \" \/><div class=\"item-description\"><div class=\"item-title\">15.01.2026. p\u0101rbaudes sacens\u012bbas vieglatll\u0113tikas U-10,U-12 grup\u0101m Valmier\u0101<\/div><div class=\"item-count\">6 att\u0113li<\/div><\/div><\/a><\/div><div class=\"item-bottom\"><\/div><\/div><\/div>\n<\/div>\n\n\n<div class='line-wrapper'>\n<\/div>\n<div class=\"partner-slider-wrapper\">\n    <div class=\"partner-slider\">\n            <\/div>\n<\/div>","protected":false},"excerpt":{"rendered":"","protected":false},"author":1,"featured_media":0,"parent":0,"menu_order":0,"comment_status":"closed","ping_status":"closed","template":"","meta":{"_acf_changed":false,"site-sidebar-layout":"default","site-content-layout":"","ast-site-content-layout":"default","site-content-style":"default","site-sidebar-style":"default","ast-global-header-display":"","ast-banner-title-visibility":"","ast-main-header-display":"","ast-hfb-above-header-display":"","ast-hfb-below-header-display":"","ast-hfb-mobile-header-display":"","site-post-title":"","ast-breadcrumbs-content":"","ast-featured-img":"","footer-sml-layout":"","ast-disable-related-posts":"","theme-transparent-header-meta":"","adv-header-id-meta":"","stick-header-meta":"","header-above-stick-meta":"","header-main-stick-meta":"","header-below-stick-meta":"","astra-migrate-meta-layouts":"default","ast-page-background-enabled":"default","ast-page-background-meta":{"desktop":{"background-color":"var(--ast-global-color-5)","background-image":"","background-repeat":"repeat","background-position":"center center","background-size":"auto","background-attachment":"scroll","background-type":"","background-media":"","overlay-type":"","overlay-color":"","overlay-opacity":"","overlay-gradient":""},"tablet":{"background-color":"","background-image":"","background-repeat":"repeat","background-position":"center center","background-size":"auto","background-attachment":"scroll","background-type":"","background-media":"","overlay-type":"","overlay-color":"","overlay-opacity":"","overlay-gradient":""},"mobile":{"background-color":"","background-image":"","background-repeat":"repeat","background-position":"center center","background-size":"auto","background-attachment":"scroll","background-type":"","background-media":"","overlay-type":"","overlay-color":"","overlay-opacity":"","overlay-gradient":""}},"ast-content-background-meta":{"desktop":{"background-color":"var(--ast-global-color-4)","background-image":"","background-repeat":"repeat","background-position":"center center","background-size":"auto","background-attachment":"scroll","background-type":"","background-media":"","overlay-type":"","overlay-color":"","overlay-opacity":"","overlay-gradient":""},"tablet":{"background-color":"var(--ast-global-color-4)","background-image":"","background-repeat":"repeat","background-position":"center center","background-size":"auto","background-attachment":"scroll","background-type":"","background-media":"","overlay-type":"","overlay-color":"","overlay-opacity":"","overlay-gradient":""},"mobile":{"background-color":"var(--ast-global-color-4)","background-image":"","background-repeat":"repeat","background-position":"center center","background-size":"auto","background-attachment":"scroll","background-type":"","background-media":"","overlay-type":"","overlay-color":"","overlay-opacity":"","overlay-gradient":""}},"footnotes":""},"class_list":["post-7","page","type-page","status-publish","hentry"],"acf":[],"yoast_head":"<!-- This site is optimized with the Yoast SEO plugin v27.0 - https:\/\/yoast.com\/product\/yoast-seo-wordpress\/ -->\n<title>S\u0101kumlapa - R\u016bjienas Sporta skola<\/title>\n<meta name=\"robots\" content=\"index, follow, max-snippet:-1, max-image-preview:large, max-video-preview:-1\" \/>\n<link rel=\"canonical\" href=\"https:\/\/izglitiba.valmierasnovads.lv\/rujienassportaskola\/\" \/>\n<meta property=\"og:locale\" content=\"lv_LV\" \/>\n<meta property=\"og:type\" content=\"article\" \/>\n<meta property=\"og:title\" content=\"S\u0101kumlapa - R\u016bjienas Sporta skola\" \/>\n<meta property=\"og:url\" content=\"https:\/\/izglitiba.valmierasnovads.lv\/rujienassportaskola\/\" \/>\n<meta property=\"og:site_name\" content=\"R\u016bjienas Sporta skola\" \/>\n<meta property=\"article:modified_time\" content=\"2026-03-25T10:02:20+00:00\" \/>\n<meta name=\"twitter:card\" content=\"summary_large_image\" \/>\n<script type=\"application\/ld+json\" class=\"yoast-schema-graph\">{\"@context\":\"https:\/\/schema.org\",\"@graph\":[{\"@type\":\"WebPage\",\"@id\":\"https:\/\/izglitiba.valmierasnovads.lv\/rujienassportaskola\/\",\"url\":\"https:\/\/izglitiba.valmierasnovads.lv\/rujienassportaskola\/\",\"name\":\"S\u0101kumlapa - R\u016bjienas Sporta skola\",\"isPartOf\":{\"@id\":\"https:\/\/izglitiba.valmierasnovads.lv\/rujienassportaskola\/#website\"},\"datePublished\":\"2025-06-05T13:13:53+00:00\",\"dateModified\":\"2026-03-25T10:02:20+00:00\",\"breadcrumb\":{\"@id\":\"https:\/\/izglitiba.valmierasnovads.lv\/rujienassportaskola\/#breadcrumb\"},\"inLanguage\":\"lv-LV\",\"potentialAction\":[{\"@type\":\"ReadAction\",\"target\":[\"https:\/\/izglitiba.valmierasnovads.lv\/rujienassportaskola\/\"]}]},{\"@type\":\"BreadcrumbList\",\"@id\":\"https:\/\/izglitiba.valmierasnovads.lv\/rujienassportaskola\/#breadcrumb\",\"itemListElement\":[{\"@type\":\"ListItem\",\"position\":1,\"name\":\"Home\",\"item\":\"https:\/\/izglitiba.valmierasnovads.lv\/rujienassportaskola\/\"},{\"@type\":\"ListItem\",\"position\":2,\"name\":\"S\u0101kumlapa\"}]},{\"@type\":\"WebSite\",\"@id\":\"https:\/\/izglitiba.valmierasnovads.lv\/rujienassportaskola\/#website\",\"url\":\"https:\/\/izglitiba.valmierasnovads.lv\/rujienassportaskola\/\",\"name\":\"R\u016bjienas Sporta skola\",\"description\":\"\",\"publisher\":{\"@id\":\"https:\/\/izglitiba.valmierasnovads.lv\/rujienassportaskola\/#organization\"},\"potentialAction\":[{\"@type\":\"SearchAction\",\"target\":{\"@type\":\"EntryPoint\",\"urlTemplate\":\"https:\/\/izglitiba.valmierasnovads.lv\/rujienassportaskola\/?s={search_term_string}\"},\"query-input\":{\"@type\":\"PropertyValueSpecification\",\"valueRequired\":true,\"valueName\":\"search_term_string\"}}],\"inLanguage\":\"lv-LV\"},{\"@type\":\"Organization\",\"@id\":\"https:\/\/izglitiba.valmierasnovads.lv\/rujienassportaskola\/#organization\",\"name\":\"R\u016bjienas Sporta skola\",\"url\":\"https:\/\/izglitiba.valmierasnovads.lv\/rujienassportaskola\/\",\"logo\":{\"@type\":\"ImageObject\",\"inLanguage\":\"lv-LV\",\"@id\":\"https:\/\/izglitiba.valmierasnovads.lv\/rujienassportaskola\/#\/schema\/logo\/image\/\",\"url\":\"https:\/\/izglitiba.valmierasnovads.lv\/rujienassportaskola\/wp-content\/uploads\/sites\/34\/2026\/03\/cropped-Komplekta-ar-pasu-logo-18-scaled-1.png\",\"contentUrl\":\"https:\/\/izglitiba.valmierasnovads.lv\/rujienassportaskola\/wp-content\/uploads\/sites\/34\/2026\/03\/cropped-Komplekta-ar-pasu-logo-18-scaled-1.png\",\"width\":2277,\"height\":404,\"caption\":\"R\u016bjienas Sporta skola\"},\"image\":{\"@id\":\"https:\/\/izglitiba.valmierasnovads.lv\/rujienassportaskola\/#\/schema\/logo\/image\/\"}}]}<\/script>\n<!-- \/ Yoast SEO plugin. -->","yoast_head_json":{"title":"S\u0101kumlapa - R\u016bjienas Sporta skola","robots":{"index":"index","follow":"follow","max-snippet":"max-snippet:-1","max-image-preview":"max-image-preview:large","max-video-preview":"max-video-preview:-1"},"canonical":"https:\/\/izglitiba.valmierasnovads.lv\/rujienassportaskola\/","og_locale":"lv_LV","og_type":"article","og_title":"S\u0101kumlapa - R\u016bjienas Sporta skola","og_url":"https:\/\/izglitiba.valmierasnovads.lv\/rujienassportaskola\/","og_site_name":"R\u016bjienas Sporta skola","article_modified_time":"2026-03-25T10:02:20+00:00","twitter_card":"summary_large_image","schema":{"@context":"https:\/\/schema.org","@graph":[{"@type":"WebPage","@id":"https:\/\/izglitiba.valmierasnovads.lv\/rujienassportaskola\/","url":"https:\/\/izglitiba.valmierasnovads.lv\/rujienassportaskola\/","name":"S\u0101kumlapa - R\u016bjienas Sporta skola","isPartOf":{"@id":"https:\/\/izglitiba.valmierasnovads.lv\/rujienassportaskola\/#website"},"datePublished":"2025-06-05T13:13:53+00:00","dateModified":"2026-03-25T10:02:20+00:00","breadcrumb":{"@id":"https:\/\/izglitiba.valmierasnovads.lv\/rujienassportaskola\/#breadcrumb"},"inLanguage":"lv-LV","potentialAction":[{"@type":"ReadAction","target":["https:\/\/izglitiba.valmierasnovads.lv\/rujienassportaskola\/"]}]},{"@type":"BreadcrumbList","@id":"https:\/\/izglitiba.valmierasnovads.lv\/rujienassportaskola\/#breadcrumb","itemListElement":[{"@type":"ListItem","position":1,"name":"Home","item":"https:\/\/izglitiba.valmierasnovads.lv\/rujienassportaskola\/"},{"@type":"ListItem","position":2,"name":"S\u0101kumlapa"}]},{"@type":"WebSite","@id":"https:\/\/izglitiba.valmierasnovads.lv\/rujienassportaskola\/#website","url":"https:\/\/izglitiba.valmierasnovads.lv\/rujienassportaskola\/","name":"R\u016bjienas Sporta skola","description":"","publisher":{"@id":"https:\/\/izglitiba.valmierasnovads.lv\/rujienassportaskola\/#organization"},"potentialAction":[{"@type":"SearchAction","target":{"@type":"EntryPoint","urlTemplate":"https:\/\/izglitiba.valmierasnovads.lv\/rujienassportaskola\/?s={search_term_string}"},"query-input":{"@type":"PropertyValueSpecification","valueRequired":true,"valueName":"search_term_string"}}],"inLanguage":"lv-LV"},{"@type":"Organization","@id":"https:\/\/izglitiba.valmierasnovads.lv\/rujienassportaskola\/#organization","name":"R\u016bjienas Sporta skola","url":"https:\/\/izglitiba.valmierasnovads.lv\/rujienassportaskola\/","logo":{"@type":"ImageObject","inLanguage":"lv-LV","@id":"https:\/\/izglitiba.valmierasnovads.lv\/rujienassportaskola\/#\/schema\/logo\/image\/","url":"https:\/\/izglitiba.valmierasnovads.lv\/rujienassportaskola\/wp-content\/uploads\/sites\/34\/2026\/03\/cropped-Komplekta-ar-pasu-logo-18-scaled-1.png","contentUrl":"https:\/\/izglitiba.valmierasnovads.lv\/rujienassportaskola\/wp-content\/uploads\/sites\/34\/2026\/03\/cropped-Komplekta-ar-pasu-logo-18-scaled-1.png","width":2277,"height":404,"caption":"R\u016bjienas Sporta skola"},"image":{"@id":"https:\/\/izglitiba.valmierasnovads.lv\/rujienassportaskola\/#\/schema\/logo\/image\/"}}]}},"_links":{"self":[{"href":"https:\/\/izglitiba.valmierasnovads.lv\/rujienassportaskola\/wp-json\/wp\/v2\/pages\/7","targetHints":{"allow":["GET"]}}],"collection":[{"href":"https:\/\/izglitiba.valmierasnovads.lv\/rujienassportaskola\/wp-json\/wp\/v2\/pages"}],"about":[{"href":"https:\/\/izglitiba.valmierasnovads.lv\/rujienassportaskola\/wp-json\/wp\/v2\/types\/page"}],"author":[{"embeddable":true,"href":"https:\/\/izglitiba.valmierasnovads.lv\/rujienassportaskola\/wp-json\/wp\/v2\/users\/1"}],"replies":[{"embeddable":true,"href":"https:\/\/izglitiba.valmierasnovads.lv\/rujienassportaskola\/wp-json\/wp\/v2\/comments?post=7"}],"version-history":[{"count":5,"href":"https:\/\/izglitiba.valmierasnovads.lv\/rujienassportaskola\/wp-json\/wp\/v2\/pages\/7\/revisions"}],"predecessor-version":[{"id":380,"href":"https:\/\/izglitiba.valmierasnovads.lv\/rujienassportaskola\/wp-json\/wp\/v2\/pages\/7\/revisions\/380"}],"wp:attachment":[{"href":"https:\/\/izglitiba.valmierasnovads.lv\/rujienassportaskola\/wp-json\/wp\/v2\/media?parent=7"}],"curies":[{"name":"wp","href":"https:\/\/api.w.org\/{rel}","templated":true}]}}