{"id":163,"date":"2025-07-16T15:59:53","date_gmt":"2025-07-16T12:59:53","guid":{"rendered":"https:\/\/izglitiba.valmierasnovads.lv\/rujienavarpina\/?page_id=163"},"modified":"2026-02-26T16:28:37","modified_gmt":"2026-02-26T14:28:37","slug":"atbalsts-berniem-ar-specialajam-vajadzibam","status":"publish","type":"page","link":"https:\/\/izglitiba.valmierasnovads.lv\/rujienavarpina\/atbalsts-berniem-ar-specialajam-vajadzibam\/","title":{"rendered":"Atbalsts b\u0113rniem ar speci\u0101laj\u0101m vajadz\u012bb\u0101m"},"content":{"rendered":"\n<div class=\"wp-block-columns is-layout-flex wp-container-core-columns-is-layout-28f84493 wp-block-columns-is-layout-flex\">\n<div class=\"wp-block-column is-layout-flow wp-block-column-is-layout-flow\">\n<div class=\"wp-block-media-text is-stacked-on-mobile is-vertically-aligned-top\"><figure class=\"wp-block-media-text__media\"><img loading=\"lazy\" decoding=\"async\" width=\"877\" height=\"877\" src=\"https:\/\/izglitiba.valmierasnovads.lv\/rujienavarpina\/wp-content\/uploads\/sites\/14\/2025\/07\/e9a13603-7212-4d8b-8b20-48b399a7e93b.jpg\" alt=\"\" class=\"wp-image-177 size-full\" srcset=\"https:\/\/izglitiba.valmierasnovads.lv\/rujienavarpina\/wp-content\/uploads\/sites\/14\/2025\/07\/e9a13603-7212-4d8b-8b20-48b399a7e93b.jpg 877w, https:\/\/izglitiba.valmierasnovads.lv\/rujienavarpina\/wp-content\/uploads\/sites\/14\/2025\/07\/e9a13603-7212-4d8b-8b20-48b399a7e93b-300x300.jpg 300w, https:\/\/izglitiba.valmierasnovads.lv\/rujienavarpina\/wp-content\/uploads\/sites\/14\/2025\/07\/e9a13603-7212-4d8b-8b20-48b399a7e93b-150x150.jpg 150w, https:\/\/izglitiba.valmierasnovads.lv\/rujienavarpina\/wp-content\/uploads\/sites\/14\/2025\/07\/e9a13603-7212-4d8b-8b20-48b399a7e93b-768x768.jpg 768w\" sizes=\"auto, (max-width: 877px) 100vw, 877px\" \/><\/figure><div class=\"wp-block-media-text__content\">\n<p><strong>Logop\u0113ds<\/strong><\/p>\n\n\n\n<p>Sp\u0113ja skaisti run\u0101t ir viena no J\u016bsu b\u0113rna viz\u012btkart\u0113m, kas veidos soci\u0101lo kontaktu ar apk\u0101rt\u0113jiem.<\/p>\n\n\n\n<p>Iest\u0101des logop\u0113ds pal\u012bdz\u0113s noteikt b\u0113rna runas att\u012bst\u012bbas l\u012bmeni, izrunas defektus un praktiz\u0113s atbilsto\u0161as metodes b\u0113rna izrunas korekcijai.<\/p>\n<\/div><\/div>\n<\/div>\n\n\n\n<div class=\"wp-block-column is-layout-flow wp-block-column-is-layout-flow\">\n<div class=\"wp-block-media-text is-stacked-on-mobile is-vertically-aligned-top\"><figure class=\"wp-block-media-text__media\"><img loading=\"lazy\" decoding=\"async\" width=\"480\" height=\"480\" src=\"https:\/\/izglitiba.valmierasnovads.lv\/rujienavarpina\/wp-content\/uploads\/sites\/14\/2025\/07\/d26962bf-1129-4154-88ce-67e980516159.jpg\" alt=\"\" class=\"wp-image-170 size-full\" srcset=\"https:\/\/izglitiba.valmierasnovads.lv\/rujienavarpina\/wp-content\/uploads\/sites\/14\/2025\/07\/d26962bf-1129-4154-88ce-67e980516159.jpg 480w, https:\/\/izglitiba.valmierasnovads.lv\/rujienavarpina\/wp-content\/uploads\/sites\/14\/2025\/07\/d26962bf-1129-4154-88ce-67e980516159-300x300.jpg 300w, https:\/\/izglitiba.valmierasnovads.lv\/rujienavarpina\/wp-content\/uploads\/sites\/14\/2025\/07\/d26962bf-1129-4154-88ce-67e980516159-150x150.jpg 150w\" sizes=\"auto, (max-width: 480px) 100vw, 480px\" \/><\/figure><div class=\"wp-block-media-text__content\">\n<p><strong>Montesori terapija<\/strong><\/p>\n\n\n\n<p>B\u0113rni pedagoga vad\u012bb\u0101 darbojas kabinet\u0101 ar speci\u0101li pagatavotiem materi\u0101liem, kas veidoti t\u0101, lai b\u0113rns sp\u0113tu paman\u012bt savas k\u013c\u016bdas un labot t\u0101s.<\/p>\n\n\n\n<p>B\u0113rniem \u0161\u012b metode ir k\u0101 septi\u0146j\u016bd\u017eu z\u0101baki, kas pal\u012bdz \u0101tr\u0101k un veiksm\u012bg\u0101k virz\u012bties uz priek\u0161u sav\u0101 att\u012bst\u012bb\u0101.<\/p>\n<\/div><\/div>\n<\/div>\n\n\n\n<div class=\"wp-block-column is-layout-flow wp-block-column-is-layout-flow\">\n<div class=\"wp-block-media-text is-stacked-on-mobile is-vertically-aligned-top\"><figure class=\"wp-block-media-text__media\"><img loading=\"lazy\" decoding=\"async\" width=\"480\" height=\"480\" src=\"https:\/\/izglitiba.valmierasnovads.lv\/rujienavarpina\/wp-content\/uploads\/sites\/14\/2025\/07\/872b869c-2bb8-40ff-8eff-e97e5e0ce0a5.jpg\" alt=\"\" class=\"wp-image-168 size-full\" srcset=\"https:\/\/izglitiba.valmierasnovads.lv\/rujienavarpina\/wp-content\/uploads\/sites\/14\/2025\/07\/872b869c-2bb8-40ff-8eff-e97e5e0ce0a5.jpg 480w, https:\/\/izglitiba.valmierasnovads.lv\/rujienavarpina\/wp-content\/uploads\/sites\/14\/2025\/07\/872b869c-2bb8-40ff-8eff-e97e5e0ce0a5-300x300.jpg 300w, https:\/\/izglitiba.valmierasnovads.lv\/rujienavarpina\/wp-content\/uploads\/sites\/14\/2025\/07\/872b869c-2bb8-40ff-8eff-e97e5e0ce0a5-150x150.jpg 150w\" sizes=\"auto, (max-width: 480px) 100vw, 480px\" \/><\/figure><div class=\"wp-block-media-text__content\">\n<p><strong>Silto smil\u0161u terapija<\/strong><\/p>\n\n\n\n<p>Silto smil\u0161u terapija uzlabo b\u0113rnu visp\u0101r\u012bgo vesel\u012bbu, k\u0101 ar\u012b veicina smadze\u0146u, limfas un nervu darb\u012bbu, asinsriti, elpo\u0161anu un citas organisma funkcijas.<\/p>\n\n\n\n<p>Atrodoties smilt\u012bs (38\u00b0C \u2013 40\u00b0C), b\u0113rnu nervu sist\u0113ma nomierin\u0101s, jo smil\u0161u elektromagn\u0113tiskais lauks atrodas zemfrekven\u010du diapazon\u0101, kas cilv\u0113kam ir dabiski atbilsto\u0161s un nodro\u0161ina organisma \u0161\u016bnu pa\u0161regul\u0101ciju.<\/p>\n<\/div><\/div>\n<\/div>\n<\/div>\n\n\n\n<div class=\"wp-block-columns is-layout-flex wp-container-core-columns-is-layout-28f84493 wp-block-columns-is-layout-flex\">\n<div class=\"wp-block-column is-layout-flow wp-block-column-is-layout-flow\">\n<div class=\"wp-block-media-text is-stacked-on-mobile is-vertically-aligned-top\"><figure class=\"wp-block-media-text__media\"><img loading=\"lazy\" decoding=\"async\" width=\"480\" height=\"480\" src=\"https:\/\/izglitiba.valmierasnovads.lv\/rujienavarpina\/wp-content\/uploads\/sites\/14\/2025\/07\/ad1aeaeb-94c3-461c-9ef0-6eef85197b10.jpg\" alt=\"\" class=\"wp-image-175 size-full\" srcset=\"https:\/\/izglitiba.valmierasnovads.lv\/rujienavarpina\/wp-content\/uploads\/sites\/14\/2025\/07\/ad1aeaeb-94c3-461c-9ef0-6eef85197b10.jpg 480w, https:\/\/izglitiba.valmierasnovads.lv\/rujienavarpina\/wp-content\/uploads\/sites\/14\/2025\/07\/ad1aeaeb-94c3-461c-9ef0-6eef85197b10-300x300.jpg 300w, https:\/\/izglitiba.valmierasnovads.lv\/rujienavarpina\/wp-content\/uploads\/sites\/14\/2025\/07\/ad1aeaeb-94c3-461c-9ef0-6eef85197b10-150x150.jpg 150w\" sizes=\"auto, (max-width: 480px) 100vw, 480px\" \/><\/figure><div class=\"wp-block-media-text__content\">\n<p><strong>S\u0101ls istabas terapija<\/strong><\/p>\n\n\n\n<p class=\"has-text-align-left\">S\u0101ls istabas terapija \u012bpa\u0161i ieteicama saaukst\u0113\u0161an\u0101s slim\u012bbu profilaksei, im\u016bn\u0101s sist\u0113mas stiprin\u0101\u0161anai, aler\u0123ijas simptomu atvieglo\u0161anai, klepus simptomu mazin\u0101\u0161anai, bronhi\u0101l\u0101s astmas profilaksei, nervu sist\u0113mas relaks\u0101cijai.<\/p>\n\n\n\n<p>Terapija paredz\u0113ta visiem b\u0113rniem 2 reizes m\u0101c\u012bbu gad\u0101 (vajadz\u012bga \u0123imenes \u0101rsta izzi\u0146a &#8211; izraksts).<\/p>\n<\/div><\/div>\n<\/div>\n\n\n\n<div class=\"wp-block-column is-layout-flow wp-block-column-is-layout-flow\">\n<div class=\"wp-block-media-text is-stacked-on-mobile\"><figure class=\"wp-block-media-text__media\"><\/figure><div class=\"wp-block-media-text__content\">\n<p><strong>Barboleta metode<\/strong><\/p>\n\n\n\n<p>Metodes pamat\u0101 ir l\u012bdzsvars, kust\u012bbu koordin\u0101cija un saj\u016btu pieredze, kas veido kust\u012bb\u0101 balst\u012btu m\u0101c\u012b\u0161an\u0101s vidi.<\/p>\n\n\n\n<p>Metodes laik\u0101 kust\u012bba pal\u012bdz notur\u0113t uzman\u012bbu \u201c\u0161eit un tagad\u201d, dabiski aktiviz\u0113jot smadze\u0146u darb\u012bbu, sk\u0101bek\u013ca apriti un sadarb\u012bbu starp ab\u0101m smadze\u0146u puslod\u0113m. \u0160\u0101da pieeja \u013cauj viegl\u0101k un interesant\u0101k apg\u016bt m\u0101c\u012bbu vielu, sal\u012bdzinot ar klasisku, ilgsto\u0161u m\u0101c\u012b\u0161anos s\u0113dus poz\u012bcij\u0101.<\/p>\n<\/div><\/div>\n<\/div>\n\n\n\n<div class=\"wp-block-column is-layout-flow wp-block-column-is-layout-flow\">\n<div class=\"wp-block-media-text is-stacked-on-mobile\"><figure class=\"wp-block-media-text__media\"><\/figure><div class=\"wp-block-media-text__content\">\n<p><strong>Speci\u0101lais pedagogs<\/strong><\/p>\n\n\n\n<p><strong>I<\/strong>zgl\u012bt\u012bbas speci\u0101lists, kas str\u0101d\u0101 ar b\u0113rniem, kuriem ir \u012bpa\u0161as vajadz\u012bbas m\u0101c\u012bbu proces\u0101. Speci\u0101l\u0101 pedagoga galvenais uzdevums ir piel\u0101got m\u0101c\u012bbu procesu t\u0101, lai tas atbilstu b\u0113rna individu\u0101laj\u0101m vajadz\u012bb\u0101m un sp\u0113j\u0101m, pal\u012bdzot p\u0101rvar\u0113t m\u0101c\u012bbu gr\u016bt\u012bbas, att\u012bst\u012bt prasmes un iema\u0146as.<\/p>\n<\/div><\/div>\n<\/div>\n<\/div>\n\n\n\n<div class=\"wp-block-columns is-layout-flex wp-container-core-columns-is-layout-28f84493 wp-block-columns-is-layout-flex\">\n<div class=\"wp-block-column is-layout-flow wp-block-column-is-layout-flow\">\n<div class=\"wp-block-media-text is-stacked-on-mobile\"><figure class=\"wp-block-media-text__media\"><\/figure><div class=\"wp-block-media-text__content\">\n<p><strong>Soci\u0101lais pedagogs<\/strong><\/p>\n\n\n\n<p>Atbalsta b\u0113rnu, pedagogu, \u0123imeni probl\u0113msitu\u0101cij\u0101s, pal\u012bdz rast to risin\u0101jumu.<\/p>\n\n\n\n<p>Sekm\u0113 b\u0113rnu komunik\u0101cijas prasmes, prasmes risin\u0101t konfliktus, argument\u0113jot savu viedokli un respekt\u0113jot citu domas, pal\u012bdz veidot savstarp\u0113j\u0101s attiec\u012bbas ar vienaud\u017eiem, pedagogiem, \u0123imenes locek\u013ciem un sabiedr\u012bbu.<\/p>\n\n\n\n<p>Nepiecie\u0161am\u012bbas gad\u012bjum\u0101 veic individu\u0101lo darbu ar b\u0113rniem, kuriem nepiecie\u0161ama konkr\u0113tu prasmju un iema\u0146u uzlabo\u0161ana.<\/p>\n\n\n\n<p>Sniedz inform\u0101ciju vec\u0101kiem par vi\u0146u b\u0113rnu uzved\u012bbu.<\/p>\n<\/div><\/div>\n<\/div>\n\n\n\n<div class=\"wp-block-column is-layout-flow wp-block-column-is-layout-flow\"><\/div>\n\n\n\n<div class=\"wp-block-column is-layout-flow wp-block-column-is-layout-flow\"><\/div>\n<\/div>\n","protected":false},"excerpt":{"rendered":"<p>Logop\u0113ds Sp\u0113ja skaisti run\u0101t ir viena no J\u016bsu b\u0113rna viz\u012btkart\u0113m, kas veidos soci\u0101lo kontaktu ar apk\u0101rt\u0113jiem. Iest\u0101des logop\u0113ds pal\u012bdz\u0113s noteikt [&hellip;]<\/p>\n","protected":false},"author":15,"featured_media":0,"parent":0,"menu_order":0,"comment_status":"closed","ping_status":"closed","template":"","meta":{"_acf_changed":false,"site-sidebar-layout":"default","site-content-layout":"","ast-site-content-layout":"default","site-content-style":"default","site-sidebar-style":"default","ast-global-header-display":"","ast-banner-title-visibility":"","ast-main-header-display":"","ast-hfb-above-header-display":"","ast-hfb-below-header-display":"","ast-hfb-mobile-header-display":"","site-post-title":"","ast-breadcrumbs-content":"","ast-featured-img":"","footer-sml-layout":"","ast-disable-related-posts":"","theme-transparent-header-meta":"","adv-header-id-meta":"","stick-header-meta":"","header-above-stick-meta":"","header-main-stick-meta":"","header-below-stick-meta":"","astra-migrate-meta-layouts":"default","ast-page-background-enabled":"default","ast-page-background-meta":{"desktop":{"background-color":"var(--ast-global-color-5)","background-image":"","background-repeat":"repeat","background-position":"center center","background-size":"auto","background-attachment":"scroll","background-type":"","background-media":"","overlay-type":"","overlay-color":"","overlay-opacity":"","overlay-gradient":""},"tablet":{"background-color":"","background-image":"","background-repeat":"repeat","background-position":"center center","background-size":"auto","background-attachment":"scroll","background-type":"","background-media":"","overlay-type":"","overlay-color":"","overlay-opacity":"","overlay-gradient":""},"mobile":{"background-color":"","background-image":"","background-repeat":"repeat","background-position":"center center","background-size":"auto","background-attachment":"scroll","background-type":"","background-media":"","overlay-type":"","overlay-color":"","overlay-opacity":"","overlay-gradient":""}},"ast-content-background-meta":{"desktop":{"background-color":"var(--ast-global-color-4)","background-image":"","background-repeat":"repeat","background-position":"center center","background-size":"auto","background-attachment":"scroll","background-type":"","background-media":"","overlay-type":"","overlay-color":"","overlay-opacity":"","overlay-gradient":""},"tablet":{"background-color":"var(--ast-global-color-4)","background-image":"","background-repeat":"repeat","background-position":"center center","background-size":"auto","background-attachment":"scroll","background-type":"","background-media":"","overlay-type":"","overlay-color":"","overlay-opacity":"","overlay-gradient":""},"mobile":{"background-color":"var(--ast-global-color-4)","background-image":"","background-repeat":"repeat","background-position":"center center","background-size":"auto","background-attachment":"scroll","background-type":"","background-media":"","overlay-type":"","overlay-color":"","overlay-opacity":"","overlay-gradient":""}},"footnotes":""},"class_list":["post-163","page","type-page","status-publish","hentry"],"acf":[],"yoast_head":"<!-- This site is optimized with the Yoast SEO plugin v27.0 - https:\/\/yoast.com\/product\/yoast-seo-wordpress\/ -->\n<title>Atbalsts b\u0113rniem ar speci\u0101laj\u0101m vajadz\u012bb\u0101m - R\u016bjienas pirmsskolas izgl\u012bt\u012bbas iest\u0101de ,,V\u0101rpi\u0146a\u201d<\/title>\n<meta name=\"robots\" content=\"index, follow, max-snippet:-1, max-image-preview:large, max-video-preview:-1\" \/>\n<link rel=\"canonical\" href=\"https:\/\/izglitiba.valmierasnovads.lv\/rujienavarpina\/atbalsts-berniem-ar-specialajam-vajadzibam\/\" \/>\n<meta property=\"og:locale\" content=\"lv_LV\" \/>\n<meta property=\"og:type\" content=\"article\" \/>\n<meta property=\"og:title\" content=\"Atbalsts b\u0113rniem ar speci\u0101laj\u0101m vajadz\u012bb\u0101m - R\u016bjienas pirmsskolas izgl\u012bt\u012bbas iest\u0101de ,,V\u0101rpi\u0146a\u201d\" \/>\n<meta property=\"og:description\" content=\"Logop\u0113ds Sp\u0113ja skaisti run\u0101t ir viena no J\u016bsu b\u0113rna viz\u012btkart\u0113m, kas veidos soci\u0101lo kontaktu ar apk\u0101rt\u0113jiem. Iest\u0101des logop\u0113ds pal\u012bdz\u0113s noteikt [&hellip;]\" \/>\n<meta property=\"og:url\" content=\"https:\/\/izglitiba.valmierasnovads.lv\/rujienavarpina\/atbalsts-berniem-ar-specialajam-vajadzibam\/\" \/>\n<meta property=\"og:site_name\" content=\"R\u016bjienas pirmsskolas izgl\u012bt\u012bbas iest\u0101de ,,V\u0101rpi\u0146a\u201d\" \/>\n<meta property=\"article:modified_time\" content=\"2026-02-26T14:28:37+00:00\" \/>\n<meta property=\"og:image\" content=\"https:\/\/izglitiba.valmierasnovads.lv\/rujienavarpina\/wp-content\/uploads\/sites\/14\/2025\/07\/e9a13603-7212-4d8b-8b20-48b399a7e93b.jpg\" \/>\n\t<meta property=\"og:image:width\" content=\"877\" \/>\n\t<meta property=\"og:image:height\" content=\"877\" \/>\n\t<meta property=\"og:image:type\" content=\"image\/jpeg\" \/>\n<meta name=\"twitter:card\" content=\"summary_large_image\" \/>\n<meta name=\"twitter:label1\" content=\"Est. reading time\" \/>\n\t<meta name=\"twitter:data1\" content=\"3 min\u016btes\" \/>\n<script type=\"application\/ld+json\" class=\"yoast-schema-graph\">{\"@context\":\"https:\/\/schema.org\",\"@graph\":[{\"@type\":\"WebPage\",\"@id\":\"https:\/\/izglitiba.valmierasnovads.lv\/rujienavarpina\/atbalsts-berniem-ar-specialajam-vajadzibam\/\",\"url\":\"https:\/\/izglitiba.valmierasnovads.lv\/rujienavarpina\/atbalsts-berniem-ar-specialajam-vajadzibam\/\",\"name\":\"Atbalsts b\u0113rniem ar speci\u0101laj\u0101m vajadz\u012bb\u0101m - R\u016bjienas pirmsskolas izgl\u012bt\u012bbas iest\u0101de ,,V\u0101rpi\u0146a\u201d\",\"isPartOf\":{\"@id\":\"https:\/\/izglitiba.valmierasnovads.lv\/rujienavarpina\/#website\"},\"primaryImageOfPage\":{\"@id\":\"https:\/\/izglitiba.valmierasnovads.lv\/rujienavarpina\/atbalsts-berniem-ar-specialajam-vajadzibam\/#primaryimage\"},\"image\":{\"@id\":\"https:\/\/izglitiba.valmierasnovads.lv\/rujienavarpina\/atbalsts-berniem-ar-specialajam-vajadzibam\/#primaryimage\"},\"thumbnailUrl\":\"https:\/\/izglitiba.valmierasnovads.lv\/rujienavarpina\/wp-content\/uploads\/sites\/14\/2025\/07\/e9a13603-7212-4d8b-8b20-48b399a7e93b.jpg\",\"datePublished\":\"2025-07-16T12:59:53+00:00\",\"dateModified\":\"2026-02-26T14:28:37+00:00\",\"breadcrumb\":{\"@id\":\"https:\/\/izglitiba.valmierasnovads.lv\/rujienavarpina\/atbalsts-berniem-ar-specialajam-vajadzibam\/#breadcrumb\"},\"inLanguage\":\"lv-LV\",\"potentialAction\":[{\"@type\":\"ReadAction\",\"target\":[\"https:\/\/izglitiba.valmierasnovads.lv\/rujienavarpina\/atbalsts-berniem-ar-specialajam-vajadzibam\/\"]}]},{\"@type\":\"ImageObject\",\"inLanguage\":\"lv-LV\",\"@id\":\"https:\/\/izglitiba.valmierasnovads.lv\/rujienavarpina\/atbalsts-berniem-ar-specialajam-vajadzibam\/#primaryimage\",\"url\":\"https:\/\/izglitiba.valmierasnovads.lv\/rujienavarpina\/wp-content\/uploads\/sites\/14\/2025\/07\/e9a13603-7212-4d8b-8b20-48b399a7e93b.jpg\",\"contentUrl\":\"https:\/\/izglitiba.valmierasnovads.lv\/rujienavarpina\/wp-content\/uploads\/sites\/14\/2025\/07\/e9a13603-7212-4d8b-8b20-48b399a7e93b.jpg\",\"width\":877,\"height\":877},{\"@type\":\"BreadcrumbList\",\"@id\":\"https:\/\/izglitiba.valmierasnovads.lv\/rujienavarpina\/atbalsts-berniem-ar-specialajam-vajadzibam\/#breadcrumb\",\"itemListElement\":[{\"@type\":\"ListItem\",\"position\":1,\"name\":\"Home\",\"item\":\"https:\/\/izglitiba.valmierasnovads.lv\/rujienavarpina\/\"},{\"@type\":\"ListItem\",\"position\":2,\"name\":\"Atbalsts b\u0113rniem ar speci\u0101laj\u0101m vajadz\u012bb\u0101m\"}]},{\"@type\":\"WebSite\",\"@id\":\"https:\/\/izglitiba.valmierasnovads.lv\/rujienavarpina\/#website\",\"url\":\"https:\/\/izglitiba.valmierasnovads.lv\/rujienavarpina\/\",\"name\":\"R\u016bjienas pirmsskolas izgl\u012bt\u012bbas iest\u0101de ,,V\u0101rpi\u0146a\u201d\",\"description\":\"\",\"publisher\":{\"@id\":\"https:\/\/izglitiba.valmierasnovads.lv\/rujienavarpina\/#organization\"},\"potentialAction\":[{\"@type\":\"SearchAction\",\"target\":{\"@type\":\"EntryPoint\",\"urlTemplate\":\"https:\/\/izglitiba.valmierasnovads.lv\/rujienavarpina\/?s={search_term_string}\"},\"query-input\":{\"@type\":\"PropertyValueSpecification\",\"valueRequired\":true,\"valueName\":\"search_term_string\"}}],\"inLanguage\":\"lv-LV\"},{\"@type\":\"Organization\",\"@id\":\"https:\/\/izglitiba.valmierasnovads.lv\/rujienavarpina\/#organization\",\"name\":\"R\u016bjienas pirmsskolas izgl\u012bt\u012bbas iest\u0101de ,,V\u0101rpi\u0146a\u201d\",\"url\":\"https:\/\/izglitiba.valmierasnovads.lv\/rujienavarpina\/\",\"logo\":{\"@type\":\"ImageObject\",\"inLanguage\":\"lv-LV\",\"@id\":\"https:\/\/izglitiba.valmierasnovads.lv\/rujienavarpina\/#\/schema\/logo\/image\/\",\"url\":\"https:\/\/izglitiba.valmierasnovads.lv\/rujienavarpina\/wp-content\/uploads\/sites\/14\/2026\/03\/cropped-Pirmsskolas-izglitibas-iestades-ar-pasu-logo-13-scaled-1.png\",\"contentUrl\":\"https:\/\/izglitiba.valmierasnovads.lv\/rujienavarpina\/wp-content\/uploads\/sites\/14\/2026\/03\/cropped-Pirmsskolas-izglitibas-iestades-ar-pasu-logo-13-scaled-1.png\",\"width\":1423,\"height\":404,\"caption\":\"R\u016bjienas pirmsskolas izgl\u012bt\u012bbas iest\u0101de ,,V\u0101rpi\u0146a\u201d\"},\"image\":{\"@id\":\"https:\/\/izglitiba.valmierasnovads.lv\/rujienavarpina\/#\/schema\/logo\/image\/\"}}]}<\/script>\n<!-- \/ Yoast SEO plugin. -->","yoast_head_json":{"title":"Atbalsts b\u0113rniem ar speci\u0101laj\u0101m vajadz\u012bb\u0101m - R\u016bjienas pirmsskolas izgl\u012bt\u012bbas iest\u0101de ,,V\u0101rpi\u0146a\u201d","robots":{"index":"index","follow":"follow","max-snippet":"max-snippet:-1","max-image-preview":"max-image-preview:large","max-video-preview":"max-video-preview:-1"},"canonical":"https:\/\/izglitiba.valmierasnovads.lv\/rujienavarpina\/atbalsts-berniem-ar-specialajam-vajadzibam\/","og_locale":"lv_LV","og_type":"article","og_title":"Atbalsts b\u0113rniem ar speci\u0101laj\u0101m vajadz\u012bb\u0101m - R\u016bjienas pirmsskolas izgl\u012bt\u012bbas iest\u0101de ,,V\u0101rpi\u0146a\u201d","og_description":"Logop\u0113ds Sp\u0113ja skaisti run\u0101t ir viena no J\u016bsu b\u0113rna viz\u012btkart\u0113m, kas veidos soci\u0101lo kontaktu ar apk\u0101rt\u0113jiem. Iest\u0101des logop\u0113ds pal\u012bdz\u0113s noteikt [&hellip;]","og_url":"https:\/\/izglitiba.valmierasnovads.lv\/rujienavarpina\/atbalsts-berniem-ar-specialajam-vajadzibam\/","og_site_name":"R\u016bjienas pirmsskolas izgl\u012bt\u012bbas iest\u0101de ,,V\u0101rpi\u0146a\u201d","article_modified_time":"2026-02-26T14:28:37+00:00","og_image":[{"width":877,"height":877,"url":"https:\/\/izglitiba.valmierasnovads.lv\/rujienavarpina\/wp-content\/uploads\/sites\/14\/2025\/07\/e9a13603-7212-4d8b-8b20-48b399a7e93b.jpg","type":"image\/jpeg"}],"twitter_card":"summary_large_image","twitter_misc":{"Est. reading time":"3 min\u016btes"},"schema":{"@context":"https:\/\/schema.org","@graph":[{"@type":"WebPage","@id":"https:\/\/izglitiba.valmierasnovads.lv\/rujienavarpina\/atbalsts-berniem-ar-specialajam-vajadzibam\/","url":"https:\/\/izglitiba.valmierasnovads.lv\/rujienavarpina\/atbalsts-berniem-ar-specialajam-vajadzibam\/","name":"Atbalsts b\u0113rniem ar speci\u0101laj\u0101m vajadz\u012bb\u0101m - R\u016bjienas pirmsskolas izgl\u012bt\u012bbas iest\u0101de ,,V\u0101rpi\u0146a\u201d","isPartOf":{"@id":"https:\/\/izglitiba.valmierasnovads.lv\/rujienavarpina\/#website"},"primaryImageOfPage":{"@id":"https:\/\/izglitiba.valmierasnovads.lv\/rujienavarpina\/atbalsts-berniem-ar-specialajam-vajadzibam\/#primaryimage"},"image":{"@id":"https:\/\/izglitiba.valmierasnovads.lv\/rujienavarpina\/atbalsts-berniem-ar-specialajam-vajadzibam\/#primaryimage"},"thumbnailUrl":"https:\/\/izglitiba.valmierasnovads.lv\/rujienavarpina\/wp-content\/uploads\/sites\/14\/2025\/07\/e9a13603-7212-4d8b-8b20-48b399a7e93b.jpg","datePublished":"2025-07-16T12:59:53+00:00","dateModified":"2026-02-26T14:28:37+00:00","breadcrumb":{"@id":"https:\/\/izglitiba.valmierasnovads.lv\/rujienavarpina\/atbalsts-berniem-ar-specialajam-vajadzibam\/#breadcrumb"},"inLanguage":"lv-LV","potentialAction":[{"@type":"ReadAction","target":["https:\/\/izglitiba.valmierasnovads.lv\/rujienavarpina\/atbalsts-berniem-ar-specialajam-vajadzibam\/"]}]},{"@type":"ImageObject","inLanguage":"lv-LV","@id":"https:\/\/izglitiba.valmierasnovads.lv\/rujienavarpina\/atbalsts-berniem-ar-specialajam-vajadzibam\/#primaryimage","url":"https:\/\/izglitiba.valmierasnovads.lv\/rujienavarpina\/wp-content\/uploads\/sites\/14\/2025\/07\/e9a13603-7212-4d8b-8b20-48b399a7e93b.jpg","contentUrl":"https:\/\/izglitiba.valmierasnovads.lv\/rujienavarpina\/wp-content\/uploads\/sites\/14\/2025\/07\/e9a13603-7212-4d8b-8b20-48b399a7e93b.jpg","width":877,"height":877},{"@type":"BreadcrumbList","@id":"https:\/\/izglitiba.valmierasnovads.lv\/rujienavarpina\/atbalsts-berniem-ar-specialajam-vajadzibam\/#breadcrumb","itemListElement":[{"@type":"ListItem","position":1,"name":"Home","item":"https:\/\/izglitiba.valmierasnovads.lv\/rujienavarpina\/"},{"@type":"ListItem","position":2,"name":"Atbalsts b\u0113rniem ar speci\u0101laj\u0101m vajadz\u012bb\u0101m"}]},{"@type":"WebSite","@id":"https:\/\/izglitiba.valmierasnovads.lv\/rujienavarpina\/#website","url":"https:\/\/izglitiba.valmierasnovads.lv\/rujienavarpina\/","name":"R\u016bjienas pirmsskolas izgl\u012bt\u012bbas iest\u0101de ,,V\u0101rpi\u0146a\u201d","description":"","publisher":{"@id":"https:\/\/izglitiba.valmierasnovads.lv\/rujienavarpina\/#organization"},"potentialAction":[{"@type":"SearchAction","target":{"@type":"EntryPoint","urlTemplate":"https:\/\/izglitiba.valmierasnovads.lv\/rujienavarpina\/?s={search_term_string}"},"query-input":{"@type":"PropertyValueSpecification","valueRequired":true,"valueName":"search_term_string"}}],"inLanguage":"lv-LV"},{"@type":"Organization","@id":"https:\/\/izglitiba.valmierasnovads.lv\/rujienavarpina\/#organization","name":"R\u016bjienas pirmsskolas izgl\u012bt\u012bbas iest\u0101de ,,V\u0101rpi\u0146a\u201d","url":"https:\/\/izglitiba.valmierasnovads.lv\/rujienavarpina\/","logo":{"@type":"ImageObject","inLanguage":"lv-LV","@id":"https:\/\/izglitiba.valmierasnovads.lv\/rujienavarpina\/#\/schema\/logo\/image\/","url":"https:\/\/izglitiba.valmierasnovads.lv\/rujienavarpina\/wp-content\/uploads\/sites\/14\/2026\/03\/cropped-Pirmsskolas-izglitibas-iestades-ar-pasu-logo-13-scaled-1.png","contentUrl":"https:\/\/izglitiba.valmierasnovads.lv\/rujienavarpina\/wp-content\/uploads\/sites\/14\/2026\/03\/cropped-Pirmsskolas-izglitibas-iestades-ar-pasu-logo-13-scaled-1.png","width":1423,"height":404,"caption":"R\u016bjienas pirmsskolas izgl\u012bt\u012bbas iest\u0101de ,,V\u0101rpi\u0146a\u201d"},"image":{"@id":"https:\/\/izglitiba.valmierasnovads.lv\/rujienavarpina\/#\/schema\/logo\/image\/"}}]}},"_links":{"self":[{"href":"https:\/\/izglitiba.valmierasnovads.lv\/rujienavarpina\/wp-json\/wp\/v2\/pages\/163","targetHints":{"allow":["GET"]}}],"collection":[{"href":"https:\/\/izglitiba.valmierasnovads.lv\/rujienavarpina\/wp-json\/wp\/v2\/pages"}],"about":[{"href":"https:\/\/izglitiba.valmierasnovads.lv\/rujienavarpina\/wp-json\/wp\/v2\/types\/page"}],"author":[{"embeddable":true,"href":"https:\/\/izglitiba.valmierasnovads.lv\/rujienavarpina\/wp-json\/wp\/v2\/users\/15"}],"replies":[{"embeddable":true,"href":"https:\/\/izglitiba.valmierasnovads.lv\/rujienavarpina\/wp-json\/wp\/v2\/comments?post=163"}],"version-history":[{"count":10,"href":"https:\/\/izglitiba.valmierasnovads.lv\/rujienavarpina\/wp-json\/wp\/v2\/pages\/163\/revisions"}],"predecessor-version":[{"id":1113,"href":"https:\/\/izglitiba.valmierasnovads.lv\/rujienavarpina\/wp-json\/wp\/v2\/pages\/163\/revisions\/1113"}],"wp:attachment":[{"href":"https:\/\/izglitiba.valmierasnovads.lv\/rujienavarpina\/wp-json\/wp\/v2\/media?parent=163"}],"curies":[{"name":"wp","href":"https:\/\/api.w.org\/{rel}","templated":true}]}}