{"id":651,"date":"2025-11-04T12:23:19","date_gmt":"2025-11-04T10:23:19","guid":{"rendered":"https:\/\/izglitiba.valmierasnovads.lv\/rujienavarpina\/?page_id=651"},"modified":"2025-11-06T15:17:54","modified_gmt":"2025-11-06T13:17:54","slug":"esf-plus-projekts-stem-un-pilsoniskas-lidzdalibas-norises-plasakai-izglitibas-pieredzei-un-karjeras-izvelei","status":"publish","type":"page","link":"https:\/\/izglitiba.valmierasnovads.lv\/rujienavarpina\/esf-plus-projekts-stem-un-pilsoniskas-lidzdalibas-norises-plasakai-izglitibas-pieredzei-un-karjeras-izvelei\/","title":{"rendered":"ESF Plus projekts\u00a0&#8220;STEM un pilsonisk\u0101s l\u012bdzdal\u012bbas norises pla\u0161\u0101kai izgl\u012bt\u012bbas pieredzei un karjeras izv\u0113lei\u201d"},"content":{"rendered":"\n<div class=\"wp-block-media-text is-stacked-on-mobile\" style=\"grid-template-columns:16% auto\"><figure class=\"wp-block-media-text__media\"><img loading=\"lazy\" decoding=\"async\" width=\"250\" height=\"119\" src=\"https:\/\/izglitiba.valmierasnovads.lv\/rujienavarpina\/wp-content\/uploads\/sites\/14\/2025\/11\/Lidzfinanse_ES_NAP_2027_.png\" alt=\"\" class=\"wp-image-652 size-full\" \/><\/figure><div class=\"wp-block-media-text__content\">\n<p><strong>Projekta darb\u012bbu \u012bsteno\u0161anas&nbsp;laiks 2025. gada&nbsp;1.&nbsp;apr\u012blis \u2013&nbsp; 2028.&nbsp;gada 31.&nbsp;augusts<\/strong><\/p>\n<\/div><\/div>\n\n\n\n<div class=\"wp-block-media-text is-stacked-on-mobile\"><figure class=\"wp-block-media-text__media\"><img loading=\"lazy\" decoding=\"async\" width=\"727\" height=\"1024\" src=\"https:\/\/izglitiba.valmierasnovads.lv\/rujienavarpina\/wp-content\/uploads\/sites\/14\/2025\/11\/20251017_131138-1-727x1024.jpg\" alt=\"\" class=\"wp-image-654 size-full\" srcset=\"https:\/\/izglitiba.valmierasnovads.lv\/rujienavarpina\/wp-content\/uploads\/sites\/14\/2025\/11\/20251017_131138-1-727x1024.jpg 727w, https:\/\/izglitiba.valmierasnovads.lv\/rujienavarpina\/wp-content\/uploads\/sites\/14\/2025\/11\/20251017_131138-1-213x300.jpg 213w, https:\/\/izglitiba.valmierasnovads.lv\/rujienavarpina\/wp-content\/uploads\/sites\/14\/2025\/11\/20251017_131138-1-768x1082.jpg 768w, https:\/\/izglitiba.valmierasnovads.lv\/rujienavarpina\/wp-content\/uploads\/sites\/14\/2025\/11\/20251017_131138-1-1090x1536.jpg 1090w, https:\/\/izglitiba.valmierasnovads.lv\/rujienavarpina\/wp-content\/uploads\/sites\/14\/2025\/11\/20251017_131138-1-1454x2048.jpg 1454w, https:\/\/izglitiba.valmierasnovads.lv\/rujienavarpina\/wp-content\/uploads\/sites\/14\/2025\/11\/20251017_131138-1.jpg 1640w\" sizes=\"auto, (max-width: 727px) 100vw, 727px\" \/><\/figure><div class=\"wp-block-media-text__content\">\n<p>2025.\/2026.m\u0101c\u012bbu gad\u0101 DABASZIN\u0100T\u0145U JOMA 5 &#8211; 6 g.v.b\u0113rniem<\/p>\n\n\n\n<p><strong>T\u0113mas: <\/strong><\/p>\n\n\n\n<h3 class=\"wp-block-heading\">Eksperimenti ar \u016bdeni <\/h3>\n\n\n\n<p>(norises \u012bstenot\u0101js SIA Baltais valis)<\/p>\n\n\n\n<p>Priek\u0161mets:&nbsp;<strong>Dabaszin\u012bbas<br><br><\/strong>Norises apraksts<\/p>\n\n\n\n<p><em>Norise notiks praktiskas nodarb\u012bbas veid\u0101 \u2013 eksperiment\u0113jot kop\u0101 izgl\u012btojamajiem. T\u0101s laik\u0101 tiks ieg\u016btas vai nostiprin\u0101tas zin\u0101\u0161anas par \u016bdens un da\u017e\u0101du priek\u0161metu \u012bpa\u0161\u012bb\u0101m.<\/em><em>Nodarb\u012bbas gait\u0101 paredz\u0113ts veikt 4 eksperimentus \u2013 \u201cPlauksto\u0161\u0101 pap\u012bra pu\u0137e\u201d, Priek\u0161meti, kas peld vai sl\u012bkst\u201d, \u201cK\u0101 skan ska\u0146a \u016bden\u012b\u201d un \u201c\u016adens ritenis\u201d. P\u0113c katra eksperimenta b\u016bs skaidrojums, bet norises nosl\u0113gum\u0101 \u2013 atbil\u017eu jaut\u0101jumu sesija par noris\u0113 apg\u016btaj\u0101m zin\u0101\u0161an\u0101m.<br><\/em><br>Sasniedzamie rezult\u0101ti:<\/p>\n\n\n\n<p><em>Pied\u0101v\u0101t\u0101 norise atbilst m\u0101c\u012bbu satura apguves noris\u0113m pirmsskolas izgl\u012bt\u012bbas 3. posm\u0101 dabaszin\u0101t\u0146u jom\u0101. Sasniedzamie rezult\u0101ti p\u0113c nodarb\u012bbas: \u201cEksperiment\u0113jot sal\u012bdzina no stikla, koka, plastmasas, pap\u012bra, akmens izgatavotu priek\u0161metu \u012bpa\u0161\u012bbas un to izmanto\u0161anas iesp\u0113jas\u201d un \u201cNov\u0113rojot, sal\u012bdzinot un eksperiment\u0113jot izzina apk\u0101rtn\u0113 rakstur\u012bgo ie\u017eu un \u016bdens \u012bpa\u0161\u012bbas.\u201d<\/em><br><em>Norise dos ierosmi izgl\u012btojamajiem pa\u0161iem darboties, sal\u012bdzin\u0101t, izzin\u0101t un izteikt savas domas par nov\u0113roto.<\/em><\/p>\n\n\n\n<p><strong>&#8220;Vannas istabas briesmon\u012b\u0161i&#8221; (Skudras Urdas gudr\u0101 m\u0101ja) (SIA &#8220;ZAAO&#8221; vides izgl\u012bt\u012bbas realiz\u0113\u0161anas vieta &#8211; Dabas un tehnolo\u0123ijas parks &#8220;Urda&#8221;)<\/strong><\/p>\n\n\n\n<p><a href=\"https:\/\/www.viaa.gov.lv\/lv\/stem-un-pilsoniska-lidzdaliba\/par-ESF-plus-projektu\">https:\/\/www.viaa.gov.lv\/lv\/stem-un-pilsoniska-lidzdaliba\/par-ESF-plus-projektu<\/a><\/p>\n<\/div><\/div>\n\n\n\n<p><\/p>\n","protected":false},"excerpt":{"rendered":"<p>Projekta darb\u012bbu \u012bsteno\u0161anas&nbsp;laiks 2025. gada&nbsp;1.&nbsp;apr\u012blis \u2013&nbsp; 2028.&nbsp;gada 31.&nbsp;augusts 2025.\/2026.m\u0101c\u012bbu gad\u0101 DABASZIN\u0100T\u0145U JOMA 5 &#8211; 6 g.v.b\u0113rniem T\u0113mas: Eksperimenti ar \u016bdeni [&hellip;]<\/p>\n","protected":false},"author":15,"featured_media":0,"parent":0,"menu_order":0,"comment_status":"closed","ping_status":"closed","template":"","meta":{"_acf_changed":false,"site-sidebar-layout":"default","site-content-layout":"","ast-site-content-layout":"default","site-content-style":"default","site-sidebar-style":"default","ast-global-header-display":"","ast-banner-title-visibility":"","ast-main-header-display":"","ast-hfb-above-header-display":"","ast-hfb-below-header-display":"","ast-hfb-mobile-header-display":"","site-post-title":"","ast-breadcrumbs-content":"","ast-featured-img":"","footer-sml-layout":"","ast-disable-related-posts":"","theme-transparent-header-meta":"","adv-header-id-meta":"","stick-header-meta":"","header-above-stick-meta":"","header-main-stick-meta":"","header-below-stick-meta":"","astra-migrate-meta-layouts":"default","ast-page-background-enabled":"default","ast-page-background-meta":{"desktop":{"background-color":"var(--ast-global-color-5)","background-image":"","background-repeat":"repeat","background-position":"center center","background-size":"auto","background-attachment":"scroll","background-type":"","background-media":"","overlay-type":"","overlay-color":"","overlay-opacity":"","overlay-gradient":""},"tablet":{"background-color":"","background-image":"","background-repeat":"repeat","background-position":"center center","background-size":"auto","background-attachment":"scroll","background-type":"","background-media":"","overlay-type":"","overlay-color":"","overlay-opacity":"","overlay-gradient":""},"mobile":{"background-color":"","background-image":"","background-repeat":"repeat","background-position":"center center","background-size":"auto","background-attachment":"scroll","background-type":"","background-media":"","overlay-type":"","overlay-color":"","overlay-opacity":"","overlay-gradient":""}},"ast-content-background-meta":{"desktop":{"background-color":"var(--ast-global-color-4)","background-image":"","background-repeat":"repeat","background-position":"center center","background-size":"auto","background-attachment":"scroll","background-type":"","background-media":"","overlay-type":"","overlay-color":"","overlay-opacity":"","overlay-gradient":""},"tablet":{"background-color":"var(--ast-global-color-4)","background-image":"","background-repeat":"repeat","background-position":"center center","background-size":"auto","background-attachment":"scroll","background-type":"","background-media":"","overlay-type":"","overlay-color":"","overlay-opacity":"","overlay-gradient":""},"mobile":{"background-color":"var(--ast-global-color-4)","background-image":"","background-repeat":"repeat","background-position":"center center","background-size":"auto","background-attachment":"scroll","background-type":"","background-media":"","overlay-type":"","overlay-color":"","overlay-opacity":"","overlay-gradient":""}},"footnotes":""},"class_list":["post-651","page","type-page","status-publish","hentry"],"acf":[],"yoast_head":"<!-- This site is optimized with the Yoast SEO plugin v27.0 - https:\/\/yoast.com\/product\/yoast-seo-wordpress\/ -->\n<title>ESF Plus projekts\u00a0&quot;STEM un pilsonisk\u0101s l\u012bdzdal\u012bbas norises pla\u0161\u0101kai izgl\u012bt\u012bbas pieredzei un karjeras izv\u0113lei\u201d - R\u016bjienas pirmsskolas izgl\u012bt\u012bbas iest\u0101de ,,V\u0101rpi\u0146a\u201d<\/title>\n<meta name=\"robots\" content=\"index, follow, max-snippet:-1, max-image-preview:large, max-video-preview:-1\" \/>\n<link rel=\"canonical\" href=\"https:\/\/izglitiba.valmierasnovads.lv\/rujienavarpina\/esf-plus-projekts-stem-un-pilsoniskas-lidzdalibas-norises-plasakai-izglitibas-pieredzei-un-karjeras-izvelei\/\" \/>\n<meta property=\"og:locale\" content=\"lv_LV\" \/>\n<meta property=\"og:type\" content=\"article\" \/>\n<meta property=\"og:title\" content=\"ESF Plus projekts\u00a0&quot;STEM un pilsonisk\u0101s l\u012bdzdal\u012bbas norises pla\u0161\u0101kai izgl\u012bt\u012bbas pieredzei un karjeras izv\u0113lei\u201d - R\u016bjienas pirmsskolas izgl\u012bt\u012bbas iest\u0101de ,,V\u0101rpi\u0146a\u201d\" \/>\n<meta property=\"og:description\" content=\"Projekta darb\u012bbu \u012bsteno\u0161anas&nbsp;laiks 2025. gada&nbsp;1.&nbsp;apr\u012blis \u2013&nbsp; 2028.&nbsp;gada 31.&nbsp;augusts 2025.\/2026.m\u0101c\u012bbu gad\u0101 DABASZIN\u0100T\u0145U JOMA 5 &#8211; 6 g.v.b\u0113rniem T\u0113mas: Eksperimenti ar \u016bdeni [&hellip;]\" \/>\n<meta property=\"og:url\" content=\"https:\/\/izglitiba.valmierasnovads.lv\/rujienavarpina\/esf-plus-projekts-stem-un-pilsoniskas-lidzdalibas-norises-plasakai-izglitibas-pieredzei-un-karjeras-izvelei\/\" \/>\n<meta property=\"og:site_name\" content=\"R\u016bjienas pirmsskolas izgl\u012bt\u012bbas iest\u0101de ,,V\u0101rpi\u0146a\u201d\" \/>\n<meta property=\"article:modified_time\" content=\"2025-11-06T13:17:54+00:00\" \/>\n<meta property=\"og:image\" content=\"https:\/\/izglitiba.valmierasnovads.lv\/rujienavarpina\/wp-content\/uploads\/sites\/14\/2025\/11\/Lidzfinanse_ES_NAP_2027_.png\" \/>\n\t<meta property=\"og:image:width\" content=\"250\" \/>\n\t<meta property=\"og:image:height\" content=\"119\" \/>\n\t<meta property=\"og:image:type\" content=\"image\/png\" \/>\n<meta name=\"twitter:card\" content=\"summary_large_image\" \/>\n<meta name=\"twitter:label1\" content=\"Est. reading time\" \/>\n\t<meta name=\"twitter:data1\" content=\"2 min\u016btes\" \/>\n<script type=\"application\/ld+json\" class=\"yoast-schema-graph\">{\"@context\":\"https:\/\/schema.org\",\"@graph\":[{\"@type\":\"WebPage\",\"@id\":\"https:\/\/izglitiba.valmierasnovads.lv\/rujienavarpina\/esf-plus-projekts-stem-un-pilsoniskas-lidzdalibas-norises-plasakai-izglitibas-pieredzei-un-karjeras-izvelei\/\",\"url\":\"https:\/\/izglitiba.valmierasnovads.lv\/rujienavarpina\/esf-plus-projekts-stem-un-pilsoniskas-lidzdalibas-norises-plasakai-izglitibas-pieredzei-un-karjeras-izvelei\/\",\"name\":\"ESF Plus projekts\u00a0\\\"STEM un pilsonisk\u0101s l\u012bdzdal\u012bbas norises pla\u0161\u0101kai izgl\u012bt\u012bbas pieredzei un karjeras izv\u0113lei\u201d - R\u016bjienas pirmsskolas izgl\u012bt\u012bbas iest\u0101de ,,V\u0101rpi\u0146a\u201d\",\"isPartOf\":{\"@id\":\"https:\/\/izglitiba.valmierasnovads.lv\/rujienavarpina\/#website\"},\"primaryImageOfPage\":{\"@id\":\"https:\/\/izglitiba.valmierasnovads.lv\/rujienavarpina\/esf-plus-projekts-stem-un-pilsoniskas-lidzdalibas-norises-plasakai-izglitibas-pieredzei-un-karjeras-izvelei\/#primaryimage\"},\"image\":{\"@id\":\"https:\/\/izglitiba.valmierasnovads.lv\/rujienavarpina\/esf-plus-projekts-stem-un-pilsoniskas-lidzdalibas-norises-plasakai-izglitibas-pieredzei-un-karjeras-izvelei\/#primaryimage\"},\"thumbnailUrl\":\"https:\/\/izglitiba.valmierasnovads.lv\/rujienavarpina\/wp-content\/uploads\/sites\/14\/2025\/11\/Lidzfinanse_ES_NAP_2027_.png\",\"datePublished\":\"2025-11-04T10:23:19+00:00\",\"dateModified\":\"2025-11-06T13:17:54+00:00\",\"breadcrumb\":{\"@id\":\"https:\/\/izglitiba.valmierasnovads.lv\/rujienavarpina\/esf-plus-projekts-stem-un-pilsoniskas-lidzdalibas-norises-plasakai-izglitibas-pieredzei-un-karjeras-izvelei\/#breadcrumb\"},\"inLanguage\":\"lv-LV\",\"potentialAction\":[{\"@type\":\"ReadAction\",\"target\":[\"https:\/\/izglitiba.valmierasnovads.lv\/rujienavarpina\/esf-plus-projekts-stem-un-pilsoniskas-lidzdalibas-norises-plasakai-izglitibas-pieredzei-un-karjeras-izvelei\/\"]}]},{\"@type\":\"ImageObject\",\"inLanguage\":\"lv-LV\",\"@id\":\"https:\/\/izglitiba.valmierasnovads.lv\/rujienavarpina\/esf-plus-projekts-stem-un-pilsoniskas-lidzdalibas-norises-plasakai-izglitibas-pieredzei-un-karjeras-izvelei\/#primaryimage\",\"url\":\"https:\/\/izglitiba.valmierasnovads.lv\/rujienavarpina\/wp-content\/uploads\/sites\/14\/2025\/11\/Lidzfinanse_ES_NAP_2027_.png\",\"contentUrl\":\"https:\/\/izglitiba.valmierasnovads.lv\/rujienavarpina\/wp-content\/uploads\/sites\/14\/2025\/11\/Lidzfinanse_ES_NAP_2027_.png\",\"width\":250,\"height\":119},{\"@type\":\"BreadcrumbList\",\"@id\":\"https:\/\/izglitiba.valmierasnovads.lv\/rujienavarpina\/esf-plus-projekts-stem-un-pilsoniskas-lidzdalibas-norises-plasakai-izglitibas-pieredzei-un-karjeras-izvelei\/#breadcrumb\",\"itemListElement\":[{\"@type\":\"ListItem\",\"position\":1,\"name\":\"Home\",\"item\":\"https:\/\/izglitiba.valmierasnovads.lv\/rujienavarpina\/\"},{\"@type\":\"ListItem\",\"position\":2,\"name\":\"ESF Plus projekts\u00a0&#8220;STEM un pilsonisk\u0101s l\u012bdzdal\u012bbas norises pla\u0161\u0101kai izgl\u012bt\u012bbas pieredzei un karjeras izv\u0113lei\u201d\"}]},{\"@type\":\"WebSite\",\"@id\":\"https:\/\/izglitiba.valmierasnovads.lv\/rujienavarpina\/#website\",\"url\":\"https:\/\/izglitiba.valmierasnovads.lv\/rujienavarpina\/\",\"name\":\"R\u016bjienas pirmsskolas izgl\u012bt\u012bbas iest\u0101de ,,V\u0101rpi\u0146a\u201d\",\"description\":\"\",\"publisher\":{\"@id\":\"https:\/\/izglitiba.valmierasnovads.lv\/rujienavarpina\/#organization\"},\"potentialAction\":[{\"@type\":\"SearchAction\",\"target\":{\"@type\":\"EntryPoint\",\"urlTemplate\":\"https:\/\/izglitiba.valmierasnovads.lv\/rujienavarpina\/?s={search_term_string}\"},\"query-input\":{\"@type\":\"PropertyValueSpecification\",\"valueRequired\":true,\"valueName\":\"search_term_string\"}}],\"inLanguage\":\"lv-LV\"},{\"@type\":\"Organization\",\"@id\":\"https:\/\/izglitiba.valmierasnovads.lv\/rujienavarpina\/#organization\",\"name\":\"R\u016bjienas pirmsskolas izgl\u012bt\u012bbas iest\u0101de ,,V\u0101rpi\u0146a\u201d\",\"url\":\"https:\/\/izglitiba.valmierasnovads.lv\/rujienavarpina\/\",\"logo\":{\"@type\":\"ImageObject\",\"inLanguage\":\"lv-LV\",\"@id\":\"https:\/\/izglitiba.valmierasnovads.lv\/rujienavarpina\/#\/schema\/logo\/image\/\",\"url\":\"https:\/\/izglitiba.valmierasnovads.lv\/rujienavarpina\/wp-content\/uploads\/sites\/14\/2026\/03\/cropped-Pirmsskolas-izglitibas-iestades-ar-pasu-logo-13-scaled-1.png\",\"contentUrl\":\"https:\/\/izglitiba.valmierasnovads.lv\/rujienavarpina\/wp-content\/uploads\/sites\/14\/2026\/03\/cropped-Pirmsskolas-izglitibas-iestades-ar-pasu-logo-13-scaled-1.png\",\"width\":1423,\"height\":404,\"caption\":\"R\u016bjienas pirmsskolas izgl\u012bt\u012bbas iest\u0101de ,,V\u0101rpi\u0146a\u201d\"},\"image\":{\"@id\":\"https:\/\/izglitiba.valmierasnovads.lv\/rujienavarpina\/#\/schema\/logo\/image\/\"}}]}<\/script>\n<!-- \/ Yoast SEO plugin. -->","yoast_head_json":{"title":"ESF Plus projekts\u00a0\"STEM un pilsonisk\u0101s l\u012bdzdal\u012bbas norises pla\u0161\u0101kai izgl\u012bt\u012bbas pieredzei un karjeras izv\u0113lei\u201d - R\u016bjienas pirmsskolas izgl\u012bt\u012bbas iest\u0101de ,,V\u0101rpi\u0146a\u201d","robots":{"index":"index","follow":"follow","max-snippet":"max-snippet:-1","max-image-preview":"max-image-preview:large","max-video-preview":"max-video-preview:-1"},"canonical":"https:\/\/izglitiba.valmierasnovads.lv\/rujienavarpina\/esf-plus-projekts-stem-un-pilsoniskas-lidzdalibas-norises-plasakai-izglitibas-pieredzei-un-karjeras-izvelei\/","og_locale":"lv_LV","og_type":"article","og_title":"ESF Plus projekts\u00a0\"STEM un pilsonisk\u0101s l\u012bdzdal\u012bbas norises pla\u0161\u0101kai izgl\u012bt\u012bbas pieredzei un karjeras izv\u0113lei\u201d - R\u016bjienas pirmsskolas izgl\u012bt\u012bbas iest\u0101de ,,V\u0101rpi\u0146a\u201d","og_description":"Projekta darb\u012bbu \u012bsteno\u0161anas&nbsp;laiks 2025. gada&nbsp;1.&nbsp;apr\u012blis \u2013&nbsp; 2028.&nbsp;gada 31.&nbsp;augusts 2025.\/2026.m\u0101c\u012bbu gad\u0101 DABASZIN\u0100T\u0145U JOMA 5 &#8211; 6 g.v.b\u0113rniem T\u0113mas: Eksperimenti ar \u016bdeni [&hellip;]","og_url":"https:\/\/izglitiba.valmierasnovads.lv\/rujienavarpina\/esf-plus-projekts-stem-un-pilsoniskas-lidzdalibas-norises-plasakai-izglitibas-pieredzei-un-karjeras-izvelei\/","og_site_name":"R\u016bjienas pirmsskolas izgl\u012bt\u012bbas iest\u0101de ,,V\u0101rpi\u0146a\u201d","article_modified_time":"2025-11-06T13:17:54+00:00","og_image":[{"width":250,"height":119,"url":"https:\/\/izglitiba.valmierasnovads.lv\/rujienavarpina\/wp-content\/uploads\/sites\/14\/2025\/11\/Lidzfinanse_ES_NAP_2027_.png","type":"image\/png"}],"twitter_card":"summary_large_image","twitter_misc":{"Est. reading time":"2 min\u016btes"},"schema":{"@context":"https:\/\/schema.org","@graph":[{"@type":"WebPage","@id":"https:\/\/izglitiba.valmierasnovads.lv\/rujienavarpina\/esf-plus-projekts-stem-un-pilsoniskas-lidzdalibas-norises-plasakai-izglitibas-pieredzei-un-karjeras-izvelei\/","url":"https:\/\/izglitiba.valmierasnovads.lv\/rujienavarpina\/esf-plus-projekts-stem-un-pilsoniskas-lidzdalibas-norises-plasakai-izglitibas-pieredzei-un-karjeras-izvelei\/","name":"ESF Plus projekts\u00a0\"STEM un pilsonisk\u0101s l\u012bdzdal\u012bbas norises pla\u0161\u0101kai izgl\u012bt\u012bbas pieredzei un karjeras izv\u0113lei\u201d - R\u016bjienas pirmsskolas izgl\u012bt\u012bbas iest\u0101de ,,V\u0101rpi\u0146a\u201d","isPartOf":{"@id":"https:\/\/izglitiba.valmierasnovads.lv\/rujienavarpina\/#website"},"primaryImageOfPage":{"@id":"https:\/\/izglitiba.valmierasnovads.lv\/rujienavarpina\/esf-plus-projekts-stem-un-pilsoniskas-lidzdalibas-norises-plasakai-izglitibas-pieredzei-un-karjeras-izvelei\/#primaryimage"},"image":{"@id":"https:\/\/izglitiba.valmierasnovads.lv\/rujienavarpina\/esf-plus-projekts-stem-un-pilsoniskas-lidzdalibas-norises-plasakai-izglitibas-pieredzei-un-karjeras-izvelei\/#primaryimage"},"thumbnailUrl":"https:\/\/izglitiba.valmierasnovads.lv\/rujienavarpina\/wp-content\/uploads\/sites\/14\/2025\/11\/Lidzfinanse_ES_NAP_2027_.png","datePublished":"2025-11-04T10:23:19+00:00","dateModified":"2025-11-06T13:17:54+00:00","breadcrumb":{"@id":"https:\/\/izglitiba.valmierasnovads.lv\/rujienavarpina\/esf-plus-projekts-stem-un-pilsoniskas-lidzdalibas-norises-plasakai-izglitibas-pieredzei-un-karjeras-izvelei\/#breadcrumb"},"inLanguage":"lv-LV","potentialAction":[{"@type":"ReadAction","target":["https:\/\/izglitiba.valmierasnovads.lv\/rujienavarpina\/esf-plus-projekts-stem-un-pilsoniskas-lidzdalibas-norises-plasakai-izglitibas-pieredzei-un-karjeras-izvelei\/"]}]},{"@type":"ImageObject","inLanguage":"lv-LV","@id":"https:\/\/izglitiba.valmierasnovads.lv\/rujienavarpina\/esf-plus-projekts-stem-un-pilsoniskas-lidzdalibas-norises-plasakai-izglitibas-pieredzei-un-karjeras-izvelei\/#primaryimage","url":"https:\/\/izglitiba.valmierasnovads.lv\/rujienavarpina\/wp-content\/uploads\/sites\/14\/2025\/11\/Lidzfinanse_ES_NAP_2027_.png","contentUrl":"https:\/\/izglitiba.valmierasnovads.lv\/rujienavarpina\/wp-content\/uploads\/sites\/14\/2025\/11\/Lidzfinanse_ES_NAP_2027_.png","width":250,"height":119},{"@type":"BreadcrumbList","@id":"https:\/\/izglitiba.valmierasnovads.lv\/rujienavarpina\/esf-plus-projekts-stem-un-pilsoniskas-lidzdalibas-norises-plasakai-izglitibas-pieredzei-un-karjeras-izvelei\/#breadcrumb","itemListElement":[{"@type":"ListItem","position":1,"name":"Home","item":"https:\/\/izglitiba.valmierasnovads.lv\/rujienavarpina\/"},{"@type":"ListItem","position":2,"name":"ESF Plus projekts\u00a0&#8220;STEM un pilsonisk\u0101s l\u012bdzdal\u012bbas norises pla\u0161\u0101kai izgl\u012bt\u012bbas pieredzei un karjeras izv\u0113lei\u201d"}]},{"@type":"WebSite","@id":"https:\/\/izglitiba.valmierasnovads.lv\/rujienavarpina\/#website","url":"https:\/\/izglitiba.valmierasnovads.lv\/rujienavarpina\/","name":"R\u016bjienas pirmsskolas izgl\u012bt\u012bbas iest\u0101de ,,V\u0101rpi\u0146a\u201d","description":"","publisher":{"@id":"https:\/\/izglitiba.valmierasnovads.lv\/rujienavarpina\/#organization"},"potentialAction":[{"@type":"SearchAction","target":{"@type":"EntryPoint","urlTemplate":"https:\/\/izglitiba.valmierasnovads.lv\/rujienavarpina\/?s={search_term_string}"},"query-input":{"@type":"PropertyValueSpecification","valueRequired":true,"valueName":"search_term_string"}}],"inLanguage":"lv-LV"},{"@type":"Organization","@id":"https:\/\/izglitiba.valmierasnovads.lv\/rujienavarpina\/#organization","name":"R\u016bjienas pirmsskolas izgl\u012bt\u012bbas iest\u0101de ,,V\u0101rpi\u0146a\u201d","url":"https:\/\/izglitiba.valmierasnovads.lv\/rujienavarpina\/","logo":{"@type":"ImageObject","inLanguage":"lv-LV","@id":"https:\/\/izglitiba.valmierasnovads.lv\/rujienavarpina\/#\/schema\/logo\/image\/","url":"https:\/\/izglitiba.valmierasnovads.lv\/rujienavarpina\/wp-content\/uploads\/sites\/14\/2026\/03\/cropped-Pirmsskolas-izglitibas-iestades-ar-pasu-logo-13-scaled-1.png","contentUrl":"https:\/\/izglitiba.valmierasnovads.lv\/rujienavarpina\/wp-content\/uploads\/sites\/14\/2026\/03\/cropped-Pirmsskolas-izglitibas-iestades-ar-pasu-logo-13-scaled-1.png","width":1423,"height":404,"caption":"R\u016bjienas pirmsskolas izgl\u012bt\u012bbas iest\u0101de ,,V\u0101rpi\u0146a\u201d"},"image":{"@id":"https:\/\/izglitiba.valmierasnovads.lv\/rujienavarpina\/#\/schema\/logo\/image\/"}}]}},"_links":{"self":[{"href":"https:\/\/izglitiba.valmierasnovads.lv\/rujienavarpina\/wp-json\/wp\/v2\/pages\/651","targetHints":{"allow":["GET"]}}],"collection":[{"href":"https:\/\/izglitiba.valmierasnovads.lv\/rujienavarpina\/wp-json\/wp\/v2\/pages"}],"about":[{"href":"https:\/\/izglitiba.valmierasnovads.lv\/rujienavarpina\/wp-json\/wp\/v2\/types\/page"}],"author":[{"embeddable":true,"href":"https:\/\/izglitiba.valmierasnovads.lv\/rujienavarpina\/wp-json\/wp\/v2\/users\/15"}],"replies":[{"embeddable":true,"href":"https:\/\/izglitiba.valmierasnovads.lv\/rujienavarpina\/wp-json\/wp\/v2\/comments?post=651"}],"version-history":[{"count":4,"href":"https:\/\/izglitiba.valmierasnovads.lv\/rujienavarpina\/wp-json\/wp\/v2\/pages\/651\/revisions"}],"predecessor-version":[{"id":667,"href":"https:\/\/izglitiba.valmierasnovads.lv\/rujienavarpina\/wp-json\/wp\/v2\/pages\/651\/revisions\/667"}],"wp:attachment":[{"href":"https:\/\/izglitiba.valmierasnovads.lv\/rujienavarpina\/wp-json\/wp\/v2\/media?parent=651"}],"curies":[{"name":"wp","href":"https:\/\/api.w.org\/{rel}","templated":true}]}}