{"id":138,"date":"2025-08-10T16:48:20","date_gmt":"2025-08-10T13:48:20","guid":{"rendered":"https:\/\/izglitiba.valmierasnovads.lv\/valmieras2vidusskola\/?page_id=138"},"modified":"2025-08-10T16:48:20","modified_gmt":"2025-08-10T13:48:20","slug":"neklatienes-pedagogi","status":"publish","type":"page","link":"https:\/\/izglitiba.valmierasnovads.lv\/v2v\/neklatienes-pedagogi\/","title":{"rendered":"Nekl\u0101tienes pedagogi"},"content":{"rendered":"\n<h3 class=\"wp-block-heading\">Nekl\u0101tienes skolot\u0101ji<\/h3>\n\n\n\n<figure class=\"wp-block-table\"><table class=\"has-fixed-layout\"><tbody><tr><td><strong>V\u0101rds<\/strong><\/td><td><strong>Uzv\u0101rds<\/strong><\/td><td><strong>E-pasts<\/strong> sazi\u0146ai<\/td><td><strong>M\u0101c\u012bbu priek\u0161mets\/-ti<\/strong><\/td><td><strong>Kabineta Nr.<\/strong><\/td><\/tr><tr><td>Oksana<\/td><td>Kara\u013c\u010duka<\/td><td>oksana.karalcuka@valmiera.edu.lv<\/td><td>10., 11., 12. klases mentore<br>Sve\u0161valoda B1 (krievu) <br>Sve\u0161valoda B2 (ang\u013cu)<\/td><td>RAI\u0145A m\u0101ja<\/td><\/tr><tr><td><\/td><td><\/td><td>@valmiera.edu.lv<\/td><td>Latvie\u0161u valoda I<\/td><td>RAI\u0145A m\u0101ja<\/td><\/tr><tr><td>Ilvija<\/td><td>Bir\u017emane<\/td><td>ilvija.birzmane@valmiera.edu.lv<\/td><td>Latvie\u0161u valoda un literat\u016bra II<\/td><td>RAI\u0145A m\u0101ja<\/td><\/tr><tr><td>Anastasija<\/td><td>Mamedbekova<\/td><td>anastasija.mamedbekova@valmiera.edu.lv<\/td><td>Matem\u0101tika I<\/td><td>RAI\u0145A m\u0101ja<\/td><\/tr><tr><td>Daiga<\/td><td>Bekere<\/td><td>daiga.bekere@valmiera.edu.lv<\/td><td>Matem\u0101tika I<\/td><td>RAI\u0145A m\u0101ja<\/td><\/tr><tr><td>Oksana<\/td><td>Jakov\u013ceva<\/td><td>oksana.jakovleva@valmiera.edu.lv<\/td><td>Fizika I, dabaszin\u012bbas<\/td><td>RAI\u0145A m\u0101ja<\/td><\/tr><tr><td>Velta<\/td><td>Sni\u0137ere<\/td><td>velta.snikere@valmiera.edu.lv<\/td><td>\u0136\u012bmija I, dabaszin\u012bbas<\/td><td>RAI\u0145A m\u0101ja<\/td><\/tr><tr><td>Sanita<\/td><td>Zviedr\u0101ne<\/td><td>sanita.zviedrane@valmiera.edu.lv<\/td><td>Biolo\u0123ija I, dabaszin\u012bbas<\/td><td>RAI\u0145A m\u0101ja<\/td><\/tr><tr><td>\u0145ila<\/td><td>Zaiceva<\/td><td>nila.zaiceva@valmiera.edu.lv<\/td><td>\u0122eogr\u0101fija I<\/td><td>RAI\u0145A m\u0101ja<\/td><\/tr><tr><td>Vja\u010deslavs<\/td><td>Piskunovs<\/td><td>vjaceslavs.piskunovs@valmiera.edu.lv<\/td><td>datorika<\/td><td>RAI\u0145A m\u0101ja<\/td><\/tr><tr><td>Ark\u0101dijs<\/td><td>Karavajevs<\/td><td>arkadijs.karavajevs@valmiera.edu.lv<\/td><td>V\u0113sture I, Soci\u0101l\u0101s zin\u0101tnes I, V\u0113sture II<\/td><td>\u00a0RAI\u0145A m\u0101ja<\/td><\/tr><tr><td>Kl\u0101ra<\/td><td>Arefjeva<\/td><td>klara.arefjeva@valmiera.edu.lv<\/td><td>Kult\u016bras pamati<\/td><td>RAI\u0145A m\u0101ja<\/td><\/tr><tr><td>Lolita<\/td><td>Eklone<\/td><td>lolita.eklone@valmiera.edu.lv<\/td><td>Psiholo\u0123ija<\/td><td>RAI\u0145A m\u0101ja<\/td><\/tr><tr><td>Sanita<\/td><td>V\u012btola<\/td><td>sanita.vitola@valmiera.edu.lv<\/td><td>Projektu darbs<\/td><td>RAI\u0145A m\u0101ja<\/td><\/tr><tr><td>Andrejs<\/td><td>Gluhovs<\/td><td>andrejs.gluhovs@valmiera.edu.lv<\/td><td>Sports un vesel\u012bba<\/td><td>RAI\u0145A m\u0101ja<\/td><\/tr><\/tbody><\/table><\/figure>\n","protected":false},"excerpt":{"rendered":"<p>Nekl\u0101tienes skolot\u0101ji V\u0101rds Uzv\u0101rds E-pasts sazi\u0146ai M\u0101c\u012bbu priek\u0161mets\/-ti Kabineta Nr. Oksana Kara\u013c\u010duka oksana.karalcuka@valmiera.edu.lv 10., 11., 12. klases mentoreSve\u0161valoda B1 (krievu) [&hellip;]<\/p>\n","protected":false},"author":21,"featured_media":0,"parent":0,"menu_order":0,"comment_status":"closed","ping_status":"closed","template":"","meta":{"_acf_changed":false,"site-sidebar-layout":"default","site-content-layout":"","ast-site-content-layout":"default","site-content-style":"default","site-sidebar-style":"default","ast-global-header-display":"","ast-banner-title-visibility":"","ast-main-header-display":"","ast-hfb-above-header-display":"","ast-hfb-below-header-display":"","ast-hfb-mobile-header-display":"","site-post-title":"","ast-breadcrumbs-content":"","ast-featured-img":"","footer-sml-layout":"","ast-disable-related-posts":"","theme-transparent-header-meta":"","adv-header-id-meta":"","stick-header-meta":"","header-above-stick-meta":"","header-main-stick-meta":"","header-below-stick-meta":"","astra-migrate-meta-layouts":"default","ast-page-background-enabled":"default","ast-page-background-meta":{"desktop":{"background-color":"var(--ast-global-color-5)","background-image":"","background-repeat":"repeat","background-position":"center center","background-size":"auto","background-attachment":"scroll","background-type":"","background-media":"","overlay-type":"","overlay-color":"","overlay-opacity":"","overlay-gradient":""},"tablet":{"background-color":"","background-image":"","background-repeat":"repeat","background-position":"center center","background-size":"auto","background-attachment":"scroll","background-type":"","background-media":"","overlay-type":"","overlay-color":"","overlay-opacity":"","overlay-gradient":""},"mobile":{"background-color":"","background-image":"","background-repeat":"repeat","background-position":"center center","background-size":"auto","background-attachment":"scroll","background-type":"","background-media":"","overlay-type":"","overlay-color":"","overlay-opacity":"","overlay-gradient":""}},"ast-content-background-meta":{"desktop":{"background-color":"var(--ast-global-color-4)","background-image":"","background-repeat":"repeat","background-position":"center center","background-size":"auto","background-attachment":"scroll","background-type":"","background-media":"","overlay-type":"","overlay-color":"","overlay-opacity":"","overlay-gradient":""},"tablet":{"background-color":"var(--ast-global-color-4)","background-image":"","background-repeat":"repeat","background-position":"center center","background-size":"auto","background-attachment":"scroll","background-type":"","background-media":"","overlay-type":"","overlay-color":"","overlay-opacity":"","overlay-gradient":""},"mobile":{"background-color":"var(--ast-global-color-4)","background-image":"","background-repeat":"repeat","background-position":"center center","background-size":"auto","background-attachment":"scroll","background-type":"","background-media":"","overlay-type":"","overlay-color":"","overlay-opacity":"","overlay-gradient":""}},"footnotes":""},"class_list":["post-138","page","type-page","status-publish","hentry"],"acf":[],"yoast_head":"<!-- This site is optimized with the Yoast SEO plugin v27.0 - https:\/\/yoast.com\/product\/yoast-seo-wordpress\/ -->\n<title>Nekl\u0101tienes pedagogi - Valmieras 2. vidusskola<\/title>\n<meta name=\"robots\" content=\"index, follow, max-snippet:-1, max-image-preview:large, max-video-preview:-1\" \/>\n<link rel=\"canonical\" href=\"https:\/\/izglitiba.valmierasnovads.lv\/v2v\/neklatienes-pedagogi\/\" \/>\n<meta property=\"og:locale\" content=\"lv_LV\" \/>\n<meta property=\"og:type\" content=\"article\" \/>\n<meta property=\"og:title\" content=\"Nekl\u0101tienes pedagogi - Valmieras 2. vidusskola\" \/>\n<meta property=\"og:description\" content=\"Nekl\u0101tienes skolot\u0101ji V\u0101rds Uzv\u0101rds E-pasts sazi\u0146ai M\u0101c\u012bbu priek\u0161mets\/-ti Kabineta Nr. Oksana Kara\u013c\u010duka oksana.karalcuka@valmiera.edu.lv 10., 11., 12. klases mentoreSve\u0161valoda B1 (krievu) [&hellip;]\" \/>\n<meta property=\"og:url\" content=\"https:\/\/izglitiba.valmierasnovads.lv\/v2v\/neklatienes-pedagogi\/\" \/>\n<meta property=\"og:site_name\" content=\"Valmieras 2. vidusskola\" \/>\n<meta name=\"twitter:card\" content=\"summary_large_image\" \/>\n<meta name=\"twitter:label1\" content=\"Est. reading time\" \/>\n\t<meta name=\"twitter:data1\" content=\"1 min\u016bte\" \/>\n<script type=\"application\/ld+json\" class=\"yoast-schema-graph\">{\"@context\":\"https:\/\/schema.org\",\"@graph\":[{\"@type\":\"WebPage\",\"@id\":\"https:\/\/izglitiba.valmierasnovads.lv\/v2v\/neklatienes-pedagogi\/\",\"url\":\"https:\/\/izglitiba.valmierasnovads.lv\/v2v\/neklatienes-pedagogi\/\",\"name\":\"Nekl\u0101tienes pedagogi - Valmieras 2. vidusskola\",\"isPartOf\":{\"@id\":\"https:\/\/izglitiba.valmierasnovads.lv\/v2v\/#website\"},\"datePublished\":\"2025-08-10T13:48:20+00:00\",\"breadcrumb\":{\"@id\":\"https:\/\/izglitiba.valmierasnovads.lv\/v2v\/neklatienes-pedagogi\/#breadcrumb\"},\"inLanguage\":\"lv-LV\",\"potentialAction\":[{\"@type\":\"ReadAction\",\"target\":[\"https:\/\/izglitiba.valmierasnovads.lv\/v2v\/neklatienes-pedagogi\/\"]}]},{\"@type\":\"BreadcrumbList\",\"@id\":\"https:\/\/izglitiba.valmierasnovads.lv\/v2v\/neklatienes-pedagogi\/#breadcrumb\",\"itemListElement\":[{\"@type\":\"ListItem\",\"position\":1,\"name\":\"Home\",\"item\":\"https:\/\/izglitiba.valmierasnovads.lv\/v2v\/\"},{\"@type\":\"ListItem\",\"position\":2,\"name\":\"Nekl\u0101tienes pedagogi\"}]},{\"@type\":\"WebSite\",\"@id\":\"https:\/\/izglitiba.valmierasnovads.lv\/v2v\/#website\",\"url\":\"https:\/\/izglitiba.valmierasnovads.lv\/v2v\/\",\"name\":\"Valmieras 2. vidusskola\",\"description\":\"\",\"publisher\":{\"@id\":\"https:\/\/izglitiba.valmierasnovads.lv\/v2v\/#organization\"},\"potentialAction\":[{\"@type\":\"SearchAction\",\"target\":{\"@type\":\"EntryPoint\",\"urlTemplate\":\"https:\/\/izglitiba.valmierasnovads.lv\/v2v\/?s={search_term_string}\"},\"query-input\":{\"@type\":\"PropertyValueSpecification\",\"valueRequired\":true,\"valueName\":\"search_term_string\"}}],\"inLanguage\":\"lv-LV\"},{\"@type\":\"Organization\",\"@id\":\"https:\/\/izglitiba.valmierasnovads.lv\/v2v\/#organization\",\"name\":\"Valmieras 2. vidusskola\",\"url\":\"https:\/\/izglitiba.valmierasnovads.lv\/v2v\/\",\"logo\":{\"@type\":\"ImageObject\",\"inLanguage\":\"lv-LV\",\"@id\":\"https:\/\/izglitiba.valmierasnovads.lv\/v2v\/#\/schema\/logo\/image\/\",\"url\":\"https:\/\/izglitiba.valmierasnovads.lv\/v2v\/wp-content\/uploads\/sites\/23\/2025\/04\/cropped-V2VSK-logo-PNG-1-1.png\",\"contentUrl\":\"https:\/\/izglitiba.valmierasnovads.lv\/v2v\/wp-content\/uploads\/sites\/23\/2025\/04\/cropped-V2VSK-logo-PNG-1-1.png\",\"width\":2111,\"height\":1310,\"caption\":\"Valmieras 2. vidusskola\"},\"image\":{\"@id\":\"https:\/\/izglitiba.valmierasnovads.lv\/v2v\/#\/schema\/logo\/image\/\"}}]}<\/script>\n<!-- \/ Yoast SEO plugin. -->","yoast_head_json":{"title":"Nekl\u0101tienes pedagogi - Valmieras 2. vidusskola","robots":{"index":"index","follow":"follow","max-snippet":"max-snippet:-1","max-image-preview":"max-image-preview:large","max-video-preview":"max-video-preview:-1"},"canonical":"https:\/\/izglitiba.valmierasnovads.lv\/v2v\/neklatienes-pedagogi\/","og_locale":"lv_LV","og_type":"article","og_title":"Nekl\u0101tienes pedagogi - Valmieras 2. vidusskola","og_description":"Nekl\u0101tienes skolot\u0101ji V\u0101rds Uzv\u0101rds E-pasts sazi\u0146ai M\u0101c\u012bbu priek\u0161mets\/-ti Kabineta Nr. Oksana Kara\u013c\u010duka oksana.karalcuka@valmiera.edu.lv 10., 11., 12. klases mentoreSve\u0161valoda B1 (krievu) [&hellip;]","og_url":"https:\/\/izglitiba.valmierasnovads.lv\/v2v\/neklatienes-pedagogi\/","og_site_name":"Valmieras 2. vidusskola","twitter_card":"summary_large_image","twitter_misc":{"Est. reading time":"1 min\u016bte"},"schema":{"@context":"https:\/\/schema.org","@graph":[{"@type":"WebPage","@id":"https:\/\/izglitiba.valmierasnovads.lv\/v2v\/neklatienes-pedagogi\/","url":"https:\/\/izglitiba.valmierasnovads.lv\/v2v\/neklatienes-pedagogi\/","name":"Nekl\u0101tienes pedagogi - Valmieras 2. vidusskola","isPartOf":{"@id":"https:\/\/izglitiba.valmierasnovads.lv\/v2v\/#website"},"datePublished":"2025-08-10T13:48:20+00:00","breadcrumb":{"@id":"https:\/\/izglitiba.valmierasnovads.lv\/v2v\/neklatienes-pedagogi\/#breadcrumb"},"inLanguage":"lv-LV","potentialAction":[{"@type":"ReadAction","target":["https:\/\/izglitiba.valmierasnovads.lv\/v2v\/neklatienes-pedagogi\/"]}]},{"@type":"BreadcrumbList","@id":"https:\/\/izglitiba.valmierasnovads.lv\/v2v\/neklatienes-pedagogi\/#breadcrumb","itemListElement":[{"@type":"ListItem","position":1,"name":"Home","item":"https:\/\/izglitiba.valmierasnovads.lv\/v2v\/"},{"@type":"ListItem","position":2,"name":"Nekl\u0101tienes pedagogi"}]},{"@type":"WebSite","@id":"https:\/\/izglitiba.valmierasnovads.lv\/v2v\/#website","url":"https:\/\/izglitiba.valmierasnovads.lv\/v2v\/","name":"Valmieras 2. vidusskola","description":"","publisher":{"@id":"https:\/\/izglitiba.valmierasnovads.lv\/v2v\/#organization"},"potentialAction":[{"@type":"SearchAction","target":{"@type":"EntryPoint","urlTemplate":"https:\/\/izglitiba.valmierasnovads.lv\/v2v\/?s={search_term_string}"},"query-input":{"@type":"PropertyValueSpecification","valueRequired":true,"valueName":"search_term_string"}}],"inLanguage":"lv-LV"},{"@type":"Organization","@id":"https:\/\/izglitiba.valmierasnovads.lv\/v2v\/#organization","name":"Valmieras 2. vidusskola","url":"https:\/\/izglitiba.valmierasnovads.lv\/v2v\/","logo":{"@type":"ImageObject","inLanguage":"lv-LV","@id":"https:\/\/izglitiba.valmierasnovads.lv\/v2v\/#\/schema\/logo\/image\/","url":"https:\/\/izglitiba.valmierasnovads.lv\/v2v\/wp-content\/uploads\/sites\/23\/2025\/04\/cropped-V2VSK-logo-PNG-1-1.png","contentUrl":"https:\/\/izglitiba.valmierasnovads.lv\/v2v\/wp-content\/uploads\/sites\/23\/2025\/04\/cropped-V2VSK-logo-PNG-1-1.png","width":2111,"height":1310,"caption":"Valmieras 2. vidusskola"},"image":{"@id":"https:\/\/izglitiba.valmierasnovads.lv\/v2v\/#\/schema\/logo\/image\/"}}]}},"_links":{"self":[{"href":"https:\/\/izglitiba.valmierasnovads.lv\/v2v\/wp-json\/wp\/v2\/pages\/138","targetHints":{"allow":["GET"]}}],"collection":[{"href":"https:\/\/izglitiba.valmierasnovads.lv\/v2v\/wp-json\/wp\/v2\/pages"}],"about":[{"href":"https:\/\/izglitiba.valmierasnovads.lv\/v2v\/wp-json\/wp\/v2\/types\/page"}],"author":[{"embeddable":true,"href":"https:\/\/izglitiba.valmierasnovads.lv\/v2v\/wp-json\/wp\/v2\/users\/21"}],"replies":[{"embeddable":true,"href":"https:\/\/izglitiba.valmierasnovads.lv\/v2v\/wp-json\/wp\/v2\/comments?post=138"}],"version-history":[{"count":1,"href":"https:\/\/izglitiba.valmierasnovads.lv\/v2v\/wp-json\/wp\/v2\/pages\/138\/revisions"}],"predecessor-version":[{"id":139,"href":"https:\/\/izglitiba.valmierasnovads.lv\/v2v\/wp-json\/wp\/v2\/pages\/138\/revisions\/139"}],"wp:attachment":[{"href":"https:\/\/izglitiba.valmierasnovads.lv\/v2v\/wp-json\/wp\/v2\/media?parent=138"}],"curies":[{"name":"wp","href":"https:\/\/api.w.org\/{rel}","templated":true}]}}