{"id":16,"date":"2025-04-25T08:14:35","date_gmt":"2025-04-25T05:14:35","guid":{"rendered":"https:\/\/izglitiba.valmierasnovads.lv\/valmieras2vidusskola\/kontakti\/"},"modified":"2025-08-10T16:12:04","modified_gmt":"2025-08-10T13:12:04","slug":"kontakti","status":"publish","type":"page","link":"https:\/\/izglitiba.valmierasnovads.lv\/v2v\/kontakti\/","title":{"rendered":"Kontakti"},"content":{"rendered":"\n<figure class=\"wp-block-table\"><table class=\"has-fixed-layout\"><tbody><tr><td><strong>Amats<\/strong><\/td><td><strong>V\u0101rds, uzv\u0101rds<\/strong><\/td><td><strong>T\u0101lrunis<\/strong><\/td><td><strong>E-pasts<\/strong><\/td><td><strong>Kabinets<\/strong><\/td><\/tr><tr><td>Direktors<\/td><td>Andrejs Gluhovs<\/td><td>64207163<\/td><td>v2v@valmiera.edu.lv<br>andrejs.gluhovs@valmiera.edu.lv<\/td><td>RAI\u0145A m\u0101ja, 112<\/td><\/tr><tr><td>Direktora vietnieks izgl\u012bt\u012bbas jom\u0101<\/td><td>Vja\u010deslavs Piskunovs<\/td><td>64207543<\/td><td>vjaceslavs.piskunovs@valmiera.edu.lv<\/td><td>RAI\u0145A m\u0101ja, 108<\/td><\/tr><tr><td>Direktora vietniece izgl\u012bt\u012bbas jom\u0101<\/td><td>Sanita Egl\u012bte<\/td><td>&nbsp;<\/td><td>sanita.eglite@valmiera.edu.lv<\/td><td>ZET m\u0101ja<\/td><\/tr><tr><td>Direktora vietniece izgl\u012bt\u012bbas jom\u0101 (audzin\u0101\u0161anas darbs)<\/td><td>Jekaterina Boj\u0101re<\/td><td>64207547<\/td><td>jekaterina.boj\u0101re@valmiera.edu.lv<\/td><td>RAI\u0145A m\u0101ja, 313<\/td><\/tr><tr><td>Direktora vietniece izgl\u012bt\u012bbas jom\u0101 (nekl\u0101tiene)<\/td><td>Oksana Kara\u013c\u010duka<\/td><td><\/td><td>oksana.karalcuka@valmiera.edu.lv<\/td><td>RAI\u0145A m\u0101ja<\/td><\/tr><tr><td>Direktora vietniece izgl\u012bt\u012bbas jom\u0101 (pirmsskolas izgl\u012bt\u012bbas grup\u0101s)<\/td><td>Katr\u012bna Brie\u017ekalnem (promb\u016btn\u0113)<\/td><td>64207544<\/td><td>katrina.briezkalne@valmiera.edu.lv<\/td><td>RAI\u0145A m\u0101ja, PII<\/td><\/tr><tr><td>Direktora vietnieks administrat\u012bvi saimnieciskaj\u0101 darb\u0101<\/td><td>Andis Petrusevi\u010ds<\/td><td>64207545<\/td><td>andis.petrusevics@valmiera.edu.lv<\/td><td>RAI\u0145A m\u0101ja, 111<\/td><\/tr><tr><td>E-klase administrators<\/td><td>Nat\u0101lija \u0160ilde<\/td><td>64281559<\/td><td>natalija.silde@valmiera.edu.lv<\/td><td>RAI\u0145A m\u0101ja, 210<\/td><\/tr><tr><td>Soci\u0101l\u0101 pedago\u0123e<\/td><td>L\u012bga Priede<\/td><td>64281559<\/td><td>liga.priede@valmiera.edu.lv<\/td><td>ZET m\u0101ja<\/td><\/tr><tr><td>Speci\u0101lais pedagogs<\/td><td>Signe Pelce<\/td><td>64281559<\/td><td>signe.pelce@valmiera.edu.lv<\/td><td>ZET m\u0101ja<\/td><\/tr><tr><td>Psiholo\u0123e<\/td><td>Ina Neimane<\/td><td>64281559<\/td><td>ina.neimane@valmiera.edu.lv<\/td><td>ZET m\u0101ja<\/td><\/tr><tr><td>Logop\u0113de<\/td><td>Anita Molotkova<\/td><td>64281559<\/td><td>anita.molotkova@valmiera.edu.lv<\/td><td>&nbsp;RAI\u0145A m\u0101ja<\/td><\/tr><tr><td>Logop\u0113de PII<\/td><td>J\u016blija Molotkova<\/td><td>64281559<\/td><td>j\u016blija.molotkova@valmiera.edu.lv<\/td><td>&nbsp;RAI\u0145A m\u0101ja<\/td><\/tr><tr><td>Logop\u0113de PII<\/td><td>Elvita L\u012bc\u012bte<\/td><td>64281559<\/td><td>elvita.licite@valmiera.edu.lv<\/td><td>&nbsp;RAI\u0145A m\u0101ja<\/td><\/tr><tr><td>Lietvede<\/td><td>Vlada Kalni\u0146a<\/td><td>64281559<\/td><td>vlada.kalnina@valmiera.edu.lv<br>v2v@valmiera.edu.lv<\/td><td>RAI\u0145A m\u0101ja, 110<\/td><\/tr><tr><td>Lietved\u012bbas sekret\u0101re PII<\/td><td>Gunta Zari\u0146a<\/td><td>64207093<\/td><td>gunta.zarina@valmiera.edu.lv<\/td><td>&nbsp;RAI\u0145A m\u0101ja<\/td><\/tr><tr><td>De\u017euranti<\/td><td>&nbsp;<\/td><td>64227538<\/td><td>&nbsp;<\/td><td>&nbsp;RAI\u0145A m\u0101ja<\/td><\/tr><\/tbody><\/table><\/figure>\n\n\n\n<h2 class=\"wp-block-heading\">Rekviz\u012bti<\/h2>\n\n\n\n<p><strong>Valmieras novada pa\u0161vald\u012bba \u2013 Valmieras 2. vidusskola<\/strong><br>Re\u0123. Nr. LV 90000043403<br>Juridisk\u0101 adrese: L\u0101\u010dpl\u0113\u0161a 2, Valmiera, Valmieras novads, LV \u2013 4201<br>Sa\u0146em\u0161anas adrese: Rai\u0146a 11, Valmiera, Valmieras novads,&nbsp; LV \u2013 4201<br>Nor\u0113\u0137inu konts LV94UNLA0018000142255,<br>A\/S SEB banka Valmieras fili\u0101le, kods UNLALV2X018<\/p>\n","protected":false},"excerpt":{"rendered":"<p>Amats V\u0101rds, uzv\u0101rds T\u0101lrunis E-pasts Kabinets Direktors Andrejs Gluhovs 64207163 v2v@valmiera.edu.lvandrejs.gluhovs@valmiera.edu.lv RAI\u0145A m\u0101ja, 112 Direktora vietnieks izgl\u012bt\u012bbas jom\u0101 Vja\u010deslavs Piskunovs [&hellip;]<\/p>\n","protected":false},"author":1,"featured_media":0,"parent":0,"menu_order":0,"comment_status":"closed","ping_status":"closed","template":"","meta":{"_acf_changed":false,"site-sidebar-layout":"default","site-content-layout":"","ast-site-content-layout":"default","site-content-style":"default","site-sidebar-style":"default","ast-global-header-display":"","ast-banner-title-visibility":"","ast-main-header-display":"","ast-hfb-above-header-display":"","ast-hfb-below-header-display":"","ast-hfb-mobile-header-display":"","site-post-title":"","ast-breadcrumbs-content":"","ast-featured-img":"","footer-sml-layout":"","ast-disable-related-posts":"","theme-transparent-header-meta":"","adv-header-id-meta":"","stick-header-meta":"","header-above-stick-meta":"","header-main-stick-meta":"","header-below-stick-meta":"","astra-migrate-meta-layouts":"default","ast-page-background-enabled":"default","ast-page-background-meta":{"desktop":{"background-color":"var(--ast-global-color-5)","background-image":"","background-repeat":"repeat","background-position":"center center","background-size":"auto","background-attachment":"scroll","background-type":"","background-media":"","overlay-type":"","overlay-color":"","overlay-opacity":"","overlay-gradient":""},"tablet":{"background-color":"","background-image":"","background-repeat":"repeat","background-position":"center center","background-size":"auto","background-attachment":"scroll","background-type":"","background-media":"","overlay-type":"","overlay-color":"","overlay-opacity":"","overlay-gradient":""},"mobile":{"background-color":"","background-image":"","background-repeat":"repeat","background-position":"center center","background-size":"auto","background-attachment":"scroll","background-type":"","background-media":"","overlay-type":"","overlay-color":"","overlay-opacity":"","overlay-gradient":""}},"ast-content-background-meta":{"desktop":{"background-color":"var(--ast-global-color-4)","background-image":"","background-repeat":"repeat","background-position":"center center","background-size":"auto","background-attachment":"scroll","background-type":"","background-media":"","overlay-type":"","overlay-color":"","overlay-opacity":"","overlay-gradient":""},"tablet":{"background-color":"var(--ast-global-color-4)","background-image":"","background-repeat":"repeat","background-position":"center center","background-size":"auto","background-attachment":"scroll","background-type":"","background-media":"","overlay-type":"","overlay-color":"","overlay-opacity":"","overlay-gradient":""},"mobile":{"background-color":"var(--ast-global-color-4)","background-image":"","background-repeat":"repeat","background-position":"center center","background-size":"auto","background-attachment":"scroll","background-type":"","background-media":"","overlay-type":"","overlay-color":"","overlay-opacity":"","overlay-gradient":""}},"footnotes":""},"class_list":["post-16","page","type-page","status-publish","hentry"],"acf":[],"yoast_head":"<!-- This site is optimized with the Yoast SEO plugin v27.0 - https:\/\/yoast.com\/product\/yoast-seo-wordpress\/ -->\n<title>Kontakti - Valmieras 2. vidusskola<\/title>\n<meta name=\"robots\" content=\"index, follow, max-snippet:-1, max-image-preview:large, max-video-preview:-1\" \/>\n<link rel=\"canonical\" href=\"https:\/\/izglitiba.valmierasnovads.lv\/v2v\/kontakti\/\" \/>\n<meta property=\"og:locale\" content=\"lv_LV\" \/>\n<meta property=\"og:type\" content=\"article\" \/>\n<meta property=\"og:title\" content=\"Kontakti - Valmieras 2. vidusskola\" \/>\n<meta property=\"og:description\" content=\"Amats V\u0101rds, uzv\u0101rds T\u0101lrunis E-pasts Kabinets Direktors Andrejs Gluhovs 64207163 v2v@valmiera.edu.lvandrejs.gluhovs@valmiera.edu.lv RAI\u0145A m\u0101ja, 112 Direktora vietnieks izgl\u012bt\u012bbas jom\u0101 Vja\u010deslavs Piskunovs [&hellip;]\" \/>\n<meta property=\"og:url\" content=\"https:\/\/izglitiba.valmierasnovads.lv\/v2v\/kontakti\/\" \/>\n<meta property=\"og:site_name\" content=\"Valmieras 2. vidusskola\" \/>\n<meta property=\"article:modified_time\" content=\"2025-08-10T13:12:04+00:00\" \/>\n<meta name=\"twitter:card\" content=\"summary_large_image\" \/>\n<meta name=\"twitter:label1\" content=\"Est. reading time\" \/>\n\t<meta name=\"twitter:data1\" content=\"2 min\u016btes\" \/>\n<script type=\"application\/ld+json\" class=\"yoast-schema-graph\">{\"@context\":\"https:\/\/schema.org\",\"@graph\":[{\"@type\":\"WebPage\",\"@id\":\"https:\/\/izglitiba.valmierasnovads.lv\/v2v\/kontakti\/\",\"url\":\"https:\/\/izglitiba.valmierasnovads.lv\/v2v\/kontakti\/\",\"name\":\"Kontakti - Valmieras 2. vidusskola\",\"isPartOf\":{\"@id\":\"https:\/\/izglitiba.valmierasnovads.lv\/v2v\/#website\"},\"datePublished\":\"2025-04-25T05:14:35+00:00\",\"dateModified\":\"2025-08-10T13:12:04+00:00\",\"breadcrumb\":{\"@id\":\"https:\/\/izglitiba.valmierasnovads.lv\/v2v\/kontakti\/#breadcrumb\"},\"inLanguage\":\"lv-LV\",\"potentialAction\":[{\"@type\":\"ReadAction\",\"target\":[\"https:\/\/izglitiba.valmierasnovads.lv\/v2v\/kontakti\/\"]}]},{\"@type\":\"BreadcrumbList\",\"@id\":\"https:\/\/izglitiba.valmierasnovads.lv\/v2v\/kontakti\/#breadcrumb\",\"itemListElement\":[{\"@type\":\"ListItem\",\"position\":1,\"name\":\"Home\",\"item\":\"https:\/\/izglitiba.valmierasnovads.lv\/v2v\/\"},{\"@type\":\"ListItem\",\"position\":2,\"name\":\"Kontakti\"}]},{\"@type\":\"WebSite\",\"@id\":\"https:\/\/izglitiba.valmierasnovads.lv\/v2v\/#website\",\"url\":\"https:\/\/izglitiba.valmierasnovads.lv\/v2v\/\",\"name\":\"Valmieras 2. vidusskola\",\"description\":\"\",\"publisher\":{\"@id\":\"https:\/\/izglitiba.valmierasnovads.lv\/v2v\/#organization\"},\"potentialAction\":[{\"@type\":\"SearchAction\",\"target\":{\"@type\":\"EntryPoint\",\"urlTemplate\":\"https:\/\/izglitiba.valmierasnovads.lv\/v2v\/?s={search_term_string}\"},\"query-input\":{\"@type\":\"PropertyValueSpecification\",\"valueRequired\":true,\"valueName\":\"search_term_string\"}}],\"inLanguage\":\"lv-LV\"},{\"@type\":\"Organization\",\"@id\":\"https:\/\/izglitiba.valmierasnovads.lv\/v2v\/#organization\",\"name\":\"Valmieras 2. vidusskola\",\"url\":\"https:\/\/izglitiba.valmierasnovads.lv\/v2v\/\",\"logo\":{\"@type\":\"ImageObject\",\"inLanguage\":\"lv-LV\",\"@id\":\"https:\/\/izglitiba.valmierasnovads.lv\/v2v\/#\/schema\/logo\/image\/\",\"url\":\"https:\/\/izglitiba.valmierasnovads.lv\/v2v\/wp-content\/uploads\/sites\/23\/2025\/04\/cropped-V2VSK-logo-PNG-1-1.png\",\"contentUrl\":\"https:\/\/izglitiba.valmierasnovads.lv\/v2v\/wp-content\/uploads\/sites\/23\/2025\/04\/cropped-V2VSK-logo-PNG-1-1.png\",\"width\":2111,\"height\":1310,\"caption\":\"Valmieras 2. vidusskola\"},\"image\":{\"@id\":\"https:\/\/izglitiba.valmierasnovads.lv\/v2v\/#\/schema\/logo\/image\/\"}}]}<\/script>\n<!-- \/ Yoast SEO plugin. -->","yoast_head_json":{"title":"Kontakti - Valmieras 2. vidusskola","robots":{"index":"index","follow":"follow","max-snippet":"max-snippet:-1","max-image-preview":"max-image-preview:large","max-video-preview":"max-video-preview:-1"},"canonical":"https:\/\/izglitiba.valmierasnovads.lv\/v2v\/kontakti\/","og_locale":"lv_LV","og_type":"article","og_title":"Kontakti - Valmieras 2. vidusskola","og_description":"Amats V\u0101rds, uzv\u0101rds T\u0101lrunis E-pasts Kabinets Direktors Andrejs Gluhovs 64207163 v2v@valmiera.edu.lvandrejs.gluhovs@valmiera.edu.lv RAI\u0145A m\u0101ja, 112 Direktora vietnieks izgl\u012bt\u012bbas jom\u0101 Vja\u010deslavs Piskunovs [&hellip;]","og_url":"https:\/\/izglitiba.valmierasnovads.lv\/v2v\/kontakti\/","og_site_name":"Valmieras 2. vidusskola","article_modified_time":"2025-08-10T13:12:04+00:00","twitter_card":"summary_large_image","twitter_misc":{"Est. reading time":"2 min\u016btes"},"schema":{"@context":"https:\/\/schema.org","@graph":[{"@type":"WebPage","@id":"https:\/\/izglitiba.valmierasnovads.lv\/v2v\/kontakti\/","url":"https:\/\/izglitiba.valmierasnovads.lv\/v2v\/kontakti\/","name":"Kontakti - Valmieras 2. vidusskola","isPartOf":{"@id":"https:\/\/izglitiba.valmierasnovads.lv\/v2v\/#website"},"datePublished":"2025-04-25T05:14:35+00:00","dateModified":"2025-08-10T13:12:04+00:00","breadcrumb":{"@id":"https:\/\/izglitiba.valmierasnovads.lv\/v2v\/kontakti\/#breadcrumb"},"inLanguage":"lv-LV","potentialAction":[{"@type":"ReadAction","target":["https:\/\/izglitiba.valmierasnovads.lv\/v2v\/kontakti\/"]}]},{"@type":"BreadcrumbList","@id":"https:\/\/izglitiba.valmierasnovads.lv\/v2v\/kontakti\/#breadcrumb","itemListElement":[{"@type":"ListItem","position":1,"name":"Home","item":"https:\/\/izglitiba.valmierasnovads.lv\/v2v\/"},{"@type":"ListItem","position":2,"name":"Kontakti"}]},{"@type":"WebSite","@id":"https:\/\/izglitiba.valmierasnovads.lv\/v2v\/#website","url":"https:\/\/izglitiba.valmierasnovads.lv\/v2v\/","name":"Valmieras 2. vidusskola","description":"","publisher":{"@id":"https:\/\/izglitiba.valmierasnovads.lv\/v2v\/#organization"},"potentialAction":[{"@type":"SearchAction","target":{"@type":"EntryPoint","urlTemplate":"https:\/\/izglitiba.valmierasnovads.lv\/v2v\/?s={search_term_string}"},"query-input":{"@type":"PropertyValueSpecification","valueRequired":true,"valueName":"search_term_string"}}],"inLanguage":"lv-LV"},{"@type":"Organization","@id":"https:\/\/izglitiba.valmierasnovads.lv\/v2v\/#organization","name":"Valmieras 2. vidusskola","url":"https:\/\/izglitiba.valmierasnovads.lv\/v2v\/","logo":{"@type":"ImageObject","inLanguage":"lv-LV","@id":"https:\/\/izglitiba.valmierasnovads.lv\/v2v\/#\/schema\/logo\/image\/","url":"https:\/\/izglitiba.valmierasnovads.lv\/v2v\/wp-content\/uploads\/sites\/23\/2025\/04\/cropped-V2VSK-logo-PNG-1-1.png","contentUrl":"https:\/\/izglitiba.valmierasnovads.lv\/v2v\/wp-content\/uploads\/sites\/23\/2025\/04\/cropped-V2VSK-logo-PNG-1-1.png","width":2111,"height":1310,"caption":"Valmieras 2. vidusskola"},"image":{"@id":"https:\/\/izglitiba.valmierasnovads.lv\/v2v\/#\/schema\/logo\/image\/"}}]}},"_links":{"self":[{"href":"https:\/\/izglitiba.valmierasnovads.lv\/v2v\/wp-json\/wp\/v2\/pages\/16","targetHints":{"allow":["GET"]}}],"collection":[{"href":"https:\/\/izglitiba.valmierasnovads.lv\/v2v\/wp-json\/wp\/v2\/pages"}],"about":[{"href":"https:\/\/izglitiba.valmierasnovads.lv\/v2v\/wp-json\/wp\/v2\/types\/page"}],"author":[{"embeddable":true,"href":"https:\/\/izglitiba.valmierasnovads.lv\/v2v\/wp-json\/wp\/v2\/users\/1"}],"replies":[{"embeddable":true,"href":"https:\/\/izglitiba.valmierasnovads.lv\/v2v\/wp-json\/wp\/v2\/comments?post=16"}],"version-history":[{"count":1,"href":"https:\/\/izglitiba.valmierasnovads.lv\/v2v\/wp-json\/wp\/v2\/pages\/16\/revisions"}],"predecessor-version":[{"id":114,"href":"https:\/\/izglitiba.valmierasnovads.lv\/v2v\/wp-json\/wp\/v2\/pages\/16\/revisions\/114"}],"wp:attachment":[{"href":"https:\/\/izglitiba.valmierasnovads.lv\/v2v\/wp-json\/wp\/v2\/media?parent=16"}],"curies":[{"name":"wp","href":"https:\/\/api.w.org\/{rel}","templated":true}]}}