{"id":256,"date":"2025-09-08T12:55:34","date_gmt":"2025-09-08T09:55:34","guid":{"rendered":"https:\/\/izglitiba.valmierasnovads.lv\/valmieras2vidusskola\/?page_id=256"},"modified":"2025-09-08T12:55:35","modified_gmt":"2025-09-08T09:55:35","slug":"edinasana","status":"publish","type":"page","link":"https:\/\/izglitiba.valmierasnovads.lv\/v2v\/edinasana\/","title":{"rendered":"\u0112din\u0101\u0161ana"},"content":{"rendered":"\n<h2 class=\"wp-block-heading\">\u0112DIENKARTE<\/h2>\n\n\n\n<p>1.-4. klase \/ 5.-9. klase \/ 10.-12. klase&nbsp;<a href=\"https:\/\/drive.google.com\/drive\/folders\/1e97mEcIWcYdp2iPHHptUlX0oB4qS8lQf?usp=sharing\">ned\u0113\u013cas \u0113dienkartes<\/a><\/p>\n\n\n\n<h2 class=\"wp-block-heading\">INFORM\u0100CIJA<\/h2>\n\n\n\n<p>No 2024. gada 2. septembra \u0113din\u0101\u0161anu p\u0101rvald\u012bs jaun\u0101 sist\u0113ma Mily.lv, kas vec\u0101kiem atvieglos gan \u0113din\u0101\u0161anas pieteik\u0161anu, gan apmaksu. \u0160\u012b platforma \u013caus visu izdar\u012bt \u0113rti un tie\u0161saist\u0113, padarot procesu vienk\u0101r\u0161\u0101ku un p\u0101rskat\u0101m\u0101ku.<\/p>\n\n\n\n<h4 class=\"wp-block-heading\">Samaksas k\u0101rt\u012bba par \u0113din\u0101\u0161anu<\/h4>\n\n\n\n<p>Platform\u0101 Mily darbojas atvieglojumu piem\u0113ro\u0161anas meh\u0101nisms, kur\u0161 pamatojoties uz pa\u0161vald\u012bbas vai izgl\u012bt\u012bbas iest\u0101des sniegtiem datiem, piem\u0113ro noteiktu atvieglojumu (atlaidi), ja \u0161\u0101ds pien\u0101kas J\u016bsu b\u0113rnam atbilsto\u0161i Valmieras valstpils\u0113tas pa\u0161vald\u012bbas 2024. Gada noteikumiem l\u0113mum\u0101 Nr. 448&nbsp;<\/p>\n\n\n\n<p><strong>Atvieglojumu m\u0113r\u0137a grupas ir \u0161\u0101das:<\/strong><\/p>\n\n\n\n<ol class=\"wp-block-list\">\n<li>Kompleks\u0101s pusdienas\u00a0<strong><u>1.-6.klas\u0113m<\/u><\/strong>\u00a0\u2013 valsts un pa\u0161vald\u012bbas finans\u0113jums piln\u0101 apm\u0113r\u0101.<\/li>\n\n\n\n<li>Kompleks\u0101s pusdienas\u00a0<strong><u>7.-9.klas\u0113m<\/u><\/strong>: 2,78 EUR<\/li>\n<\/ol>\n\n\n\n<ul class=\"wp-block-list\">\n<li><strong>Vec\u0101ku l\u012bdzfinans\u0113jums 2.10 EUR<\/strong><\/li>\n<\/ul>\n\n\n\n<ol start=\"3\" class=\"wp-block-list\">\n<li>Kompleks\u0101s pusdienas\u00a0<strong><u>10.-12.klas\u0113m<\/u><\/strong>: 2,84 EUR\n<ul class=\"wp-block-list\">\n<li><strong>Vec\u0101ku l\u012bdzfinans\u0113jums 2.10 EUR<\/strong><\/li>\n<\/ul>\n<\/li>\n\n\n\n<li>Maksa par\u00a0<strong>launagu\u00a0<\/strong>skol\u0101<strong>\u00a00,80 EUR<\/strong>.<\/li>\n<\/ol>\n\n\n\n<p>Visp\u0101r\u012bga inform\u0101cija par to, k\u0101 attiec\u012bb\u0101 Mily platformu tiek administr\u0113ti atvieglojumi (t.sk. br\u012bvpusdienu statusi) ir sniegta&nbsp;<strong><a href=\"https:\/\/mily.lv\/faq\/1\/74\">\u0161eit<\/a><\/strong>.<\/p>\n\n\n\n<p>Atvieglojumu sa\u0146em\u0161anai j\u0101iesniedz izgl\u012bt\u012bbas iest\u0101des direktoram\/vad\u012bt\u0101jam adres\u0113ts&nbsp;<a href=\"https:\/\/www.valmierasnovads.lv\/dokumenti\/par-izglitojamo-edinasanas-maksas-atvieglojumu-sanemsanu\/veidlapa_edinasanas_atvieglojumi_iesniegums_izglitibas-iestadei-8\/\"><strong>iesniegums<\/strong><\/a>&nbsp;un j\u0101uzr\u0101da statusu apliecino\u0161s dokuments (invalidit\u0101ti apliecino\u0161s dokuments, izzi\u0146a par tr\u016bc\u012bgas vai maznodro\u0161in\u0101tas m\u0101jsaimniec\u012bbas statusu vai Latvijas Goda \u0123imenes apliec\u012bba).&nbsp;<\/p>\n\n\n\n<p>Aicin\u0101m vec\u0101kus p\u0101rliecin\u0101ties par statusu apliecino\u0161o dokumentu der\u012bguma termi\u0146u!<\/p>\n\n\n\n<p><em><strong>Atlaides tiks piem\u0113rotas tikai&nbsp;p\u0113c dokumentu iesnieg\u0161anas, t\u0101d\u0113\u013c l\u016bgums vec\u0101kiem dokumentus iesniegt laic\u012bgi!<\/strong><\/em><\/p>\n\n\n\n<p>L\u016bdzam \u0146emt v\u0113r\u0101, ka atvieglojumu Mily platforma piem\u0113ro tikl\u012bdz tas ir iesniegts sist\u0113m\u0101, un \u0161obr\u012bd tehniski nav iesp\u0113jams to piem\u0113rot atgriezeniski (par pag\u0101tnes dien\u0101m). Gad\u012bjumos, ja Platform\u0101 neredzat atvieglojuma piem\u0113ro\u0161anu, l\u016bdzam vispirms p\u0101rliecin\u0101ties, vai esat nor\u0101d\u012bju\u0161i pareizus izgl\u012btojam\u0101 personas datus. Ja joproj\u0101m atvieglojumu neredzat, l\u016bdzam sazin\u0101ties ar skolas administr\u0101ciju un p\u0101rliecin\u0101ties, ka atvieglojums pien\u0101kas. Vair\u0101k inform\u0101cijas par atvieglojumiem Platform\u0101.<\/p>\n\n\n\n<p>\u0112din\u0101\u0161anas maksas atvieglojumi 100% \u2013 apm\u0113r\u0101 tiek&nbsp; nodro\u0161in\u0101ti:<\/p>\n\n\n\n<ul class=\"wp-block-list\">\n<li>oblig\u0101t\u0101s pirmsskolas izgl\u012bt\u012bbas programmas izgl\u012btojamiem pusdien\u0101m;<\/li>\n\n\n\n<li>pirmsskolas vecuma izgl\u012btojamiem ar invalidit\u0101ti vis\u0101m \u0113dienreiz\u0113m un 7.-9.klases visp\u0101r\u0113j\u0101s vid\u0113j\u0101s vai profesion\u0101l\u0101s vid\u0113j\u0101s izgl\u012bt\u012bbas programmas izgl\u012btojamiem ar invalidit\u0101ti pusdien\u0101m;<\/li>\n\n\n\n<li>b\u0113rnam no tr\u016bc\u012bgas vai maznodro\u0161in\u0101tas m\u0101jsaimniec\u012bbas, kur\u0161 apg\u016bst pirmsskolas izgl\u012bt\u012bbas programmu vis\u0101m \u0113dienreiz\u0113m un pamatizgl\u012bt\u012bbas programmu 7.-9. klas\u0113 pusdien\u0101m<\/li>\n<\/ul>\n\n\n\n<p>\u0112din\u0101\u0161anas maksas atvieglojumi 50% -apm\u0113r\u0101&nbsp; tiek nodro\u0161in\u0101ti:<\/p>\n\n\n\n<ul class=\"wp-block-list\">\n<li>b\u0113rnam no tr\u016bc\u012bgas vai maznodro\u0161in\u0101tas m\u0101jsaimniec\u012bbas pusdien\u0101m, kur\u0161 apg\u016bst visp\u0101r\u0113j\u0101s vid\u0113j\u0101s vai profesion\u0101l\u0101s vid\u0113j\u0101s izgl\u012bt\u012bbas programmu. b\u0113rnam no daudzb\u0113rnu \u0123imenes vis\u0101m \u0113dienreiz\u0113m, kur\u0161 apg\u016bst pirmsskolas izgl\u012bt\u012bbas programmu un pusdien\u0101m, kur\u0161 apg\u016bst pamatizgl\u012bt\u012bbas programmu 7.-9.\u00a0klas\u0113, visp\u0101r\u0113j\u0101s vid\u0113j\u0101s vai profesion\u0101l\u0101s vid\u0113j\u0101s izgl\u012bt\u012bbas programmu<\/li>\n\n\n\n<li>B\u0101renim un bez vec\u0101ku g\u0101d\u012bbas paliku\u0161am b\u0113rnam vis\u0101m \u0113dienreiz\u0113m, kur\u0161 apg\u016bst pirmsskolas izgl\u012bt\u012bbas programmu un pusdien\u0101m, kur\u0161 apg\u016bst pamatizgl\u012bt\u012bbas programmu 7.- 9. klas\u0113, visp\u0101r\u0113j\u0101s vid\u0113j\u0101s vai profesion\u0101l\u0101s vid\u0113j\u0101s izgl\u012bt\u012bbas programmu.<\/li>\n<\/ul>\n\n\n\n<p>Nor\u0113\u0137ini tiek veikti autom\u0101tiski caur Mily \u0123imenes konta e-naudas maci\u0146u&nbsp;\u2013 Jums neb\u016bs j\u0101veic tie\u0161ie nor\u0113\u0137ini ar \u0113din\u0101t\u0101ju, veicot maks\u0101jumus uz t\u0101 bankas kontu, k\u0101 ar\u012b neb\u016bs j\u0101gaida r\u0113\u0137ins par pakalpojumiem. T\u0101 viet\u0101 Jums b\u016bs j\u0101papildina J\u016bsu \u0123imenes konta e-naudas maci\u0146\u0161 un maksa par \u0113din\u0101\u0161anu tiks autom\u0101tiski pa\u0146emta visiem J\u016bsu distances l\u012bgumiem no e-naudas maci\u0146a uzreiz p\u0113c \u0113dienreizes (ja vien neb\u016bsiet pieteiku\u0161i kav\u0113jumu). E-naudas maci\u0146\u0101 var\u0113siet \u0113rti sekot l\u012bdzi maks\u0101jumiem, eksport\u0113t p\u0101rskatos un nepiecie\u0161am\u012bbas gad\u012bjum\u0101 tos apstr\u012bd\u0113t. Pla\u0161\u0101ka inform\u0101cija par e-naudas maci\u0146u un nor\u0113\u0137iniem ir&nbsp;<strong><a href=\"https:\/\/mily.lv\/faq\/17\">\u0161eit<\/a>.<\/strong><\/p>\n\n\n\n<h4 class=\"wp-block-heading\">Distances l\u012bguma sl\u0113g\u0161ana<\/h4>\n\n\n\n<p>L\u012bgums par \u0113din\u0101\u0161anu tiek sl\u0113gts k\u0101 distances l\u012bgums elektroniski (bez e-paraksta) un var jebkur\u0101 br\u012bd\u012b tikt p\u0101rtraukts Platform\u0101 Mily.&nbsp; Vair\u0101k inform\u0101cijas par distances l\u012bgumiem&nbsp;<strong><a href=\"https:\/\/mily.lv\/faq\/1\/25\">\u0161eit<\/a>.<\/strong><\/p>\n\n\n\n<p>Mily \u0123imenes kontu var lietot visa \u0123imene&nbsp;\u2013 \u0123imenes kontu izveido viens pieaugu\u0161ais, kur\u0161 k\u013c\u016bst par konta administratoru un dr\u012bkst kont\u0101 aicin\u0101t pievienoties citus pieaugu\u0161os, pievienot b\u0113rnus. T\u0101pat vec\u0101ks var dele\u0123\u0113t b\u0113rnam ties\u012bbas pieteikt kav\u0113jumus platform\u0101. Vair\u0101k inform\u0101cijas par lietot\u0101ju p\u0101rvald\u012bbu las\u012bt&nbsp;<strong><a href=\"https:\/\/mily.lv\/faq\/21\/39\">\u0161eit<\/a>.<\/strong><\/p>\n\n\n\n<h4 class=\"wp-block-heading\">Kav\u0113jumu gad\u012bjum\u0101<\/h4>\n\n\n\n<p>\u0112rta iesp\u0113ja pieteikt kav\u0113jumus&nbsp;\u2013&nbsp; kav\u0113jumu pieteik\u0161anu var\u0113s veikt platform\u0101 Mily vai ar\u012b e-klase.lv sist\u0113m\u0101, vienlaic\u012bgi ar kav\u0113juma pieteik\u0161anu skolai. Kav\u0113jums b\u016bs j\u0101piesaka l\u012bdz teko\u0161\u0101s dienas plkst. 8:00. Pla\u0161\u0101ka inform\u0101cija par kav\u0113jumu pieteik\u0161anu ir&nbsp;<strong><a href=\"https:\/\/mily.lv\/faq\/1\/15\">\u0161eit<\/a>.<\/strong><\/p>\n\n\n\n<h4 class=\"wp-block-heading\">QR kodu izmanto\u0161ana skolas \u0113dn\u012bc\u0101<\/h4>\n\n\n\n<p>QR kodu izmanto\u0161ana skolas \u0113dn\u012bc\u0101&nbsp;\u2013 skol\u0113niem, kuriem ir parakst\u012bts Mily.lv distances l\u012bgums vai ar\u012b ir br\u012bvpusdienu statuss, s\u0101kot ar 7. klasi b\u016bs j\u0101dodas uz \u0113dn\u012bcu ar person\u012bgo QR kodu. QR kods skol\u0113nam tiek nos\u016bt\u012bts kop\u0101 ar parakst\u012bto \u0113din\u0101\u0161anas l\u012bgumu, k\u0101 ar\u012b vienm\u0113r pieejams Mily.lv platformas \u0123imenes kont\u0101, kur to ir viegli atrast. Br\u012bvpusdienot\u0101ju vec\u0101ki savu b\u0113rnu QR kodu t\u0101pat var\u0113s atrast sav\u0101 \u0123imenes kont\u0101 b\u0113rna profil\u0101 uzreiz p\u0113c tam, kad b\u0113rns (k\u0101 izgl\u012btojamais) b\u016bs pievienots \u0123imenes kontam. QR kodu var t\u0101pat ieg\u016bt pie \u0113din\u0101t\u0101ja p\u0113c piepras\u012bjuma. Gad\u012bjum\u0101, ja b\u0113rnam QR kods b\u016bs aizmirsies, to var\u0113s uz viedier\u012bces par\u0101d\u012bt \u0113din\u0101t\u0101js uz vietas \u0113dn\u012bc\u0101 vai ar\u012b valid\u0113t b\u0113rnu p\u0113c v\u0101rda, uzv\u0101rda un klases nosauk\u0161anas. QR KODS NAV MAKS\u0100\u0160ANAS R\u012aKS, tas ir p\u0101rbaudes r\u012bks \u0113din\u0101t\u0101jam vai b\u0113rnam ir nosl\u0113gts l\u012bgums. Vair\u0101k inform\u0101cijas par QR kodiem&nbsp;<strong><a href=\"https:\/\/mily.lv\/faq\/22\">\u0161eit<\/a>.<\/strong><\/p>\n\n\n\n<div data-wp-interactive=\"core\/file\" class=\"wp-block-file\"><object data-wp-bind--hidden=\"!state.hasPdfPreview\" hidden class=\"wp-block-file__embed\" data=\"https:\/\/izglitiba.valmierasnovads.lv\/valmieras2vidusskola\/wp-content\/uploads\/sites\/23\/2025\/09\/mily_valmiera_2024.pdf\" type=\"application\/pdf\" style=\"width:100%;height:600px\" aria-label=\"Iegult mily_valmiera_2024.\"><\/object><a id=\"wp-block-file--media-22f31b5a-0f91-4944-b68e-cc95056f321a\" href=\"https:\/\/izglitiba.valmierasnovads.lv\/valmieras2vidusskola\/wp-content\/uploads\/sites\/23\/2025\/09\/mily_valmiera_2024.pdf\">mily_valmiera_2024<\/a><a href=\"https:\/\/izglitiba.valmierasnovads.lv\/valmieras2vidusskola\/wp-content\/uploads\/sites\/23\/2025\/09\/mily_valmiera_2024.pdf\" class=\"wp-block-file__button wp-element-button\" download aria-describedby=\"wp-block-file--media-22f31b5a-0f91-4944-b68e-cc95056f321a\">Lejupiel\u0101d\u0113t<\/a><\/div>\n","protected":false},"excerpt":{"rendered":"<p>\u0112DIENKARTE 1.-4. klase \/ 5.-9. klase \/ 10.-12. klase&nbsp;ned\u0113\u013cas \u0113dienkartes INFORM\u0100CIJA No 2024. gada 2. septembra \u0113din\u0101\u0161anu p\u0101rvald\u012bs jaun\u0101 sist\u0113ma [&hellip;]<\/p>\n","protected":false},"author":20,"featured_media":0,"parent":0,"menu_order":0,"comment_status":"closed","ping_status":"closed","template":"","meta":{"_acf_changed":false,"site-sidebar-layout":"default","site-content-layout":"","ast-site-content-layout":"default","site-content-style":"default","site-sidebar-style":"default","ast-global-header-display":"","ast-banner-title-visibility":"","ast-main-header-display":"","ast-hfb-above-header-display":"","ast-hfb-below-header-display":"","ast-hfb-mobile-header-display":"","site-post-title":"","ast-breadcrumbs-content":"","ast-featured-img":"","footer-sml-layout":"","ast-disable-related-posts":"","theme-transparent-header-meta":"","adv-header-id-meta":"","stick-header-meta":"","header-above-stick-meta":"","header-main-stick-meta":"","header-below-stick-meta":"","astra-migrate-meta-layouts":"default","ast-page-background-enabled":"default","ast-page-background-meta":{"desktop":{"background-color":"var(--ast-global-color-5)","background-image":"","background-repeat":"repeat","background-position":"center center","background-size":"auto","background-attachment":"scroll","background-type":"","background-media":"","overlay-type":"","overlay-color":"","overlay-opacity":"","overlay-gradient":""},"tablet":{"background-color":"","background-image":"","background-repeat":"repeat","background-position":"center center","background-size":"auto","background-attachment":"scroll","background-type":"","background-media":"","overlay-type":"","overlay-color":"","overlay-opacity":"","overlay-gradient":""},"mobile":{"background-color":"","background-image":"","background-repeat":"repeat","background-position":"center center","background-size":"auto","background-attachment":"scroll","background-type":"","background-media":"","overlay-type":"","overlay-color":"","overlay-opacity":"","overlay-gradient":""}},"ast-content-background-meta":{"desktop":{"background-color":"var(--ast-global-color-4)","background-image":"","background-repeat":"repeat","background-position":"center center","background-size":"auto","background-attachment":"scroll","background-type":"","background-media":"","overlay-type":"","overlay-color":"","overlay-opacity":"","overlay-gradient":""},"tablet":{"background-color":"var(--ast-global-color-4)","background-image":"","background-repeat":"repeat","background-position":"center center","background-size":"auto","background-attachment":"scroll","background-type":"","background-media":"","overlay-type":"","overlay-color":"","overlay-opacity":"","overlay-gradient":""},"mobile":{"background-color":"var(--ast-global-color-4)","background-image":"","background-repeat":"repeat","background-position":"center center","background-size":"auto","background-attachment":"scroll","background-type":"","background-media":"","overlay-type":"","overlay-color":"","overlay-opacity":"","overlay-gradient":""}},"footnotes":""},"class_list":["post-256","page","type-page","status-publish","hentry"],"acf":[],"yoast_head":"<!-- This site is optimized with the Yoast SEO plugin v27.0 - https:\/\/yoast.com\/product\/yoast-seo-wordpress\/ -->\n<title>\u0112din\u0101\u0161ana - Valmieras 2. vidusskola<\/title>\n<meta name=\"robots\" content=\"index, follow, max-snippet:-1, max-image-preview:large, max-video-preview:-1\" \/>\n<link rel=\"canonical\" href=\"https:\/\/izglitiba.valmierasnovads.lv\/v2v\/edinasana\/\" \/>\n<meta property=\"og:locale\" content=\"lv_LV\" \/>\n<meta property=\"og:type\" content=\"article\" \/>\n<meta property=\"og:title\" content=\"\u0112din\u0101\u0161ana - Valmieras 2. vidusskola\" \/>\n<meta property=\"og:description\" content=\"\u0112DIENKARTE 1.-4. klase \/ 5.-9. klase \/ 10.-12. klase&nbsp;ned\u0113\u013cas \u0113dienkartes INFORM\u0100CIJA No 2024. gada 2. septembra \u0113din\u0101\u0161anu p\u0101rvald\u012bs jaun\u0101 sist\u0113ma [&hellip;]\" \/>\n<meta property=\"og:url\" content=\"https:\/\/izglitiba.valmierasnovads.lv\/v2v\/edinasana\/\" \/>\n<meta property=\"og:site_name\" content=\"Valmieras 2. vidusskola\" \/>\n<meta property=\"article:modified_time\" content=\"2025-09-08T09:55:35+00:00\" \/>\n<meta name=\"twitter:card\" content=\"summary_large_image\" \/>\n<meta name=\"twitter:label1\" content=\"Est. reading time\" \/>\n\t<meta name=\"twitter:data1\" content=\"4 min\u016btes\" \/>\n<script type=\"application\/ld+json\" class=\"yoast-schema-graph\">{\"@context\":\"https:\/\/schema.org\",\"@graph\":[{\"@type\":\"WebPage\",\"@id\":\"https:\/\/izglitiba.valmierasnovads.lv\/v2v\/edinasana\/\",\"url\":\"https:\/\/izglitiba.valmierasnovads.lv\/v2v\/edinasana\/\",\"name\":\"\u0112din\u0101\u0161ana - Valmieras 2. vidusskola\",\"isPartOf\":{\"@id\":\"https:\/\/izglitiba.valmierasnovads.lv\/v2v\/#website\"},\"datePublished\":\"2025-09-08T09:55:34+00:00\",\"dateModified\":\"2025-09-08T09:55:35+00:00\",\"breadcrumb\":{\"@id\":\"https:\/\/izglitiba.valmierasnovads.lv\/v2v\/edinasana\/#breadcrumb\"},\"inLanguage\":\"lv-LV\",\"potentialAction\":[{\"@type\":\"ReadAction\",\"target\":[\"https:\/\/izglitiba.valmierasnovads.lv\/v2v\/edinasana\/\"]}]},{\"@type\":\"BreadcrumbList\",\"@id\":\"https:\/\/izglitiba.valmierasnovads.lv\/v2v\/edinasana\/#breadcrumb\",\"itemListElement\":[{\"@type\":\"ListItem\",\"position\":1,\"name\":\"Home\",\"item\":\"https:\/\/izglitiba.valmierasnovads.lv\/v2v\/\"},{\"@type\":\"ListItem\",\"position\":2,\"name\":\"\u0112din\u0101\u0161ana\"}]},{\"@type\":\"WebSite\",\"@id\":\"https:\/\/izglitiba.valmierasnovads.lv\/v2v\/#website\",\"url\":\"https:\/\/izglitiba.valmierasnovads.lv\/v2v\/\",\"name\":\"Valmieras 2. vidusskola\",\"description\":\"\",\"publisher\":{\"@id\":\"https:\/\/izglitiba.valmierasnovads.lv\/v2v\/#organization\"},\"potentialAction\":[{\"@type\":\"SearchAction\",\"target\":{\"@type\":\"EntryPoint\",\"urlTemplate\":\"https:\/\/izglitiba.valmierasnovads.lv\/v2v\/?s={search_term_string}\"},\"query-input\":{\"@type\":\"PropertyValueSpecification\",\"valueRequired\":true,\"valueName\":\"search_term_string\"}}],\"inLanguage\":\"lv-LV\"},{\"@type\":\"Organization\",\"@id\":\"https:\/\/izglitiba.valmierasnovads.lv\/v2v\/#organization\",\"name\":\"Valmieras 2. vidusskola\",\"url\":\"https:\/\/izglitiba.valmierasnovads.lv\/v2v\/\",\"logo\":{\"@type\":\"ImageObject\",\"inLanguage\":\"lv-LV\",\"@id\":\"https:\/\/izglitiba.valmierasnovads.lv\/v2v\/#\/schema\/logo\/image\/\",\"url\":\"https:\/\/izglitiba.valmierasnovads.lv\/v2v\/wp-content\/uploads\/sites\/23\/2025\/04\/cropped-V2VSK-logo-PNG-1-1.png\",\"contentUrl\":\"https:\/\/izglitiba.valmierasnovads.lv\/v2v\/wp-content\/uploads\/sites\/23\/2025\/04\/cropped-V2VSK-logo-PNG-1-1.png\",\"width\":2111,\"height\":1310,\"caption\":\"Valmieras 2. vidusskola\"},\"image\":{\"@id\":\"https:\/\/izglitiba.valmierasnovads.lv\/v2v\/#\/schema\/logo\/image\/\"}}]}<\/script>\n<!-- \/ Yoast SEO plugin. -->","yoast_head_json":{"title":"\u0112din\u0101\u0161ana - Valmieras 2. vidusskola","robots":{"index":"index","follow":"follow","max-snippet":"max-snippet:-1","max-image-preview":"max-image-preview:large","max-video-preview":"max-video-preview:-1"},"canonical":"https:\/\/izglitiba.valmierasnovads.lv\/v2v\/edinasana\/","og_locale":"lv_LV","og_type":"article","og_title":"\u0112din\u0101\u0161ana - Valmieras 2. vidusskola","og_description":"\u0112DIENKARTE 1.-4. klase \/ 5.-9. klase \/ 10.-12. klase&nbsp;ned\u0113\u013cas \u0113dienkartes INFORM\u0100CIJA No 2024. gada 2. septembra \u0113din\u0101\u0161anu p\u0101rvald\u012bs jaun\u0101 sist\u0113ma [&hellip;]","og_url":"https:\/\/izglitiba.valmierasnovads.lv\/v2v\/edinasana\/","og_site_name":"Valmieras 2. vidusskola","article_modified_time":"2025-09-08T09:55:35+00:00","twitter_card":"summary_large_image","twitter_misc":{"Est. reading time":"4 min\u016btes"},"schema":{"@context":"https:\/\/schema.org","@graph":[{"@type":"WebPage","@id":"https:\/\/izglitiba.valmierasnovads.lv\/v2v\/edinasana\/","url":"https:\/\/izglitiba.valmierasnovads.lv\/v2v\/edinasana\/","name":"\u0112din\u0101\u0161ana - Valmieras 2. vidusskola","isPartOf":{"@id":"https:\/\/izglitiba.valmierasnovads.lv\/v2v\/#website"},"datePublished":"2025-09-08T09:55:34+00:00","dateModified":"2025-09-08T09:55:35+00:00","breadcrumb":{"@id":"https:\/\/izglitiba.valmierasnovads.lv\/v2v\/edinasana\/#breadcrumb"},"inLanguage":"lv-LV","potentialAction":[{"@type":"ReadAction","target":["https:\/\/izglitiba.valmierasnovads.lv\/v2v\/edinasana\/"]}]},{"@type":"BreadcrumbList","@id":"https:\/\/izglitiba.valmierasnovads.lv\/v2v\/edinasana\/#breadcrumb","itemListElement":[{"@type":"ListItem","position":1,"name":"Home","item":"https:\/\/izglitiba.valmierasnovads.lv\/v2v\/"},{"@type":"ListItem","position":2,"name":"\u0112din\u0101\u0161ana"}]},{"@type":"WebSite","@id":"https:\/\/izglitiba.valmierasnovads.lv\/v2v\/#website","url":"https:\/\/izglitiba.valmierasnovads.lv\/v2v\/","name":"Valmieras 2. vidusskola","description":"","publisher":{"@id":"https:\/\/izglitiba.valmierasnovads.lv\/v2v\/#organization"},"potentialAction":[{"@type":"SearchAction","target":{"@type":"EntryPoint","urlTemplate":"https:\/\/izglitiba.valmierasnovads.lv\/v2v\/?s={search_term_string}"},"query-input":{"@type":"PropertyValueSpecification","valueRequired":true,"valueName":"search_term_string"}}],"inLanguage":"lv-LV"},{"@type":"Organization","@id":"https:\/\/izglitiba.valmierasnovads.lv\/v2v\/#organization","name":"Valmieras 2. vidusskola","url":"https:\/\/izglitiba.valmierasnovads.lv\/v2v\/","logo":{"@type":"ImageObject","inLanguage":"lv-LV","@id":"https:\/\/izglitiba.valmierasnovads.lv\/v2v\/#\/schema\/logo\/image\/","url":"https:\/\/izglitiba.valmierasnovads.lv\/v2v\/wp-content\/uploads\/sites\/23\/2025\/04\/cropped-V2VSK-logo-PNG-1-1.png","contentUrl":"https:\/\/izglitiba.valmierasnovads.lv\/v2v\/wp-content\/uploads\/sites\/23\/2025\/04\/cropped-V2VSK-logo-PNG-1-1.png","width":2111,"height":1310,"caption":"Valmieras 2. vidusskola"},"image":{"@id":"https:\/\/izglitiba.valmierasnovads.lv\/v2v\/#\/schema\/logo\/image\/"}}]}},"_links":{"self":[{"href":"https:\/\/izglitiba.valmierasnovads.lv\/v2v\/wp-json\/wp\/v2\/pages\/256","targetHints":{"allow":["GET"]}}],"collection":[{"href":"https:\/\/izglitiba.valmierasnovads.lv\/v2v\/wp-json\/wp\/v2\/pages"}],"about":[{"href":"https:\/\/izglitiba.valmierasnovads.lv\/v2v\/wp-json\/wp\/v2\/types\/page"}],"author":[{"embeddable":true,"href":"https:\/\/izglitiba.valmierasnovads.lv\/v2v\/wp-json\/wp\/v2\/users\/20"}],"replies":[{"embeddable":true,"href":"https:\/\/izglitiba.valmierasnovads.lv\/v2v\/wp-json\/wp\/v2\/comments?post=256"}],"version-history":[{"count":1,"href":"https:\/\/izglitiba.valmierasnovads.lv\/v2v\/wp-json\/wp\/v2\/pages\/256\/revisions"}],"predecessor-version":[{"id":258,"href":"https:\/\/izglitiba.valmierasnovads.lv\/v2v\/wp-json\/wp\/v2\/pages\/256\/revisions\/258"}],"wp:attachment":[{"href":"https:\/\/izglitiba.valmierasnovads.lv\/v2v\/wp-json\/wp\/v2\/media?parent=256"}],"curies":[{"name":"wp","href":"https:\/\/api.w.org\/{rel}","templated":true}]}}