{"id":318,"date":"2025-09-08T18:41:47","date_gmt":"2025-09-08T15:41:47","guid":{"rendered":"https:\/\/izglitiba.valmierasnovads.lv\/valmieras2vidusskola\/?page_id=318"},"modified":"2025-09-08T18:41:47","modified_gmt":"2025-09-08T15:41:47","slug":"karjeras-izglitibas-programma-2","status":"publish","type":"page","link":"https:\/\/izglitiba.valmierasnovads.lv\/v2v\/karjeras-izglitibas-programma-2\/","title":{"rendered":"Karjeras izgl\u012bt\u012bbas programma"},"content":{"rendered":"\n<p>Valmieras 2.vidusskola ir piedal\u012bjusies Eiropas Soci\u0101l\u0101 fonda SAM projekt\u0101 Nr.8.3.5.0\/16\/I\/001 \u201eKarjeras atbalsts visp\u0101r\u0113j\u0101s un profesion\u0101l\u0101s izgl\u012bt\u012bbas iest\u0101d\u0113s\u201d \u012bsteno\u0161an\u0101 no 2017.gada 20. marta \u2013 2022. gada 31. maijam, l\u012bdz ar to tika \u012bstenoti sekojo\u0161ie m\u0113r\u0137i:<\/p>\n\n\n\n<ul class=\"wp-block-list\">\n<li>uzlabot pieeju karjeras atbalstam izgl\u012btojamiem visp\u0101r\u0113j\u0101s un profesion\u0101l\u0101s izgl\u012bt\u012bbas iest\u0101d\u0113s;<\/li>\n\n\n\n<li>nodro\u0161in\u0101t karjeras vad\u012bbas prasmju apguvi skol\u0101s;<\/li>\n\n\n\n<li>celt izpratni un inform\u0113t\u012bbu par t\u0101l\u0101k\u0101s izgl\u012bt\u012bbas ce\u013ciem un izv\u0113l\u0113m;<\/li>\n\n\n\n<li>motiv\u0113t profesijas un nodarbin\u0101t\u012bbas izv\u0113lei atbilsto\u0161i sav\u0101m interes\u0113m, sp\u0113jam, sabiedr\u012bbas un darba tirgus pied\u0101v\u0101jumam un vajadz\u012bb\u0101m.<\/li>\n<\/ul>\n\n\n\n<p>Karjeras izgl\u012bt\u012bba ir integr\u0113ta vis\u0101 pilnveidotaj\u0101 m\u0101c\u012bbu satur\u0101 un pieej\u0101.&nbsp; Pilnveidot\u0101 m\u0101c\u012bbu satura&nbsp; b\u016bt\u012bba ir v\u0113rsta uz to, lai skol\u0113niem b\u016btu iesp\u0113ja atkl\u0101t, att\u012bst\u012bt un pilnveidot savas stipr\u0101s puses, realiz\u0113t intereses, m\u0101c\u012bties darot, skaidri apzinoties katras darb\u012bbas sasniedzamos rezult\u0101tus, k\u0101 ar\u012b sa\u0146emt pilnv\u0113rt\u012bgu atgriezenisko saiti.<\/p>\n\n\n\n<p>Visp\u0101r\u0113j\u0101s vid\u0113j\u0101s izgl\u012bt\u012bbas standart\u0101 MK noteikumu Nr. 416. 14.7. punkt\u0101 par m\u0101c\u012bbu satura \u012bsteno\u0161anas principiem teikts: \u201cIzgl\u012bt\u012bbas iest\u0101de rosina skol\u0113nus laikus un m\u0113r\u0137tiec\u012bgi apzin\u0101ties savas intereses, turpm\u0101ko studiju un profesion\u0101l\u0101s darb\u012bbas virzienus un iesp\u0113jas, pied\u0101v\u0101jot daudzveid\u012bgas darb\u012bbas un karjeras izgl\u012bt\u012bbas pieredzi m\u0101c\u012bbu proces\u0101, kvalitat\u012bvu un daudzpus\u012bgu inform\u0101ciju par turpm\u0101ko studiju un profesion\u0101l\u0101s darb\u012bbas iesp\u0113j\u0101m, individualiz\u0113tas konsult\u0101cijas un atbalstu\u201d.<\/p>\n\n\n\n<p>Pedagogs karjeras konsultants \u2013 Nellija N\u012bmane-Gukengeimere 103. kab.<br>Otrdien\u0101s 09:00 \u2013 16:00,<br>ceturtdien\u0101s 09:00 \u2013 16:00<br>(iepriek\u0161 piesakoties e-klas\u0113)<\/p>\n\n\n\n<p><strong>Skat\u012bt karjeras izgl\u012bt\u012bbas programmu:<\/strong> <a href=\"https:\/\/v2v.edu.lv\/wp-content\/uploads\/2024\/12\/Karjeras-izgl.-Programma-V2V-2022-24.docx.pdf\" target=\"_blank\" rel=\"noreferrer noopener\">Karjeras izgl\u012bt\u012bbas programma V2V 2022-2024<\/a><\/p>\n\n\n\n<p><\/p>\n","protected":false},"excerpt":{"rendered":"<p>Valmieras 2.vidusskola ir piedal\u012bjusies Eiropas Soci\u0101l\u0101 fonda SAM projekt\u0101 Nr.8.3.5.0\/16\/I\/001 \u201eKarjeras atbalsts visp\u0101r\u0113j\u0101s un profesion\u0101l\u0101s izgl\u012bt\u012bbas iest\u0101d\u0113s\u201d \u012bsteno\u0161an\u0101 no 2017.gada [&hellip;]<\/p>\n","protected":false},"author":20,"featured_media":0,"parent":0,"menu_order":0,"comment_status":"closed","ping_status":"closed","template":"","meta":{"_acf_changed":false,"site-sidebar-layout":"default","site-content-layout":"","ast-site-content-layout":"default","site-content-style":"default","site-sidebar-style":"default","ast-global-header-display":"","ast-banner-title-visibility":"","ast-main-header-display":"","ast-hfb-above-header-display":"","ast-hfb-below-header-display":"","ast-hfb-mobile-header-display":"","site-post-title":"","ast-breadcrumbs-content":"","ast-featured-img":"","footer-sml-layout":"","ast-disable-related-posts":"","theme-transparent-header-meta":"","adv-header-id-meta":"","stick-header-meta":"","header-above-stick-meta":"","header-main-stick-meta":"","header-below-stick-meta":"","astra-migrate-meta-layouts":"default","ast-page-background-enabled":"default","ast-page-background-meta":{"desktop":{"background-color":"var(--ast-global-color-5)","background-image":"","background-repeat":"repeat","background-position":"center center","background-size":"auto","background-attachment":"scroll","background-type":"","background-media":"","overlay-type":"","overlay-color":"","overlay-opacity":"","overlay-gradient":""},"tablet":{"background-color":"","background-image":"","background-repeat":"repeat","background-position":"center center","background-size":"auto","background-attachment":"scroll","background-type":"","background-media":"","overlay-type":"","overlay-color":"","overlay-opacity":"","overlay-gradient":""},"mobile":{"background-color":"","background-image":"","background-repeat":"repeat","background-position":"center center","background-size":"auto","background-attachment":"scroll","background-type":"","background-media":"","overlay-type":"","overlay-color":"","overlay-opacity":"","overlay-gradient":""}},"ast-content-background-meta":{"desktop":{"background-color":"var(--ast-global-color-4)","background-image":"","background-repeat":"repeat","background-position":"center center","background-size":"auto","background-attachment":"scroll","background-type":"","background-media":"","overlay-type":"","overlay-color":"","overlay-opacity":"","overlay-gradient":""},"tablet":{"background-color":"var(--ast-global-color-4)","background-image":"","background-repeat":"repeat","background-position":"center center","background-size":"auto","background-attachment":"scroll","background-type":"","background-media":"","overlay-type":"","overlay-color":"","overlay-opacity":"","overlay-gradient":""},"mobile":{"background-color":"var(--ast-global-color-4)","background-image":"","background-repeat":"repeat","background-position":"center center","background-size":"auto","background-attachment":"scroll","background-type":"","background-media":"","overlay-type":"","overlay-color":"","overlay-opacity":"","overlay-gradient":""}},"footnotes":""},"class_list":["post-318","page","type-page","status-publish","hentry"],"acf":[],"yoast_head":"<!-- This site is optimized with the Yoast SEO plugin v27.0 - https:\/\/yoast.com\/product\/yoast-seo-wordpress\/ -->\n<title>Karjeras izgl\u012bt\u012bbas programma - Valmieras 2. vidusskola<\/title>\n<meta name=\"robots\" content=\"index, follow, max-snippet:-1, max-image-preview:large, max-video-preview:-1\" \/>\n<link rel=\"canonical\" href=\"https:\/\/izglitiba.valmierasnovads.lv\/v2v\/karjeras-izglitibas-programma-2\/\" \/>\n<meta property=\"og:locale\" content=\"lv_LV\" \/>\n<meta property=\"og:type\" content=\"article\" \/>\n<meta property=\"og:title\" content=\"Karjeras izgl\u012bt\u012bbas programma - Valmieras 2. vidusskola\" \/>\n<meta property=\"og:description\" content=\"Valmieras 2.vidusskola ir piedal\u012bjusies Eiropas Soci\u0101l\u0101 fonda SAM projekt\u0101 Nr.8.3.5.0\/16\/I\/001 \u201eKarjeras atbalsts visp\u0101r\u0113j\u0101s un profesion\u0101l\u0101s izgl\u012bt\u012bbas iest\u0101d\u0113s\u201d \u012bsteno\u0161an\u0101 no 2017.gada [&hellip;]\" \/>\n<meta property=\"og:url\" content=\"https:\/\/izglitiba.valmierasnovads.lv\/v2v\/karjeras-izglitibas-programma-2\/\" \/>\n<meta property=\"og:site_name\" content=\"Valmieras 2. vidusskola\" \/>\n<meta name=\"twitter:card\" content=\"summary_large_image\" \/>\n<meta name=\"twitter:label1\" content=\"Est. reading time\" \/>\n\t<meta name=\"twitter:data1\" content=\"2 min\u016btes\" \/>\n<script type=\"application\/ld+json\" class=\"yoast-schema-graph\">{\"@context\":\"https:\/\/schema.org\",\"@graph\":[{\"@type\":\"WebPage\",\"@id\":\"https:\/\/izglitiba.valmierasnovads.lv\/v2v\/karjeras-izglitibas-programma-2\/\",\"url\":\"https:\/\/izglitiba.valmierasnovads.lv\/v2v\/karjeras-izglitibas-programma-2\/\",\"name\":\"Karjeras izgl\u012bt\u012bbas programma - Valmieras 2. vidusskola\",\"isPartOf\":{\"@id\":\"https:\/\/izglitiba.valmierasnovads.lv\/v2v\/#website\"},\"datePublished\":\"2025-09-08T15:41:47+00:00\",\"breadcrumb\":{\"@id\":\"https:\/\/izglitiba.valmierasnovads.lv\/v2v\/karjeras-izglitibas-programma-2\/#breadcrumb\"},\"inLanguage\":\"lv-LV\",\"potentialAction\":[{\"@type\":\"ReadAction\",\"target\":[\"https:\/\/izglitiba.valmierasnovads.lv\/v2v\/karjeras-izglitibas-programma-2\/\"]}]},{\"@type\":\"BreadcrumbList\",\"@id\":\"https:\/\/izglitiba.valmierasnovads.lv\/v2v\/karjeras-izglitibas-programma-2\/#breadcrumb\",\"itemListElement\":[{\"@type\":\"ListItem\",\"position\":1,\"name\":\"Home\",\"item\":\"https:\/\/izglitiba.valmierasnovads.lv\/v2v\/\"},{\"@type\":\"ListItem\",\"position\":2,\"name\":\"Karjeras izgl\u012bt\u012bbas programma\"}]},{\"@type\":\"WebSite\",\"@id\":\"https:\/\/izglitiba.valmierasnovads.lv\/v2v\/#website\",\"url\":\"https:\/\/izglitiba.valmierasnovads.lv\/v2v\/\",\"name\":\"Valmieras 2. vidusskola\",\"description\":\"\",\"publisher\":{\"@id\":\"https:\/\/izglitiba.valmierasnovads.lv\/v2v\/#organization\"},\"potentialAction\":[{\"@type\":\"SearchAction\",\"target\":{\"@type\":\"EntryPoint\",\"urlTemplate\":\"https:\/\/izglitiba.valmierasnovads.lv\/v2v\/?s={search_term_string}\"},\"query-input\":{\"@type\":\"PropertyValueSpecification\",\"valueRequired\":true,\"valueName\":\"search_term_string\"}}],\"inLanguage\":\"lv-LV\"},{\"@type\":\"Organization\",\"@id\":\"https:\/\/izglitiba.valmierasnovads.lv\/v2v\/#organization\",\"name\":\"Valmieras 2. vidusskola\",\"url\":\"https:\/\/izglitiba.valmierasnovads.lv\/v2v\/\",\"logo\":{\"@type\":\"ImageObject\",\"inLanguage\":\"lv-LV\",\"@id\":\"https:\/\/izglitiba.valmierasnovads.lv\/v2v\/#\/schema\/logo\/image\/\",\"url\":\"https:\/\/izglitiba.valmierasnovads.lv\/v2v\/wp-content\/uploads\/sites\/23\/2025\/04\/cropped-V2VSK-logo-PNG-1-1.png\",\"contentUrl\":\"https:\/\/izglitiba.valmierasnovads.lv\/v2v\/wp-content\/uploads\/sites\/23\/2025\/04\/cropped-V2VSK-logo-PNG-1-1.png\",\"width\":2111,\"height\":1310,\"caption\":\"Valmieras 2. vidusskola\"},\"image\":{\"@id\":\"https:\/\/izglitiba.valmierasnovads.lv\/v2v\/#\/schema\/logo\/image\/\"}}]}<\/script>\n<!-- \/ Yoast SEO plugin. -->","yoast_head_json":{"title":"Karjeras izgl\u012bt\u012bbas programma - Valmieras 2. vidusskola","robots":{"index":"index","follow":"follow","max-snippet":"max-snippet:-1","max-image-preview":"max-image-preview:large","max-video-preview":"max-video-preview:-1"},"canonical":"https:\/\/izglitiba.valmierasnovads.lv\/v2v\/karjeras-izglitibas-programma-2\/","og_locale":"lv_LV","og_type":"article","og_title":"Karjeras izgl\u012bt\u012bbas programma - Valmieras 2. vidusskola","og_description":"Valmieras 2.vidusskola ir piedal\u012bjusies Eiropas Soci\u0101l\u0101 fonda SAM projekt\u0101 Nr.8.3.5.0\/16\/I\/001 \u201eKarjeras atbalsts visp\u0101r\u0113j\u0101s un profesion\u0101l\u0101s izgl\u012bt\u012bbas iest\u0101d\u0113s\u201d \u012bsteno\u0161an\u0101 no 2017.gada [&hellip;]","og_url":"https:\/\/izglitiba.valmierasnovads.lv\/v2v\/karjeras-izglitibas-programma-2\/","og_site_name":"Valmieras 2. vidusskola","twitter_card":"summary_large_image","twitter_misc":{"Est. reading time":"2 min\u016btes"},"schema":{"@context":"https:\/\/schema.org","@graph":[{"@type":"WebPage","@id":"https:\/\/izglitiba.valmierasnovads.lv\/v2v\/karjeras-izglitibas-programma-2\/","url":"https:\/\/izglitiba.valmierasnovads.lv\/v2v\/karjeras-izglitibas-programma-2\/","name":"Karjeras izgl\u012bt\u012bbas programma - Valmieras 2. vidusskola","isPartOf":{"@id":"https:\/\/izglitiba.valmierasnovads.lv\/v2v\/#website"},"datePublished":"2025-09-08T15:41:47+00:00","breadcrumb":{"@id":"https:\/\/izglitiba.valmierasnovads.lv\/v2v\/karjeras-izglitibas-programma-2\/#breadcrumb"},"inLanguage":"lv-LV","potentialAction":[{"@type":"ReadAction","target":["https:\/\/izglitiba.valmierasnovads.lv\/v2v\/karjeras-izglitibas-programma-2\/"]}]},{"@type":"BreadcrumbList","@id":"https:\/\/izglitiba.valmierasnovads.lv\/v2v\/karjeras-izglitibas-programma-2\/#breadcrumb","itemListElement":[{"@type":"ListItem","position":1,"name":"Home","item":"https:\/\/izglitiba.valmierasnovads.lv\/v2v\/"},{"@type":"ListItem","position":2,"name":"Karjeras izgl\u012bt\u012bbas programma"}]},{"@type":"WebSite","@id":"https:\/\/izglitiba.valmierasnovads.lv\/v2v\/#website","url":"https:\/\/izglitiba.valmierasnovads.lv\/v2v\/","name":"Valmieras 2. vidusskola","description":"","publisher":{"@id":"https:\/\/izglitiba.valmierasnovads.lv\/v2v\/#organization"},"potentialAction":[{"@type":"SearchAction","target":{"@type":"EntryPoint","urlTemplate":"https:\/\/izglitiba.valmierasnovads.lv\/v2v\/?s={search_term_string}"},"query-input":{"@type":"PropertyValueSpecification","valueRequired":true,"valueName":"search_term_string"}}],"inLanguage":"lv-LV"},{"@type":"Organization","@id":"https:\/\/izglitiba.valmierasnovads.lv\/v2v\/#organization","name":"Valmieras 2. vidusskola","url":"https:\/\/izglitiba.valmierasnovads.lv\/v2v\/","logo":{"@type":"ImageObject","inLanguage":"lv-LV","@id":"https:\/\/izglitiba.valmierasnovads.lv\/v2v\/#\/schema\/logo\/image\/","url":"https:\/\/izglitiba.valmierasnovads.lv\/v2v\/wp-content\/uploads\/sites\/23\/2025\/04\/cropped-V2VSK-logo-PNG-1-1.png","contentUrl":"https:\/\/izglitiba.valmierasnovads.lv\/v2v\/wp-content\/uploads\/sites\/23\/2025\/04\/cropped-V2VSK-logo-PNG-1-1.png","width":2111,"height":1310,"caption":"Valmieras 2. vidusskola"},"image":{"@id":"https:\/\/izglitiba.valmierasnovads.lv\/v2v\/#\/schema\/logo\/image\/"}}]}},"_links":{"self":[{"href":"https:\/\/izglitiba.valmierasnovads.lv\/v2v\/wp-json\/wp\/v2\/pages\/318","targetHints":{"allow":["GET"]}}],"collection":[{"href":"https:\/\/izglitiba.valmierasnovads.lv\/v2v\/wp-json\/wp\/v2\/pages"}],"about":[{"href":"https:\/\/izglitiba.valmierasnovads.lv\/v2v\/wp-json\/wp\/v2\/types\/page"}],"author":[{"embeddable":true,"href":"https:\/\/izglitiba.valmierasnovads.lv\/v2v\/wp-json\/wp\/v2\/users\/20"}],"replies":[{"embeddable":true,"href":"https:\/\/izglitiba.valmierasnovads.lv\/v2v\/wp-json\/wp\/v2\/comments?post=318"}],"version-history":[{"count":1,"href":"https:\/\/izglitiba.valmierasnovads.lv\/v2v\/wp-json\/wp\/v2\/pages\/318\/revisions"}],"predecessor-version":[{"id":319,"href":"https:\/\/izglitiba.valmierasnovads.lv\/v2v\/wp-json\/wp\/v2\/pages\/318\/revisions\/319"}],"wp:attachment":[{"href":"https:\/\/izglitiba.valmierasnovads.lv\/v2v\/wp-json\/wp\/v2\/media?parent=318"}],"curies":[{"name":"wp","href":"https:\/\/api.w.org\/{rel}","templated":true}]}}