{"id":16,"date":"2025-04-08T07:56:54","date_gmt":"2025-04-08T04:56:54","guid":{"rendered":"https:\/\/izglitiba.valmierasnovads.lv\/v5v\/kontakti\/"},"modified":"2026-02-03T16:38:06","modified_gmt":"2026-02-03T14:38:06","slug":"kontakti","status":"publish","type":"page","link":"https:\/\/izglitiba.valmierasnovads.lv\/v5v\/kontakti\/","title":{"rendered":"Kontakti"},"content":{"rendered":"<style>.kb-google-maps-container16_2bc43a-04{height:244px;}<\/style><div class=\"kb-google-maps-container kb-google-maps-container16_2bc43a-04  wp-block-kadence-googlemaps\" data-mapid=\"16_2bc43a04\"><iframe width=\"100%\" height=\"100%\"\n\t\t\t\t\t\t\tstyle=\"border:0\" loading=\"lazy\"\n\t\t\t\t\t\t\tsrc=\"https:\/\/www.google.com\/maps\/embed\/v1\/place?key=AIzaSyBAM2o7PiQqwk15LC1XRH2e_KJ-jUa7KYk&#038;zoom=17&#038;maptype=satellite&#038;q=valmieras+5+vidusskola\"\n\t\t\t\t\t\t\ttitle=\"Google map of valmieras 5 vidusskola\"><\/iframe><\/div><script>function kb_google_map16_2bc43a04() { let center = { lat: 37.8201, lng: -122.4781}; let map = new google.maps.Map(document.getElementById(\"kb-google-map16_2bc43a04\"), {\n\t\t\t\t\t    zoom: 17,\n\t\t\t\t\t    center: center,mapTypeId: \"satellite\",});let marker = new google.maps.Marker({   position: { lat: 37.8201, lng: -122.4781},    map: map,  });}<\/script>\n\n\n<p class=\"has-ast-global-color-3-color has-text-color has-link-color wp-elements-314c6ffba73586df90bb5f0af8166141\">Adrese: <strong>Rai\u0146a iela 3, Valmiera, Valmieras novads, LV-4201<\/strong><br>E-pasts: <strong><a href=\"mailto:v5vadm@valmiera.edu.lv\">v5vadm@valmiera.edu.lv<\/a><\/strong><br>T\u0101lrunis: <strong>64222443, 28607167<\/strong><\/p>\n\n\n<style>.wp-block-kadence-spacer.kt-block-spacer-16_9691ad-34 .kt-block-spacer{height:24px;}.wp-block-kadence-spacer.kt-block-spacer-16_9691ad-34 .kt-divider{border-top-width:1px;height:1px;border-top-color:#eee;width:100%;border-top-style:solid;}<\/style>\n<div class=\"wp-block-kadence-spacer aligncenter kt-block-spacer-16_9691ad-34\"><div class=\"kt-block-spacer kt-block-spacer-halign-center\"><hr class=\"kt-divider\" \/><\/div><\/div>\n\n\n\n<h2 class=\"wp-block-heading has-ast-global-color-3-color has-text-color has-link-color wp-elements-3514d3377310be4e062eed7c910f327a\">Skolas vad\u012bba<\/h2>\n\n\n\n<p class=\"has-ast-global-color-3-color has-text-color has-link-color wp-elements-d059adb53870b85f36f35b7f5ce37a3b\">Direktore <strong>Rud\u012bte Markus<\/strong> T. 26427171 <a href=\"mailto:rudite.markus@valmiera.edu.lv\">rudite.markus@valmiera.edu.lv<\/a><\/p>\n\n\n\n<ul class=\"wp-block-list\">\n<li class=\"has-ast-global-color-3-color has-text-color has-link-color wp-elements-573f1fac36f712a97fc6eadd12b4277b\"><em>Direktores vietnieki izgl\u012bt\u012bbas jom\u0101:<\/em>\n<ul class=\"wp-block-list\">\n<li><strong>Antra Savele<\/strong> <a href=\"mailto:antra@valmiera.edu.lv\">antra@valmiera.edu.lv<\/a><\/li>\n\n\n\n<li><strong>Vidaga \u0100boli\u0146a<\/strong> <a href=\"mailto:vidaga@valmiera.edu.lv\">vidaga@valmiera.edu.lv<\/a><\/li>\n\n\n\n<li><strong>Inga Eic\u0113na<\/strong> <a href=\"mailto:inga.eicena@valmiera.edu.lv\">inga.eicena@valmiera.edu.lv<\/a><\/li>\n\n\n\n<li><strong>Anda Koka <\/strong><a href=\"mailto:anda.koka@valmiera.edu.lv\">anda.koka@valmiera.edu.lv<\/a> <\/li>\n<\/ul>\n<\/li>\n\n\n\n<li class=\"has-ast-global-color-3-color has-text-color has-link-color wp-elements-de7ae5f1cc4fe1bdedee3436ab3dac75\">Direktores vietniece audzin\u0101\u0161anas darb\u0101 <strong>Daila Ran\u0161e<\/strong> <a href=\"mailto:daila.ranse@valmiera.edu.lv\">daila.ranse@valmiera.edu.lv<\/a><\/li>\n\n\n\n<li class=\"has-ast-global-color-3-color has-text-color has-link-color wp-elements-361c51aee0c99f17b53ee0e9bbc7e1b2\">Direktores vietnieks administrat\u012bvi saimnieciskaj\u0101 darb\u0101 <strong>J\u0101nis Rodzi\u0146\u0161<\/strong> T. 64225806 <a href=\"mailto:janis.rodzins@valmiera.edu.lv\">janis.rodzins@valmiera.edu.lv<\/a><\/li>\n<\/ul>\n\n\n<style>.wp-block-kadence-spacer.kt-block-spacer-16_fd5481-0c .kt-block-spacer{height:24px;}.wp-block-kadence-spacer.kt-block-spacer-16_fd5481-0c .kt-divider{border-top-width:1px;height:1px;border-top-color:#eee;width:100%;border-top-style:solid;}<\/style>\n<div class=\"wp-block-kadence-spacer aligncenter kt-block-spacer-16_fd5481-0c\"><div class=\"kt-block-spacer kt-block-spacer-halign-center\"><hr class=\"kt-divider\" \/><\/div><\/div>\n\n\n\n<p class=\"has-ast-global-color-3-color has-text-color has-link-color wp-elements-13a5fd0e451efeeda9e082936d188030\"><strong>Lietvede Zane Puri\u0146a<\/strong><br>pirmdiena 8<sup>00<\/sup> &#8211; 16<sup>00<\/sup><br>otrdiena 8<sup>00<\/sup> &#8211; 16<sup>00<\/sup><br>tre\u0161diena 8<sup>00<\/sup> &#8211; 16<sup>00<\/sup><br>ceturtdiena 8<sup>00<\/sup> &#8211; 16<sup>00<\/sup><br>piektdiena 8<sup>00<\/sup> &#8211; 16<sup>00<\/sup><br>T. 64222443, 28607167<br><a href=\"mailto:v5vadm@valmiera.edu.lv\">v5vadm@valmiera.edu.lv<\/a><br><a href=\"mailto:zane.purina@valmiera.edu.lv\">zane.purina@valmiera.edu.lv<\/a><\/p>\n\n\n<style>.wp-block-kadence-spacer.kt-block-spacer-16_072cd5-e0 .kt-block-spacer{height:24px;}.wp-block-kadence-spacer.kt-block-spacer-16_072cd5-e0 .kt-divider{border-top-width:1px;height:1px;border-top-color:#eee;width:100%;border-top-style:solid;}<\/style>\n<div class=\"wp-block-kadence-spacer aligncenter kt-block-spacer-16_072cd5-e0\"><div class=\"kt-block-spacer kt-block-spacer-halign-center\"><hr class=\"kt-divider\" \/><\/div><\/div>\n\n\n\n<p class=\"has-ast-global-color-3-color has-text-color has-link-color wp-elements-ab8fcfb1417f0036051aa9c94635c03a\"><strong>Vesel\u012bbas punkts. Skolas medm\u0101sa Aija Manika<\/strong><br>pirmdiena 8<sup>00<\/sup>&nbsp;&#8211; 16<sup>00<\/sup><br>otrdiena 8<sup>00<\/sup>&nbsp;&#8211; 16<sup>00<\/sup><br>tre\u0161diena 8<sup>00<\/sup>&nbsp;&#8211; 16<sup>00<\/sup><br>ceturtdiena 8<sup>00<\/sup>&nbsp;&#8211; 16<sup>00<\/sup><br>piektdiena 8<sup>00<\/sup>&nbsp;&#8211; 16<sup>00<\/sup><br><a href=\"mailto:aija.manika@valmiera.edu.lv\" target=\"_blank\" rel=\"noreferrer noopener\">aija.manika@valmiera.edu.lv<\/a>&nbsp;<\/p>\n\n\n<style>.wp-block-kadence-spacer.kt-block-spacer-16_11c8ee-20 .kt-block-spacer{height:24px;}.wp-block-kadence-spacer.kt-block-spacer-16_11c8ee-20 .kt-divider{border-top-width:1px;height:1px;border-top-color:#eee;width:100%;border-top-style:solid;}<\/style>\n<div class=\"wp-block-kadence-spacer aligncenter kt-block-spacer-16_11c8ee-20\"><div class=\"kt-block-spacer kt-block-spacer-halign-center\"><hr class=\"kt-divider\" \/><\/div><\/div>\n\n\n\n<p class=\"has-ast-global-color-3-color has-text-color has-link-color wp-elements-f7a92db3ce05107ac490ed51f3feabb3\"><strong>Skolas psiholo\u0123e Inita Trap\u0101ne<\/strong><br>pirmdiena&nbsp;9<sup>00<\/sup>&nbsp;&#8211; 16<sup>00<\/sup><br>otrdiena&nbsp;9<sup>00<\/sup>&nbsp;&#8211; 16<sup>00<\/sup><br>tre\u0161diena &#8212;&#8212;&#8212;<br>ceturtdiena&nbsp;12<sup>00<\/sup>&nbsp;&#8211; 16<sup>00<\/sup><br>piektdiena&nbsp;9<sup>00<\/sup>&nbsp;&#8211; 15<sup>00<\/sup><br><a href=\"mailto:inita.trapane@valmiera.edu.lv\" target=\"_blank\" rel=\"noreferrer noopener\">inita.trapane@valmiera.edu.lv<\/a><\/p>\n\n\n<style>.wp-block-kadence-spacer.kt-block-spacer-16_4fd993-06 .kt-block-spacer{height:24px;}.wp-block-kadence-spacer.kt-block-spacer-16_4fd993-06 .kt-divider{border-top-width:1px;height:1px;border-top-color:#eee;width:100%;border-top-style:solid;}<\/style>\n<div class=\"wp-block-kadence-spacer aligncenter kt-block-spacer-16_4fd993-06\"><div class=\"kt-block-spacer kt-block-spacer-halign-center\"><hr class=\"kt-divider\" \/><\/div><\/div>\n\n\n\n<p class=\"has-ast-global-color-3-color has-text-color has-link-color wp-elements-2bf3f114da41745f5f22a30262fc4ca4\"><strong>Soci\u0101l\u0101 pedago\u0123e Jolanta Kri\u0161j\u0101ne<\/strong><br>pirmdiena&nbsp;8<sup>00<\/sup>&nbsp;&#8211; 12<sup>00<\/sup><br>otrdiena 8<sup>00<\/sup>&nbsp;&#8211; 15<sup>00<\/sup><br>tre\u0161diena&nbsp;8<sup>00<\/sup>&nbsp;&#8211; 17<sup>00<\/sup><br>|P\u0101rraudz\u012bb\u0101 1.kl., 2.kl., 3.kl., 4.kl., 8.kl., 9.kl.<br><a href=\"mailto:jolanta.krisjane@valmiera.edu.lv\" target=\"_blank\" rel=\"noreferrer noopener\">jolanta.krisjane@valmiera.edu.lv<\/a>&nbsp;<\/p>\n\n\n<style>.wp-block-kadence-spacer.kt-block-spacer-16_33a412-f8 .kt-block-spacer{height:24px;}.wp-block-kadence-spacer.kt-block-spacer-16_33a412-f8 .kt-divider{border-top-width:1px;height:1px;border-top-color:#eee;width:100%;border-top-style:solid;}<\/style>\n<div class=\"wp-block-kadence-spacer aligncenter kt-block-spacer-16_33a412-f8\"><div class=\"kt-block-spacer kt-block-spacer-halign-center\"><hr class=\"kt-divider\" \/><\/div><\/div>\n\n\n\n<p class=\"has-ast-global-color-3-color has-text-color has-link-color wp-elements-627511290e413da18bfbcb5441043f8b\"><strong>Soci\u0101l\u0101 pedago\u0123e Zane Skuja<\/strong><br>pirmdiena&nbsp;12<sup>00&nbsp;<\/sup>&#8211; 16<sup>00<\/sup><br>ceturtdiena&nbsp;8<sup>00<\/sup>&nbsp;&#8211; 16<sup>00<\/sup><br>piektdiena&nbsp;8<sup>00<\/sup>&nbsp;&#8211; 15<sup>00<\/sup><br>P\u0101rraudz\u012bb\u0101 5.kl., 6.kl., 7.kl., 10.kl., 11.kl., 12.kl.<br><a href=\"mailto:zane.skuja@valmiera.edu.lv\" target=\"_blank\" rel=\"noreferrer noopener\">zane.skuja@valmiera.edu.lv<\/a>&nbsp;<\/p>\n\n\n<style>.wp-block-kadence-spacer.kt-block-spacer-16_e4ad6f-df .kt-block-spacer{height:24px;}.wp-block-kadence-spacer.kt-block-spacer-16_e4ad6f-df .kt-divider{border-top-width:1px;height:1px;border-top-color:#eee;width:100%;border-top-style:solid;}<\/style>\n<div class=\"wp-block-kadence-spacer aligncenter kt-block-spacer-16_e4ad6f-df\"><div class=\"kt-block-spacer kt-block-spacer-halign-center\"><hr class=\"kt-divider\" \/><\/div><\/div>\n\n\n\n<p class=\"has-ast-global-color-3-color has-text-color has-link-color wp-elements-237e3f9fd74a554bd592b4f6774fbbe6\"><strong>Logop\u0113de Laura Pli\u0137\u0113na<\/strong><br>pirmdiena &#8212;&#8212;&#8212;<br>otrdiena 9<sup>30<\/sup>&nbsp;&#8211; 17<sup>00<\/sup><br>tre\u0161diena 9<sup>30<\/sup>&nbsp;&#8211; 17<sup>00<\/sup><br>ceturtdiena 8<sup>00<\/sup>&nbsp;&#8211; 16<sup>00<\/sup><br>piektdiena 9<sup>00<\/sup>&nbsp;&#8211; 16<sup>00<\/sup><br><a href=\"mailto:laura.plikena@valmiera.edu.lv\" target=\"_blank\" rel=\"noreferrer noopener\">laura.plikena@valmiera.edu.lv<\/a>&nbsp;<\/p>\n\n\n<style>.wp-block-kadence-spacer.kt-block-spacer-16_cc2c3c-48 .kt-block-spacer{height:24px;}.wp-block-kadence-spacer.kt-block-spacer-16_cc2c3c-48 .kt-divider{border-top-width:1px;height:1px;border-top-color:#eee;width:100%;border-top-style:solid;}<\/style>\n<div class=\"wp-block-kadence-spacer aligncenter kt-block-spacer-16_cc2c3c-48\"><div class=\"kt-block-spacer kt-block-spacer-halign-center\"><hr class=\"kt-divider\" \/><\/div><\/div>\n\n\n\n<p class=\"has-ast-global-color-3-color has-text-color has-link-color wp-elements-191c516db3206add8378c1e07855177a\"><strong>Speci\u0101lais pedagogs Indra V\u012btola<\/strong><br>pirmdiena 8<sup>00<\/sup>&nbsp;&#8211; 11<sup>00<\/sup><br>otrdiena 8<sup>00<\/sup>&nbsp;&#8211; 11<sup>00<\/sup><br>tre\u0161diena 8<sup>00<\/sup>&nbsp;&#8211; 11<sup>00<\/sup><br>ceturtdiena &#8212;&#8212;&#8212;<br>piektdiena 8<sup>00<\/sup>&nbsp;&#8211; 16<sup>00<\/sup><br><a href=\"mailto:indra.vitola@valmiera.edu.lv\" target=\"_blank\" rel=\"noreferrer noopener\">indra.vitola@valmiera.edu.lv<\/a>&nbsp;<\/p>\n\n\n\n<p><\/p>\n\n\n\n<p><\/p>\n\n\n\n<p><\/p>\n\n\n\n<p><\/p>\n\n\n\n<p class=\"has-ast-global-color-3-color has-text-color has-link-color wp-elements-dd7b6e6623480e52307c636a59d07286\"><\/p>\n\n\n\n<p><\/p>\n\n\n\n<p><\/p>\n\n\n\n<p><\/p>\n\n\n\n<p><\/p>\n\n\n\n<p><\/p>\n\n\n\n<p><\/p>\n\n\n\n<p><\/p>\n\n\n\n<p><\/p>\n\n\n\n<p><\/p>\n\n\n\n<p><\/p>\n","protected":false},"excerpt":{"rendered":"<p>Adrese: Rai\u0146a iela 3, Valmiera, Valmieras novads, LV-4201E-pasts: v5vadm@valmiera.edu.lvT\u0101lrunis: 64222443, 28607167 Skolas vad\u012bba Direktore Rud\u012bte Markus T. 26427171 rudite.markus@valmiera.edu.lv Lietvede [&hellip;]<\/p>\n","protected":false},"author":1,"featured_media":0,"parent":0,"menu_order":0,"comment_status":"closed","ping_status":"closed","template":"","meta":{"_acf_changed":false,"site-sidebar-layout":"default","site-content-layout":"","ast-site-content-layout":"default","site-content-style":"default","site-sidebar-style":"default","ast-global-header-display":"","ast-banner-title-visibility":"","ast-main-header-display":"","ast-hfb-above-header-display":"","ast-hfb-below-header-display":"","ast-hfb-mobile-header-display":"","site-post-title":"","ast-breadcrumbs-content":"","ast-featured-img":"","footer-sml-layout":"","ast-disable-related-posts":"","theme-transparent-header-meta":"","adv-header-id-meta":"","stick-header-meta":"","header-above-stick-meta":"","header-main-stick-meta":"","header-below-stick-meta":"","astra-migrate-meta-layouts":"default","ast-page-background-enabled":"default","ast-page-background-meta":{"desktop":{"background-color":"var(--ast-global-color-5)","background-image":"","background-repeat":"repeat","background-position":"center center","background-size":"auto","background-attachment":"scroll","background-type":"","background-media":"","overlay-type":"","overlay-color":"","overlay-opacity":"","overlay-gradient":""},"tablet":{"background-color":"","background-image":"","background-repeat":"repeat","background-position":"center center","background-size":"auto","background-attachment":"scroll","background-type":"","background-media":"","overlay-type":"","overlay-color":"","overlay-opacity":"","overlay-gradient":""},"mobile":{"background-color":"","background-image":"","background-repeat":"repeat","background-position":"center center","background-size":"auto","background-attachment":"scroll","background-type":"","background-media":"","overlay-type":"","overlay-color":"","overlay-opacity":"","overlay-gradient":""}},"ast-content-background-meta":{"desktop":{"background-color":"var(--ast-global-color-4)","background-image":"","background-repeat":"repeat","background-position":"center center","background-size":"auto","background-attachment":"scroll","background-type":"","background-media":"","overlay-type":"","overlay-color":"","overlay-opacity":"","overlay-gradient":""},"tablet":{"background-color":"var(--ast-global-color-4)","background-image":"","background-repeat":"repeat","background-position":"center center","background-size":"auto","background-attachment":"scroll","background-type":"","background-media":"","overlay-type":"","overlay-color":"","overlay-opacity":"","overlay-gradient":""},"mobile":{"background-color":"var(--ast-global-color-4)","background-image":"","background-repeat":"repeat","background-position":"center center","background-size":"auto","background-attachment":"scroll","background-type":"","background-media":"","overlay-type":"","overlay-color":"","overlay-opacity":"","overlay-gradient":""}},"footnotes":""},"class_list":["post-16","page","type-page","status-publish","hentry"],"acf":[],"yoast_head":"<!-- This site is optimized with the Yoast SEO plugin v27.0 - https:\/\/yoast.com\/product\/yoast-seo-wordpress\/ -->\n<title>Kontakti - Valmieras 5. vidusskola<\/title>\n<meta name=\"robots\" content=\"index, follow, max-snippet:-1, max-image-preview:large, max-video-preview:-1\" \/>\n<link rel=\"canonical\" href=\"https:\/\/izglitiba.valmierasnovads.lv\/v5v\/kontakti\/\" \/>\n<meta property=\"og:locale\" content=\"lv_LV\" \/>\n<meta property=\"og:type\" content=\"article\" \/>\n<meta property=\"og:title\" content=\"Kontakti - Valmieras 5. vidusskola\" \/>\n<meta property=\"og:description\" content=\"Adrese: Rai\u0146a iela 3, Valmiera, Valmieras novads, LV-4201E-pasts: v5vadm@valmiera.edu.lvT\u0101lrunis: 64222443, 28607167 Skolas vad\u012bba Direktore Rud\u012bte Markus T. 26427171 rudite.markus@valmiera.edu.lv Lietvede [&hellip;]\" \/>\n<meta property=\"og:url\" content=\"https:\/\/izglitiba.valmierasnovads.lv\/v5v\/kontakti\/\" \/>\n<meta property=\"og:site_name\" content=\"Valmieras 5. vidusskola\" \/>\n<meta property=\"article:modified_time\" content=\"2026-02-03T14:38:06+00:00\" \/>\n<meta name=\"twitter:card\" content=\"summary_large_image\" \/>\n<meta name=\"twitter:label1\" content=\"Est. reading time\" \/>\n\t<meta name=\"twitter:data1\" content=\"2 min\u016btes\" \/>\n<script type=\"application\/ld+json\" class=\"yoast-schema-graph\">{\"@context\":\"https:\/\/schema.org\",\"@graph\":[{\"@type\":\"WebPage\",\"@id\":\"https:\/\/izglitiba.valmierasnovads.lv\/v5v\/kontakti\/\",\"url\":\"https:\/\/izglitiba.valmierasnovads.lv\/v5v\/kontakti\/\",\"name\":\"Kontakti - Valmieras 5. vidusskola\",\"isPartOf\":{\"@id\":\"https:\/\/izglitiba.valmierasnovads.lv\/v5v\/#website\"},\"datePublished\":\"2025-04-08T04:56:54+00:00\",\"dateModified\":\"2026-02-03T14:38:06+00:00\",\"breadcrumb\":{\"@id\":\"https:\/\/izglitiba.valmierasnovads.lv\/v5v\/kontakti\/#breadcrumb\"},\"inLanguage\":\"lv-LV\",\"potentialAction\":[{\"@type\":\"ReadAction\",\"target\":[\"https:\/\/izglitiba.valmierasnovads.lv\/v5v\/kontakti\/\"]}]},{\"@type\":\"BreadcrumbList\",\"@id\":\"https:\/\/izglitiba.valmierasnovads.lv\/v5v\/kontakti\/#breadcrumb\",\"itemListElement\":[{\"@type\":\"ListItem\",\"position\":1,\"name\":\"Home\",\"item\":\"https:\/\/izglitiba.valmierasnovads.lv\/v5v\/\"},{\"@type\":\"ListItem\",\"position\":2,\"name\":\"Kontakti\"}]},{\"@type\":\"WebSite\",\"@id\":\"https:\/\/izglitiba.valmierasnovads.lv\/v5v\/#website\",\"url\":\"https:\/\/izglitiba.valmierasnovads.lv\/v5v\/\",\"name\":\"Valmieras 5. vidusskola\",\"description\":\"Draudz\u012bg\u0101k\u0101 skola b\u0113rniem pa\u0161\u0101 Valmieras sird\u012b, pie ezeri\u0146a!\",\"publisher\":{\"@id\":\"https:\/\/izglitiba.valmierasnovads.lv\/v5v\/#organization\"},\"potentialAction\":[{\"@type\":\"SearchAction\",\"target\":{\"@type\":\"EntryPoint\",\"urlTemplate\":\"https:\/\/izglitiba.valmierasnovads.lv\/v5v\/?s={search_term_string}\"},\"query-input\":{\"@type\":\"PropertyValueSpecification\",\"valueRequired\":true,\"valueName\":\"search_term_string\"}}],\"inLanguage\":\"lv-LV\"},{\"@type\":\"Organization\",\"@id\":\"https:\/\/izglitiba.valmierasnovads.lv\/v5v\/#organization\",\"name\":\"Valmieras 5. vidusskola\",\"url\":\"https:\/\/izglitiba.valmierasnovads.lv\/v5v\/\",\"logo\":{\"@type\":\"ImageObject\",\"inLanguage\":\"lv-LV\",\"@id\":\"https:\/\/izglitiba.valmierasnovads.lv\/v5v\/#\/schema\/logo\/image\/\",\"url\":\"https:\/\/izglitiba.valmierasnovads.lv\/v5v\/wp-content\/uploads\/sites\/7\/2026\/03\/cropped-Komplekta-ar-pasu-logo-2-scaled-1.png\",\"contentUrl\":\"https:\/\/izglitiba.valmierasnovads.lv\/v5v\/wp-content\/uploads\/sites\/7\/2026\/03\/cropped-Komplekta-ar-pasu-logo-2-scaled-1.png\",\"width\":1623,\"height\":405,\"caption\":\"Valmieras 5. vidusskola\"},\"image\":{\"@id\":\"https:\/\/izglitiba.valmierasnovads.lv\/v5v\/#\/schema\/logo\/image\/\"}}]}<\/script>\n<!-- \/ Yoast SEO plugin. -->","yoast_head_json":{"title":"Kontakti - Valmieras 5. vidusskola","robots":{"index":"index","follow":"follow","max-snippet":"max-snippet:-1","max-image-preview":"max-image-preview:large","max-video-preview":"max-video-preview:-1"},"canonical":"https:\/\/izglitiba.valmierasnovads.lv\/v5v\/kontakti\/","og_locale":"lv_LV","og_type":"article","og_title":"Kontakti - Valmieras 5. vidusskola","og_description":"Adrese: Rai\u0146a iela 3, Valmiera, Valmieras novads, LV-4201E-pasts: v5vadm@valmiera.edu.lvT\u0101lrunis: 64222443, 28607167 Skolas vad\u012bba Direktore Rud\u012bte Markus T. 26427171 rudite.markus@valmiera.edu.lv Lietvede [&hellip;]","og_url":"https:\/\/izglitiba.valmierasnovads.lv\/v5v\/kontakti\/","og_site_name":"Valmieras 5. vidusskola","article_modified_time":"2026-02-03T14:38:06+00:00","twitter_card":"summary_large_image","twitter_misc":{"Est. reading time":"2 min\u016btes"},"schema":{"@context":"https:\/\/schema.org","@graph":[{"@type":"WebPage","@id":"https:\/\/izglitiba.valmierasnovads.lv\/v5v\/kontakti\/","url":"https:\/\/izglitiba.valmierasnovads.lv\/v5v\/kontakti\/","name":"Kontakti - Valmieras 5. vidusskola","isPartOf":{"@id":"https:\/\/izglitiba.valmierasnovads.lv\/v5v\/#website"},"datePublished":"2025-04-08T04:56:54+00:00","dateModified":"2026-02-03T14:38:06+00:00","breadcrumb":{"@id":"https:\/\/izglitiba.valmierasnovads.lv\/v5v\/kontakti\/#breadcrumb"},"inLanguage":"lv-LV","potentialAction":[{"@type":"ReadAction","target":["https:\/\/izglitiba.valmierasnovads.lv\/v5v\/kontakti\/"]}]},{"@type":"BreadcrumbList","@id":"https:\/\/izglitiba.valmierasnovads.lv\/v5v\/kontakti\/#breadcrumb","itemListElement":[{"@type":"ListItem","position":1,"name":"Home","item":"https:\/\/izglitiba.valmierasnovads.lv\/v5v\/"},{"@type":"ListItem","position":2,"name":"Kontakti"}]},{"@type":"WebSite","@id":"https:\/\/izglitiba.valmierasnovads.lv\/v5v\/#website","url":"https:\/\/izglitiba.valmierasnovads.lv\/v5v\/","name":"Valmieras 5. vidusskola","description":"Draudz\u012bg\u0101k\u0101 skola b\u0113rniem pa\u0161\u0101 Valmieras sird\u012b, pie ezeri\u0146a!","publisher":{"@id":"https:\/\/izglitiba.valmierasnovads.lv\/v5v\/#organization"},"potentialAction":[{"@type":"SearchAction","target":{"@type":"EntryPoint","urlTemplate":"https:\/\/izglitiba.valmierasnovads.lv\/v5v\/?s={search_term_string}"},"query-input":{"@type":"PropertyValueSpecification","valueRequired":true,"valueName":"search_term_string"}}],"inLanguage":"lv-LV"},{"@type":"Organization","@id":"https:\/\/izglitiba.valmierasnovads.lv\/v5v\/#organization","name":"Valmieras 5. vidusskola","url":"https:\/\/izglitiba.valmierasnovads.lv\/v5v\/","logo":{"@type":"ImageObject","inLanguage":"lv-LV","@id":"https:\/\/izglitiba.valmierasnovads.lv\/v5v\/#\/schema\/logo\/image\/","url":"https:\/\/izglitiba.valmierasnovads.lv\/v5v\/wp-content\/uploads\/sites\/7\/2026\/03\/cropped-Komplekta-ar-pasu-logo-2-scaled-1.png","contentUrl":"https:\/\/izglitiba.valmierasnovads.lv\/v5v\/wp-content\/uploads\/sites\/7\/2026\/03\/cropped-Komplekta-ar-pasu-logo-2-scaled-1.png","width":1623,"height":405,"caption":"Valmieras 5. vidusskola"},"image":{"@id":"https:\/\/izglitiba.valmierasnovads.lv\/v5v\/#\/schema\/logo\/image\/"}}]}},"_links":{"self":[{"href":"https:\/\/izglitiba.valmierasnovads.lv\/v5v\/wp-json\/wp\/v2\/pages\/16","targetHints":{"allow":["GET"]}}],"collection":[{"href":"https:\/\/izglitiba.valmierasnovads.lv\/v5v\/wp-json\/wp\/v2\/pages"}],"about":[{"href":"https:\/\/izglitiba.valmierasnovads.lv\/v5v\/wp-json\/wp\/v2\/types\/page"}],"author":[{"embeddable":true,"href":"https:\/\/izglitiba.valmierasnovads.lv\/v5v\/wp-json\/wp\/v2\/users\/1"}],"replies":[{"embeddable":true,"href":"https:\/\/izglitiba.valmierasnovads.lv\/v5v\/wp-json\/wp\/v2\/comments?post=16"}],"version-history":[{"count":15,"href":"https:\/\/izglitiba.valmierasnovads.lv\/v5v\/wp-json\/wp\/v2\/pages\/16\/revisions"}],"predecessor-version":[{"id":1529,"href":"https:\/\/izglitiba.valmierasnovads.lv\/v5v\/wp-json\/wp\/v2\/pages\/16\/revisions\/1529"}],"wp:attachment":[{"href":"https:\/\/izglitiba.valmierasnovads.lv\/v5v\/wp-json\/wp\/v2\/media?parent=16"}],"curies":[{"name":"wp","href":"https:\/\/api.w.org\/{rel}","templated":true}]}}