{"id":351,"date":"2025-08-24T14:28:23","date_gmt":"2025-08-24T11:28:23","guid":{"rendered":"https:\/\/izglitiba.valmierasnovads.lv\/v5v\/?page_id=351"},"modified":"2025-08-24T17:13:43","modified_gmt":"2025-08-24T14:13:43","slug":"riciba-arkartas-gadijumos","status":"publish","type":"page","link":"https:\/\/izglitiba.valmierasnovads.lv\/v5v\/riciba-arkartas-gadijumos\/","title":{"rendered":"R\u012bc\u012bba \u0101rk\u0101rtas gad\u012bjumos"},"content":{"rendered":"\n<p class=\"has-ast-global-color-3-color has-text-color has-link-color wp-elements-ab8dc06d67c223eb15b5bf4b70338451\"><strong>Digit\u0101lais buklets <\/strong><a href=\"https:\/\/www.google.com\/url?q=https%3A%2F%2Fwww.sargs.lv%2Flv%2Ftema%2F72stundas%3Ffbclid%3DIwAR0uKFL9IZrJ5NhUQG1ym8mYnBRWXaA8cU6R1mDEwyCmH5UR8WLqCRapuls&amp;sa=D&amp;sntz=1&amp;usg=AOvVaw0NBSNLx9sKyeUpOF9qBsF2\" target=\"_blank\" rel=\"noreferrer noopener\"><strong>\u00ab72 stundas: K\u0101 r\u012bkoties kr\u012bzes gad\u012bjum\u0101&#8221; <\/strong><\/a><strong>un esi gatavs da\u017e\u0101d\u0101m kr\u012bz\u0113m!<\/strong><\/p>\n\n\n\n<p class=\"has-ast-global-color-3-color has-text-color has-link-color wp-elements-2691e57aa5b78a5e51ac717a93802aab\"><strong>Materi\u0101ls<\/strong><a href=\"https:\/\/www.google.com\/url?q=https%3A%2F%2Fwww.lsm.lv%2Fraksts%2Fdzive--stils%2Fvecaki-un-berni%2Fpieejami-informativi-materiali-sarunai-ar-berniem-par-iespejamiem-apdraudejumiem.a445236%2F&amp;sa=D&amp;sntz=1&amp;usg=AOvVaw1ROtmeOqWfrWXWCzSNdojP\" target=\"_blank\" rel=\"noreferrer noopener\"><strong> &#8220;K\u0101 run\u0101t par karu ar b\u0113rniem un pusaud\u017eiem&#8221;<\/strong><\/a><\/p>\n\n\n\n<p class=\"has-ast-global-color-3-color has-text-color has-link-color wp-elements-58d231f65103f68accd6712b409053d1\"><a href=\"https:\/\/www.google.com\/url?q=https%3A%2F%2Fwww.sargs.lv%2Fsites%2Fdefault%2Ffiles%2F2020-06%2Fbuklets.pdf&amp;sa=D&amp;sntz=1&amp;usg=AOvVaw10fR8VqBpFlgG7yCAHSUMN\" target=\"_blank\" rel=\"noreferrer noopener\"><strong>&#8220;K\u0101 r\u012bkoties kr\u012bzes gad\u012bjum\u0101&#8221;<\/strong><\/a><\/p>\n\n\n\n<p class=\"has-ast-global-color-3-color has-text-color has-link-color wp-elements-1f385802566b6cf26fe24d919c3578df\"><a href=\"http:\/\/www.google.com\/url?q=http%3A%2F%2Fvugd.gov.lv%2Flv%2Fizglitojosi-materiali-berniem-un-jauniesiem&amp;sa=D&amp;sntz=1&amp;usg=AOvVaw38bzUItN2XR9m4TokGj1uE\" target=\"_blank\" rel=\"noreferrer noopener\"><strong>VUGD materi\u0101ls b\u0113rniem un jaunie\u0161iem<\/strong><\/a><\/p>\n\n\n\n<p><\/p>\n","protected":false},"excerpt":{"rendered":"<p>Digit\u0101lais buklets \u00ab72 stundas: K\u0101 r\u012bkoties kr\u012bzes gad\u012bjum\u0101&#8221; un esi gatavs da\u017e\u0101d\u0101m kr\u012bz\u0113m! Materi\u0101ls &#8220;K\u0101 run\u0101t par karu ar b\u0113rniem [&hellip;]<\/p>\n","protected":false},"author":6,"featured_media":0,"parent":0,"menu_order":0,"comment_status":"closed","ping_status":"closed","template":"","meta":{"_acf_changed":false,"site-sidebar-layout":"default","site-content-layout":"","ast-site-content-layout":"default","site-content-style":"default","site-sidebar-style":"default","ast-global-header-display":"","ast-banner-title-visibility":"","ast-main-header-display":"","ast-hfb-above-header-display":"","ast-hfb-below-header-display":"","ast-hfb-mobile-header-display":"","site-post-title":"","ast-breadcrumbs-content":"","ast-featured-img":"","footer-sml-layout":"","ast-disable-related-posts":"","theme-transparent-header-meta":"","adv-header-id-meta":"","stick-header-meta":"","header-above-stick-meta":"","header-main-stick-meta":"","header-below-stick-meta":"","astra-migrate-meta-layouts":"default","ast-page-background-enabled":"default","ast-page-background-meta":{"desktop":{"background-color":"var(--ast-global-color-5)","background-image":"","background-repeat":"repeat","background-position":"center center","background-size":"auto","background-attachment":"scroll","background-type":"","background-media":"","overlay-type":"","overlay-color":"","overlay-opacity":"","overlay-gradient":""},"tablet":{"background-color":"","background-image":"","background-repeat":"repeat","background-position":"center center","background-size":"auto","background-attachment":"scroll","background-type":"","background-media":"","overlay-type":"","overlay-color":"","overlay-opacity":"","overlay-gradient":""},"mobile":{"background-color":"","background-image":"","background-repeat":"repeat","background-position":"center center","background-size":"auto","background-attachment":"scroll","background-type":"","background-media":"","overlay-type":"","overlay-color":"","overlay-opacity":"","overlay-gradient":""}},"ast-content-background-meta":{"desktop":{"background-color":"var(--ast-global-color-4)","background-image":"","background-repeat":"repeat","background-position":"center center","background-size":"auto","background-attachment":"scroll","background-type":"","background-media":"","overlay-type":"","overlay-color":"","overlay-opacity":"","overlay-gradient":""},"tablet":{"background-color":"var(--ast-global-color-4)","background-image":"","background-repeat":"repeat","background-position":"center center","background-size":"auto","background-attachment":"scroll","background-type":"","background-media":"","overlay-type":"","overlay-color":"","overlay-opacity":"","overlay-gradient":""},"mobile":{"background-color":"var(--ast-global-color-4)","background-image":"","background-repeat":"repeat","background-position":"center center","background-size":"auto","background-attachment":"scroll","background-type":"","background-media":"","overlay-type":"","overlay-color":"","overlay-opacity":"","overlay-gradient":""}},"footnotes":""},"class_list":["post-351","page","type-page","status-publish","hentry"],"acf":[],"yoast_head":"<!-- This site is optimized with the Yoast SEO plugin v27.0 - https:\/\/yoast.com\/product\/yoast-seo-wordpress\/ -->\n<title>R\u012bc\u012bba \u0101rk\u0101rtas gad\u012bjumos - Valmieras 5. vidusskola<\/title>\n<meta name=\"robots\" content=\"index, follow, max-snippet:-1, max-image-preview:large, max-video-preview:-1\" \/>\n<link rel=\"canonical\" href=\"https:\/\/izglitiba.valmierasnovads.lv\/v5v\/riciba-arkartas-gadijumos\/\" \/>\n<meta property=\"og:locale\" content=\"lv_LV\" \/>\n<meta property=\"og:type\" content=\"article\" \/>\n<meta property=\"og:title\" content=\"R\u012bc\u012bba \u0101rk\u0101rtas gad\u012bjumos - Valmieras 5. vidusskola\" \/>\n<meta property=\"og:description\" content=\"Digit\u0101lais buklets \u00ab72 stundas: K\u0101 r\u012bkoties kr\u012bzes gad\u012bjum\u0101&#8221; un esi gatavs da\u017e\u0101d\u0101m kr\u012bz\u0113m! Materi\u0101ls &#8220;K\u0101 run\u0101t par karu ar b\u0113rniem [&hellip;]\" \/>\n<meta property=\"og:url\" content=\"https:\/\/izglitiba.valmierasnovads.lv\/v5v\/riciba-arkartas-gadijumos\/\" \/>\n<meta property=\"og:site_name\" content=\"Valmieras 5. vidusskola\" \/>\n<meta property=\"article:modified_time\" content=\"2025-08-24T14:13:43+00:00\" \/>\n<meta name=\"twitter:card\" content=\"summary_large_image\" \/>\n<meta name=\"twitter:label1\" content=\"Est. reading time\" \/>\n\t<meta name=\"twitter:data1\" content=\"1 min\u016bte\" \/>\n<script type=\"application\/ld+json\" class=\"yoast-schema-graph\">{\"@context\":\"https:\/\/schema.org\",\"@graph\":[{\"@type\":\"WebPage\",\"@id\":\"https:\/\/izglitiba.valmierasnovads.lv\/v5v\/riciba-arkartas-gadijumos\/\",\"url\":\"https:\/\/izglitiba.valmierasnovads.lv\/v5v\/riciba-arkartas-gadijumos\/\",\"name\":\"R\u012bc\u012bba \u0101rk\u0101rtas gad\u012bjumos - Valmieras 5. vidusskola\",\"isPartOf\":{\"@id\":\"https:\/\/izglitiba.valmierasnovads.lv\/v5v\/#website\"},\"datePublished\":\"2025-08-24T11:28:23+00:00\",\"dateModified\":\"2025-08-24T14:13:43+00:00\",\"breadcrumb\":{\"@id\":\"https:\/\/izglitiba.valmierasnovads.lv\/v5v\/riciba-arkartas-gadijumos\/#breadcrumb\"},\"inLanguage\":\"lv-LV\",\"potentialAction\":[{\"@type\":\"ReadAction\",\"target\":[\"https:\/\/izglitiba.valmierasnovads.lv\/v5v\/riciba-arkartas-gadijumos\/\"]}]},{\"@type\":\"BreadcrumbList\",\"@id\":\"https:\/\/izglitiba.valmierasnovads.lv\/v5v\/riciba-arkartas-gadijumos\/#breadcrumb\",\"itemListElement\":[{\"@type\":\"ListItem\",\"position\":1,\"name\":\"Home\",\"item\":\"https:\/\/izglitiba.valmierasnovads.lv\/v5v\/\"},{\"@type\":\"ListItem\",\"position\":2,\"name\":\"R\u012bc\u012bba \u0101rk\u0101rtas gad\u012bjumos\"}]},{\"@type\":\"WebSite\",\"@id\":\"https:\/\/izglitiba.valmierasnovads.lv\/v5v\/#website\",\"url\":\"https:\/\/izglitiba.valmierasnovads.lv\/v5v\/\",\"name\":\"Valmieras 5. vidusskola\",\"description\":\"Draudz\u012bg\u0101k\u0101 skola b\u0113rniem pa\u0161\u0101 Valmieras sird\u012b, pie ezeri\u0146a!\",\"publisher\":{\"@id\":\"https:\/\/izglitiba.valmierasnovads.lv\/v5v\/#organization\"},\"potentialAction\":[{\"@type\":\"SearchAction\",\"target\":{\"@type\":\"EntryPoint\",\"urlTemplate\":\"https:\/\/izglitiba.valmierasnovads.lv\/v5v\/?s={search_term_string}\"},\"query-input\":{\"@type\":\"PropertyValueSpecification\",\"valueRequired\":true,\"valueName\":\"search_term_string\"}}],\"inLanguage\":\"lv-LV\"},{\"@type\":\"Organization\",\"@id\":\"https:\/\/izglitiba.valmierasnovads.lv\/v5v\/#organization\",\"name\":\"Valmieras 5. vidusskola\",\"url\":\"https:\/\/izglitiba.valmierasnovads.lv\/v5v\/\",\"logo\":{\"@type\":\"ImageObject\",\"inLanguage\":\"lv-LV\",\"@id\":\"https:\/\/izglitiba.valmierasnovads.lv\/v5v\/#\/schema\/logo\/image\/\",\"url\":\"https:\/\/izglitiba.valmierasnovads.lv\/v5v\/wp-content\/uploads\/sites\/7\/2026\/03\/cropped-Komplekta-ar-pasu-logo-2-scaled-1.png\",\"contentUrl\":\"https:\/\/izglitiba.valmierasnovads.lv\/v5v\/wp-content\/uploads\/sites\/7\/2026\/03\/cropped-Komplekta-ar-pasu-logo-2-scaled-1.png\",\"width\":1623,\"height\":405,\"caption\":\"Valmieras 5. vidusskola\"},\"image\":{\"@id\":\"https:\/\/izglitiba.valmierasnovads.lv\/v5v\/#\/schema\/logo\/image\/\"}}]}<\/script>\n<!-- \/ Yoast SEO plugin. -->","yoast_head_json":{"title":"R\u012bc\u012bba \u0101rk\u0101rtas gad\u012bjumos - Valmieras 5. vidusskola","robots":{"index":"index","follow":"follow","max-snippet":"max-snippet:-1","max-image-preview":"max-image-preview:large","max-video-preview":"max-video-preview:-1"},"canonical":"https:\/\/izglitiba.valmierasnovads.lv\/v5v\/riciba-arkartas-gadijumos\/","og_locale":"lv_LV","og_type":"article","og_title":"R\u012bc\u012bba \u0101rk\u0101rtas gad\u012bjumos - Valmieras 5. vidusskola","og_description":"Digit\u0101lais buklets \u00ab72 stundas: K\u0101 r\u012bkoties kr\u012bzes gad\u012bjum\u0101&#8221; un esi gatavs da\u017e\u0101d\u0101m kr\u012bz\u0113m! Materi\u0101ls &#8220;K\u0101 run\u0101t par karu ar b\u0113rniem [&hellip;]","og_url":"https:\/\/izglitiba.valmierasnovads.lv\/v5v\/riciba-arkartas-gadijumos\/","og_site_name":"Valmieras 5. vidusskola","article_modified_time":"2025-08-24T14:13:43+00:00","twitter_card":"summary_large_image","twitter_misc":{"Est. reading time":"1 min\u016bte"},"schema":{"@context":"https:\/\/schema.org","@graph":[{"@type":"WebPage","@id":"https:\/\/izglitiba.valmierasnovads.lv\/v5v\/riciba-arkartas-gadijumos\/","url":"https:\/\/izglitiba.valmierasnovads.lv\/v5v\/riciba-arkartas-gadijumos\/","name":"R\u012bc\u012bba \u0101rk\u0101rtas gad\u012bjumos - Valmieras 5. vidusskola","isPartOf":{"@id":"https:\/\/izglitiba.valmierasnovads.lv\/v5v\/#website"},"datePublished":"2025-08-24T11:28:23+00:00","dateModified":"2025-08-24T14:13:43+00:00","breadcrumb":{"@id":"https:\/\/izglitiba.valmierasnovads.lv\/v5v\/riciba-arkartas-gadijumos\/#breadcrumb"},"inLanguage":"lv-LV","potentialAction":[{"@type":"ReadAction","target":["https:\/\/izglitiba.valmierasnovads.lv\/v5v\/riciba-arkartas-gadijumos\/"]}]},{"@type":"BreadcrumbList","@id":"https:\/\/izglitiba.valmierasnovads.lv\/v5v\/riciba-arkartas-gadijumos\/#breadcrumb","itemListElement":[{"@type":"ListItem","position":1,"name":"Home","item":"https:\/\/izglitiba.valmierasnovads.lv\/v5v\/"},{"@type":"ListItem","position":2,"name":"R\u012bc\u012bba \u0101rk\u0101rtas gad\u012bjumos"}]},{"@type":"WebSite","@id":"https:\/\/izglitiba.valmierasnovads.lv\/v5v\/#website","url":"https:\/\/izglitiba.valmierasnovads.lv\/v5v\/","name":"Valmieras 5. vidusskola","description":"Draudz\u012bg\u0101k\u0101 skola b\u0113rniem pa\u0161\u0101 Valmieras sird\u012b, pie ezeri\u0146a!","publisher":{"@id":"https:\/\/izglitiba.valmierasnovads.lv\/v5v\/#organization"},"potentialAction":[{"@type":"SearchAction","target":{"@type":"EntryPoint","urlTemplate":"https:\/\/izglitiba.valmierasnovads.lv\/v5v\/?s={search_term_string}"},"query-input":{"@type":"PropertyValueSpecification","valueRequired":true,"valueName":"search_term_string"}}],"inLanguage":"lv-LV"},{"@type":"Organization","@id":"https:\/\/izglitiba.valmierasnovads.lv\/v5v\/#organization","name":"Valmieras 5. vidusskola","url":"https:\/\/izglitiba.valmierasnovads.lv\/v5v\/","logo":{"@type":"ImageObject","inLanguage":"lv-LV","@id":"https:\/\/izglitiba.valmierasnovads.lv\/v5v\/#\/schema\/logo\/image\/","url":"https:\/\/izglitiba.valmierasnovads.lv\/v5v\/wp-content\/uploads\/sites\/7\/2026\/03\/cropped-Komplekta-ar-pasu-logo-2-scaled-1.png","contentUrl":"https:\/\/izglitiba.valmierasnovads.lv\/v5v\/wp-content\/uploads\/sites\/7\/2026\/03\/cropped-Komplekta-ar-pasu-logo-2-scaled-1.png","width":1623,"height":405,"caption":"Valmieras 5. vidusskola"},"image":{"@id":"https:\/\/izglitiba.valmierasnovads.lv\/v5v\/#\/schema\/logo\/image\/"}}]}},"_links":{"self":[{"href":"https:\/\/izglitiba.valmierasnovads.lv\/v5v\/wp-json\/wp\/v2\/pages\/351","targetHints":{"allow":["GET"]}}],"collection":[{"href":"https:\/\/izglitiba.valmierasnovads.lv\/v5v\/wp-json\/wp\/v2\/pages"}],"about":[{"href":"https:\/\/izglitiba.valmierasnovads.lv\/v5v\/wp-json\/wp\/v2\/types\/page"}],"author":[{"embeddable":true,"href":"https:\/\/izglitiba.valmierasnovads.lv\/v5v\/wp-json\/wp\/v2\/users\/6"}],"replies":[{"embeddable":true,"href":"https:\/\/izglitiba.valmierasnovads.lv\/v5v\/wp-json\/wp\/v2\/comments?post=351"}],"version-history":[{"count":2,"href":"https:\/\/izglitiba.valmierasnovads.lv\/v5v\/wp-json\/wp\/v2\/pages\/351\/revisions"}],"predecessor-version":[{"id":758,"href":"https:\/\/izglitiba.valmierasnovads.lv\/v5v\/wp-json\/wp\/v2\/pages\/351\/revisions\/758"}],"wp:attachment":[{"href":"https:\/\/izglitiba.valmierasnovads.lv\/v5v\/wp-json\/wp\/v2\/media?parent=351"}],"curies":[{"name":"wp","href":"https:\/\/api.w.org\/{rel}","templated":true}]}}