{"id":97,"date":"2025-08-11T15:40:42","date_gmt":"2025-08-11T12:40:42","guid":{"rendered":"https:\/\/izglitiba.valmierasnovads.lv\/valmierassportaskola\/?page_id=97"},"modified":"2026-04-21T11:40:19","modified_gmt":"2026-04-21T08:40:19","slug":"bmx","status":"publish","type":"page","link":"https:\/\/izglitiba.valmierasnovads.lv\/valmierassportaskola\/bmx\/","title":{"rendered":"BMX"},"content":{"rendered":"\n<figure class=\"wp-block-image aligncenter size-large\"><img loading=\"lazy\" decoding=\"async\" width=\"1024\" height=\"389\" src=\"https:\/\/izglitiba.valmierasnovads.lv\/valmierassportaskola\/wp-content\/uploads\/sites\/32\/2025\/08\/8-1024x389.png\" alt=\"\" class=\"wp-image-241\" srcset=\"https:\/\/izglitiba.valmierasnovads.lv\/valmierassportaskola\/wp-content\/uploads\/sites\/32\/2025\/08\/8-1024x389.png 1024w, https:\/\/izglitiba.valmierasnovads.lv\/valmierassportaskola\/wp-content\/uploads\/sites\/32\/2025\/08\/8-300x114.png 300w, https:\/\/izglitiba.valmierasnovads.lv\/valmierassportaskola\/wp-content\/uploads\/sites\/32\/2025\/08\/8-768x292.png 768w, https:\/\/izglitiba.valmierasnovads.lv\/valmierassportaskola\/wp-content\/uploads\/sites\/32\/2025\/08\/8.png 1312w\" sizes=\"auto, (max-width: 1024px) 100vw, 1024px\" \/><\/figure>\n\n\n\n<h2 class=\"wp-block-heading\">Profesion\u0101l\u0101s ievirzes izgl\u012bt\u012bbas sporta programma &#8220;BMX&#8221;<\/h2>\n\n\n\n<p>Viens no jaun\u0101kajiem sporta veidiem pasaul\u0113, tam ir tikai 60 gadu sena v\u0113sture. Bet tie\u0161i m\u0113s, valmierie\u0161i, varam lepoties ar pirmo un divk\u0101rt\u0113jo Olimpisko \u010dempionu \u0161aj\u0101 sporta veid\u0101 &#8211; M\u0101ri \u0160trombergu. Skol\u0101 BMX nodarb\u012bbas notiek kop\u0161 2013.\/2014. m\u0101c\u012bbu gada, kad tika uzs\u0101kts realiz\u0113ta intere\u0161u izgl\u012bt\u012bbas programma. Jau 2014. gada j\u016bnij\u0101 BMX programma Skol\u0101 tika akredit\u0113ta k\u0101 profesion\u0101l\u0101s ievirzes izgl\u012bt\u012bbas programma.<\/p>\n\n\n\n<p>Valmieras BMX sportisti regul\u0101ri piedal\u0101s un izc\u012bna godalgot\u0101s vietas Eiropas kausa posmos. M\u0101c\u012bbu &#8211; treni\u0146u nodarb\u012bbas notiek jaunatkl\u0101taj\u0101 M\u0101ra \u0160tromberga BMX tras\u0113 \u201cValmiera\u201d un BMX tras\u0113 \u00abAvoti\u00bb. Ziemas period\u0101 sportisti tren\u0113jas Valmieras Olimpisk\u0101 centr\u0101 KIA ledus hall\u0113, Valmieras Peldbasein\u0101, Valmieras Valsts \u0123imn\u0101zij\u0101, P\u0101rgaujas s\u0101kumskol\u0101, Valmieras Viestura vidusskol\u0101, k\u0101 ar\u012b piel\u0101got\u0101s ziemas tras\u0113s.<\/p>\n\n\n\n<p>Valmieras Sporta skolai ir izveidojusies cie\u0161a sadarb\u012bba ar Valmieras BMX klubiem \u00abT\u0101lava\u00bb un \u00abValmiera\u00bb.<\/p>\n\n\n\n<div class=\"wp-block-buttons is-content-justification-center is-layout-flex wp-container-core-buttons-is-layout-a89b3969 wp-block-buttons-is-layout-flex\">\n<div class=\"wp-block-button\"><a class=\"wp-block-button__link has-text-align-center wp-element-button\" href=\"https:\/\/lrf.lv\/index.php\/par-mums\/dokumenti\/visparigie-noteikumi\/921-lrf-noteiktie-profesion%C4%81l%C4%81s-ievirzes-sporta-izgl%C4%ABt%C4%ABbas-iest%C4%81%C5%BEu-m%C4%81c%C4%ABbu-treni%C5%86u-grupu-rezultativit%C4%81tes-krit%C4%93riji\">KONTROLNORMAT\u012aVI<\/a><\/div>\n<\/div>\n\n\n<style>.wp-block-kadence-advancedheading.kt-adv-heading97_1f3923-ad, .wp-block-kadence-advancedheading.kt-adv-heading97_1f3923-ad[data-kb-block=\"kb-adv-heading97_1f3923-ad\"]{text-align:center;font-style:normal;}.wp-block-kadence-advancedheading.kt-adv-heading97_1f3923-ad mark.kt-highlight, .wp-block-kadence-advancedheading.kt-adv-heading97_1f3923-ad[data-kb-block=\"kb-adv-heading97_1f3923-ad\"] mark.kt-highlight{font-style:normal;color:#f76a0c;-webkit-box-decoration-break:clone;box-decoration-break:clone;padding-top:0px;padding-right:0px;padding-bottom:0px;padding-left:0px;}.wp-block-kadence-advancedheading.kt-adv-heading97_1f3923-ad img.kb-inline-image, .wp-block-kadence-advancedheading.kt-adv-heading97_1f3923-ad[data-kb-block=\"kb-adv-heading97_1f3923-ad\"] img.kb-inline-image{width:150px;vertical-align:baseline;}<\/style>\n<h2 class=\"kt-adv-heading97_1f3923-ad wp-block-kadence-advancedheading\" data-kb-block=\"kb-adv-heading97_1f3923-ad\"><strong>Treneri<\/strong><\/h2>\n\n\n<style>.kb-table-container97_b857d1-50{overflow-x:auto;}.kb-table-container .kb-table97_b857d1-50 th{padding-top:var(--global-kb-spacing-xxs, 0.5rem);padding-right:var(--global-kb-spacing-xxs, 0.5rem);padding-bottom:var(--global-kb-spacing-xxs, 0.5rem);padding-left:var(--global-kb-spacing-xxs, 0.5rem);text-align:center;}.kb-table-container .kb-table97_b857d1-50 caption{text-align:center;}.kb-table-container .kb-table97_b857d1-50 td{padding-top:var(--global-kb-spacing-xxs, 0.5rem);padding-right:var(--global-kb-spacing-xxs, 0.5rem);padding-bottom:var(--global-kb-spacing-xxs, 0.5rem);padding-left:var(--global-kb-spacing-xxs, 0.5rem);text-align:left;}<\/style><div class=\"kb-table-container kb-table-container97_b857d1-50 wp-block-kadence-table\"><table class=\"kb-table kb-table97_b857d1-50\">\n<tr class=\"kb-table-row kb-table-row97_233488-20\">\n<td class=\"kb-table-data kb-table-data97_ef5ba3-ad\">\n\n<p class=\"has-text-align-center\"><strong>V\u0101rds Uzv\u0101rds<\/strong><\/p>\n\n<\/97_ef5ba3-ad>\n\n<td class=\"kb-table-data kb-table-data97_b8c117-2d\">\n\n<p class=\"has-text-align-center\"><strong>T\u0101lru\u0146a numurs<\/strong><\/p>\n\n<\/97_b8c117-2d>\n\n<td class=\"kb-table-data kb-table-data97_a711ff-cd\">\n\n<p class=\"has-text-align-center\"><strong>Vecuma grupa<\/strong><\/p>\n\n<\/97_a711ff-cd>\n\n<td class=\"kb-table-data kb-table-data97_6ca965-83\">\n\n<p class=\"has-text-align-center\"><strong>Sertifik\u0101ts<\/strong><\/p>\n\n<\/97_6ca965-83>\n<\/tr>\n\n<tr class=\"kb-table-row kb-table-row97_80fe3f-f7\">\n<td class=\"kb-table-data kb-table-data97_495e5f-01\">\n\n<p class=\"has-text-align-center\">Megija Agate Dei\u010dmane<\/p>\n\n<\/97_495e5f-01>\n\n<td class=\"kb-table-data kb-table-data97_222668-7b\">\n\n<p class=\"has-text-align-center\">+371 25430636<\/p>\n\n<\/97_222668-7b>\n\n<td class=\"kb-table-data kb-table-data97_d873fc-c2\">\n\n<p class=\"has-text-align-center\">Meiten\u0113m un z\u0113niem no 5 gadu vecuma<\/p>\n\n<\/97_d873fc-c2>\n\n<td class=\"kb-table-data kb-table-data97_0a8898-d0\">\n\n<p class=\"has-text-align-center\">Sporta studiju studente<\/p>\n\n<\/97_0a8898-d0>\n<\/tr>\n\n<tr class=\"kb-table-row kb-table-row97_e1a6a2-67\">\n<td class=\"kb-table-data kb-table-data97_e17112-73\">\n\n<p class=\"has-text-align-center\">Kristens Kr\u012bgers<\/p>\n\n<\/97_e17112-73>\n\n<td class=\"kb-table-data kb-table-data97_4f507d-32\">\n\n<p class=\"has-text-align-center\">+371&nbsp;26441228<\/p>\n\n<\/97_4f507d-32>\n\n<td class=\"kb-table-data kb-table-data97_fb83fa-39\">\n\n<p class=\"has-text-align-center\">Meiten\u0113m un z\u0113niem no&nbsp;12&nbsp;gadu vecuma<\/p>\n\n<\/97_fb83fa-39>\n\n<td class=\"kb-table-data kb-table-data97_749b28-a7\">\n\n<p class=\"has-text-align-center\">B kategorija<\/p>\n\n<\/97_749b28-a7>\n<\/tr>\n\n<tr class=\"kb-table-row kb-table-row97_6638ab-51\">\n<td class=\"kb-table-data kb-table-data97_4582db-99\">\n\n<p class=\"has-text-align-center\">Ivo Laku\u010ds<\/p>\n\n<\/97_4582db-99>\n\n<td class=\"kb-table-data kb-table-data97_6ad580-03\">\n\n<p class=\"has-text-align-center\">+371&nbsp;29144300<\/p>\n\n<\/97_6ad580-03>\n\n<td class=\"kb-table-data kb-table-data97_14c833-5b\">\n\n<p class=\"has-text-align-center\">Meiten\u0113m un z\u0113niem no 12 gadu vecuma<\/p>\n\n<\/97_14c833-5b>\n\n<td class=\"kb-table-data kb-table-data97_d605d2-a5\">\n\n<p class=\"has-text-align-center\">A kategorija <\/p>\n\n<\/97_d605d2-a5>\n<\/tr>\n\n<tr class=\"kb-table-row kb-table-row97_632a87-03\">\n<td class=\"kb-table-data kb-table-data97_d18a01-3d\">\n\n<p class=\"has-text-align-center\">Olafs Laku\u010ds<\/p>\n\n<\/97_d18a01-3d>\n\n<td class=\"kb-table-data kb-table-data97_b78691-da\">\n\n<p class=\"has-text-align-center\">+371&nbsp;28330999<\/p>\n\n<\/97_b78691-da>\n\n<td class=\"kb-table-data kb-table-data97_acfa5c-b3\">\n\n<p class=\"has-text-align-center\">Meiten\u0113m un z\u0113niem&nbsp;no 5 gadu vecuma<\/p>\n\n<\/97_acfa5c-b3>\n\n<td class=\"kb-table-data kb-table-data97_0d81f0-28\">\n\n<p class=\"has-text-align-center\">A kategorija<\/p>\n\n<\/97_0d81f0-28>\n<\/tr>\n\n<tr class=\"kb-table-row kb-table-row97_b12c55-c2\">\n<td class=\"kb-table-data kb-table-data97_0ab986-e9\">\n\n<p class=\"has-text-align-center\">Kristers Taims<\/p>\n\n<\/97_0ab986-e9>\n\n<td class=\"kb-table-data kb-table-data97_9dc24a-24\">\n\n<p class=\"has-text-align-center\">+371&nbsp;26181505<\/p>\n\n<\/97_9dc24a-24>\n\n<td class=\"kb-table-data kb-table-data97_0f7332-be\">\n\n<p class=\"has-text-align-center\">Meiten\u0113m un z\u0113niem&nbsp;no 5 gadu vecuma<\/p>\n\n<\/97_0f7332-be>\n\n<td class=\"kb-table-data kb-table-data97_c87ad6-e4\">\n\n<p class=\"has-text-align-center\">B kategorija<\/p>\n\n<\/97_c87ad6-e4>\n<\/tr>\n\n<tr class=\"kb-table-row kb-table-row97_a8e660-a3\">\n<td class=\"kb-table-data kb-table-data97_51af1b-46\">\n\n<p class=\"has-text-align-center\">Rolands Liepi\u0146\u0161<\/p>\n\n<\/97_51af1b-46>\n\n<td class=\"kb-table-data kb-table-data97_820b7d-c7\">\n\n<p><\/p>\n\n<\/97_820b7d-c7>\n\n<td class=\"kb-table-data kb-table-data97_d8eef6-cf\">\n\n<p class=\"has-text-align-center\">Meiten\u0113m un z\u0113niem no 5 gadu vecuma<\/p>\n\n<\/97_d8eef6-cf>\n\n<td class=\"kb-table-data kb-table-data97_05b7d8-49\">\n\n<p class=\"has-text-align-center\">Sporta studiju students<\/p>\n\n<\/97_05b7d8-49>\n<\/tr>\n<\/table><\/div>\n\n\n<p><\/p>\n","protected":false},"excerpt":{"rendered":"<p>Profesion\u0101l\u0101s ievirzes izgl\u012bt\u012bbas sporta programma &#8220;BMX&#8221; Viens no jaun\u0101kajiem sporta veidiem pasaul\u0113, tam ir tikai 60 gadu sena v\u0113sture. Bet [&hellip;]<\/p>\n","protected":false},"author":35,"featured_media":0,"parent":0,"menu_order":0,"comment_status":"closed","ping_status":"closed","template":"","meta":{"_acf_changed":false,"site-sidebar-layout":"default","site-content-layout":"","ast-site-content-layout":"","site-content-style":"default","site-sidebar-style":"default","ast-global-header-display":"","ast-banner-title-visibility":"","ast-main-header-display":"","ast-hfb-above-header-display":"","ast-hfb-below-header-display":"","ast-hfb-mobile-header-display":"","site-post-title":"disabled","ast-breadcrumbs-content":"","ast-featured-img":"","footer-sml-layout":"","ast-disable-related-posts":"","theme-transparent-header-meta":"","adv-header-id-meta":"","stick-header-meta":"","header-above-stick-meta":"","header-main-stick-meta":"","header-below-stick-meta":"","astra-migrate-meta-layouts":"default","ast-page-background-enabled":"default","ast-page-background-meta":{"desktop":{"background-color":"var(--ast-global-color-5)","background-image":"","background-repeat":"repeat","background-position":"center center","background-size":"auto","background-attachment":"scroll","background-type":"","background-media":"","overlay-type":"","overlay-color":"","overlay-opacity":"","overlay-gradient":""},"tablet":{"background-color":"","background-image":"","background-repeat":"repeat","background-position":"center center","background-size":"auto","background-attachment":"scroll","background-type":"","background-media":"","overlay-type":"","overlay-color":"","overlay-opacity":"","overlay-gradient":""},"mobile":{"background-color":"","background-image":"","background-repeat":"repeat","background-position":"center center","background-size":"auto","background-attachment":"scroll","background-type":"","background-media":"","overlay-type":"","overlay-color":"","overlay-opacity":"","overlay-gradient":""}},"ast-content-background-meta":{"desktop":{"background-color":"var(--ast-global-color-4)","background-image":"","background-repeat":"repeat","background-position":"center center","background-size":"auto","background-attachment":"scroll","background-type":"","background-media":"","overlay-type":"","overlay-color":"","overlay-opacity":"","overlay-gradient":""},"tablet":{"background-color":"var(--ast-global-color-4)","background-image":"","background-repeat":"repeat","background-position":"center center","background-size":"auto","background-attachment":"scroll","background-type":"","background-media":"","overlay-type":"","overlay-color":"","overlay-opacity":"","overlay-gradient":""},"mobile":{"background-color":"var(--ast-global-color-4)","background-image":"","background-repeat":"repeat","background-position":"center center","background-size":"auto","background-attachment":"scroll","background-type":"","background-media":"","overlay-type":"","overlay-color":"","overlay-opacity":"","overlay-gradient":""}},"footnotes":""},"class_list":["post-97","page","type-page","status-publish","hentry"],"acf":[],"yoast_head":"<!-- This site is optimized with the Yoast SEO plugin v27.0 - https:\/\/yoast.com\/product\/yoast-seo-wordpress\/ -->\n<title>BMX - Valmieras Sporta skola<\/title>\n<meta name=\"robots\" content=\"index, follow, max-snippet:-1, max-image-preview:large, max-video-preview:-1\" \/>\n<link rel=\"canonical\" href=\"https:\/\/izglitiba.valmierasnovads.lv\/valmierassportaskola\/bmx\/\" \/>\n<meta property=\"og:locale\" content=\"lv_LV\" \/>\n<meta property=\"og:type\" content=\"article\" \/>\n<meta property=\"og:title\" content=\"BMX - Valmieras Sporta skola\" \/>\n<meta property=\"og:description\" content=\"Profesion\u0101l\u0101s ievirzes izgl\u012bt\u012bbas sporta programma &#8220;BMX&#8221; Viens no jaun\u0101kajiem sporta veidiem pasaul\u0113, tam ir tikai 60 gadu sena v\u0113sture. Bet [&hellip;]\" \/>\n<meta property=\"og:url\" content=\"https:\/\/izglitiba.valmierasnovads.lv\/valmierassportaskola\/bmx\/\" \/>\n<meta property=\"og:site_name\" content=\"Valmieras Sporta skola\" \/>\n<meta property=\"article:modified_time\" content=\"2026-04-21T08:40:19+00:00\" \/>\n<meta property=\"og:image\" content=\"https:\/\/izglitiba.valmierasnovads.lv\/valmierassportaskola\/wp-content\/uploads\/sites\/32\/2025\/08\/8.png\" \/>\n\t<meta property=\"og:image:width\" content=\"1312\" \/>\n\t<meta property=\"og:image:height\" content=\"499\" \/>\n\t<meta property=\"og:image:type\" content=\"image\/png\" \/>\n<meta name=\"twitter:card\" content=\"summary_large_image\" \/>\n<meta name=\"twitter:label1\" content=\"Est. reading time\" \/>\n\t<meta name=\"twitter:data1\" content=\"2 min\u016btes\" \/>\n<script type=\"application\/ld+json\" class=\"yoast-schema-graph\">{\"@context\":\"https:\/\/schema.org\",\"@graph\":[{\"@type\":\"WebPage\",\"@id\":\"https:\/\/izglitiba.valmierasnovads.lv\/valmierassportaskola\/bmx\/\",\"url\":\"https:\/\/izglitiba.valmierasnovads.lv\/valmierassportaskola\/bmx\/\",\"name\":\"BMX - Valmieras Sporta skola\",\"isPartOf\":{\"@id\":\"https:\/\/izglitiba.valmierasnovads.lv\/valmierassportaskola\/#website\"},\"primaryImageOfPage\":{\"@id\":\"https:\/\/izglitiba.valmierasnovads.lv\/valmierassportaskola\/bmx\/#primaryimage\"},\"image\":{\"@id\":\"https:\/\/izglitiba.valmierasnovads.lv\/valmierassportaskola\/bmx\/#primaryimage\"},\"thumbnailUrl\":\"https:\/\/izglitiba.valmierasnovads.lv\/valmierassportaskola\/wp-content\/uploads\/sites\/32\/2025\/08\/8-1024x389.png\",\"datePublished\":\"2025-08-11T12:40:42+00:00\",\"dateModified\":\"2026-04-21T08:40:19+00:00\",\"breadcrumb\":{\"@id\":\"https:\/\/izglitiba.valmierasnovads.lv\/valmierassportaskola\/bmx\/#breadcrumb\"},\"inLanguage\":\"lv-LV\",\"potentialAction\":[{\"@type\":\"ReadAction\",\"target\":[\"https:\/\/izglitiba.valmierasnovads.lv\/valmierassportaskola\/bmx\/\"]}]},{\"@type\":\"ImageObject\",\"inLanguage\":\"lv-LV\",\"@id\":\"https:\/\/izglitiba.valmierasnovads.lv\/valmierassportaskola\/bmx\/#primaryimage\",\"url\":\"https:\/\/izglitiba.valmierasnovads.lv\/valmierassportaskola\/wp-content\/uploads\/sites\/32\/2025\/08\/8.png\",\"contentUrl\":\"https:\/\/izglitiba.valmierasnovads.lv\/valmierassportaskola\/wp-content\/uploads\/sites\/32\/2025\/08\/8.png\",\"width\":1312,\"height\":499},{\"@type\":\"BreadcrumbList\",\"@id\":\"https:\/\/izglitiba.valmierasnovads.lv\/valmierassportaskola\/bmx\/#breadcrumb\",\"itemListElement\":[{\"@type\":\"ListItem\",\"position\":1,\"name\":\"Home\",\"item\":\"https:\/\/izglitiba.valmierasnovads.lv\/valmierassportaskola\/\"},{\"@type\":\"ListItem\",\"position\":2,\"name\":\"BMX\"}]},{\"@type\":\"WebSite\",\"@id\":\"https:\/\/izglitiba.valmierasnovads.lv\/valmierassportaskola\/#website\",\"url\":\"https:\/\/izglitiba.valmierasnovads.lv\/valmierassportaskola\/\",\"name\":\"Valmieras Sporta skola\",\"description\":\"\",\"publisher\":{\"@id\":\"https:\/\/izglitiba.valmierasnovads.lv\/valmierassportaskola\/#organization\"},\"potentialAction\":[{\"@type\":\"SearchAction\",\"target\":{\"@type\":\"EntryPoint\",\"urlTemplate\":\"https:\/\/izglitiba.valmierasnovads.lv\/valmierassportaskola\/?s={search_term_string}\"},\"query-input\":{\"@type\":\"PropertyValueSpecification\",\"valueRequired\":true,\"valueName\":\"search_term_string\"}}],\"inLanguage\":\"lv-LV\"},{\"@type\":\"Organization\",\"@id\":\"https:\/\/izglitiba.valmierasnovads.lv\/valmierassportaskola\/#organization\",\"name\":\"Valmieras Sporta skola\",\"url\":\"https:\/\/izglitiba.valmierasnovads.lv\/valmierassportaskola\/\",\"logo\":{\"@type\":\"ImageObject\",\"inLanguage\":\"lv-LV\",\"@id\":\"https:\/\/izglitiba.valmierasnovads.lv\/valmierassportaskola\/#\/schema\/logo\/image\/\",\"url\":\"https:\/\/izglitiba.valmierasnovads.lv\/valmierassportaskola\/wp-content\/uploads\/sites\/32\/2025\/06\/cropped-Logo_Valmieras_sporta_skola_melns-1.png\",\"contentUrl\":\"https:\/\/izglitiba.valmierasnovads.lv\/valmierassportaskola\/wp-content\/uploads\/sites\/32\/2025\/06\/cropped-Logo_Valmieras_sporta_skola_melns-1.png\",\"width\":2354,\"height\":596,\"caption\":\"Valmieras Sporta skola\"},\"image\":{\"@id\":\"https:\/\/izglitiba.valmierasnovads.lv\/valmierassportaskola\/#\/schema\/logo\/image\/\"}}]}<\/script>\n<!-- \/ Yoast SEO plugin. -->","yoast_head_json":{"title":"BMX - Valmieras Sporta skola","robots":{"index":"index","follow":"follow","max-snippet":"max-snippet:-1","max-image-preview":"max-image-preview:large","max-video-preview":"max-video-preview:-1"},"canonical":"https:\/\/izglitiba.valmierasnovads.lv\/valmierassportaskola\/bmx\/","og_locale":"lv_LV","og_type":"article","og_title":"BMX - Valmieras Sporta skola","og_description":"Profesion\u0101l\u0101s ievirzes izgl\u012bt\u012bbas sporta programma &#8220;BMX&#8221; Viens no jaun\u0101kajiem sporta veidiem pasaul\u0113, tam ir tikai 60 gadu sena v\u0113sture. Bet [&hellip;]","og_url":"https:\/\/izglitiba.valmierasnovads.lv\/valmierassportaskola\/bmx\/","og_site_name":"Valmieras Sporta skola","article_modified_time":"2026-04-21T08:40:19+00:00","og_image":[{"width":1312,"height":499,"url":"https:\/\/izglitiba.valmierasnovads.lv\/valmierassportaskola\/wp-content\/uploads\/sites\/32\/2025\/08\/8.png","type":"image\/png"}],"twitter_card":"summary_large_image","twitter_misc":{"Est. reading time":"2 min\u016btes"},"schema":{"@context":"https:\/\/schema.org","@graph":[{"@type":"WebPage","@id":"https:\/\/izglitiba.valmierasnovads.lv\/valmierassportaskola\/bmx\/","url":"https:\/\/izglitiba.valmierasnovads.lv\/valmierassportaskola\/bmx\/","name":"BMX - Valmieras Sporta skola","isPartOf":{"@id":"https:\/\/izglitiba.valmierasnovads.lv\/valmierassportaskola\/#website"},"primaryImageOfPage":{"@id":"https:\/\/izglitiba.valmierasnovads.lv\/valmierassportaskola\/bmx\/#primaryimage"},"image":{"@id":"https:\/\/izglitiba.valmierasnovads.lv\/valmierassportaskola\/bmx\/#primaryimage"},"thumbnailUrl":"https:\/\/izglitiba.valmierasnovads.lv\/valmierassportaskola\/wp-content\/uploads\/sites\/32\/2025\/08\/8-1024x389.png","datePublished":"2025-08-11T12:40:42+00:00","dateModified":"2026-04-21T08:40:19+00:00","breadcrumb":{"@id":"https:\/\/izglitiba.valmierasnovads.lv\/valmierassportaskola\/bmx\/#breadcrumb"},"inLanguage":"lv-LV","potentialAction":[{"@type":"ReadAction","target":["https:\/\/izglitiba.valmierasnovads.lv\/valmierassportaskola\/bmx\/"]}]},{"@type":"ImageObject","inLanguage":"lv-LV","@id":"https:\/\/izglitiba.valmierasnovads.lv\/valmierassportaskola\/bmx\/#primaryimage","url":"https:\/\/izglitiba.valmierasnovads.lv\/valmierassportaskola\/wp-content\/uploads\/sites\/32\/2025\/08\/8.png","contentUrl":"https:\/\/izglitiba.valmierasnovads.lv\/valmierassportaskola\/wp-content\/uploads\/sites\/32\/2025\/08\/8.png","width":1312,"height":499},{"@type":"BreadcrumbList","@id":"https:\/\/izglitiba.valmierasnovads.lv\/valmierassportaskola\/bmx\/#breadcrumb","itemListElement":[{"@type":"ListItem","position":1,"name":"Home","item":"https:\/\/izglitiba.valmierasnovads.lv\/valmierassportaskola\/"},{"@type":"ListItem","position":2,"name":"BMX"}]},{"@type":"WebSite","@id":"https:\/\/izglitiba.valmierasnovads.lv\/valmierassportaskola\/#website","url":"https:\/\/izglitiba.valmierasnovads.lv\/valmierassportaskola\/","name":"Valmieras Sporta skola","description":"","publisher":{"@id":"https:\/\/izglitiba.valmierasnovads.lv\/valmierassportaskola\/#organization"},"potentialAction":[{"@type":"SearchAction","target":{"@type":"EntryPoint","urlTemplate":"https:\/\/izglitiba.valmierasnovads.lv\/valmierassportaskola\/?s={search_term_string}"},"query-input":{"@type":"PropertyValueSpecification","valueRequired":true,"valueName":"search_term_string"}}],"inLanguage":"lv-LV"},{"@type":"Organization","@id":"https:\/\/izglitiba.valmierasnovads.lv\/valmierassportaskola\/#organization","name":"Valmieras Sporta skola","url":"https:\/\/izglitiba.valmierasnovads.lv\/valmierassportaskola\/","logo":{"@type":"ImageObject","inLanguage":"lv-LV","@id":"https:\/\/izglitiba.valmierasnovads.lv\/valmierassportaskola\/#\/schema\/logo\/image\/","url":"https:\/\/izglitiba.valmierasnovads.lv\/valmierassportaskola\/wp-content\/uploads\/sites\/32\/2025\/06\/cropped-Logo_Valmieras_sporta_skola_melns-1.png","contentUrl":"https:\/\/izglitiba.valmierasnovads.lv\/valmierassportaskola\/wp-content\/uploads\/sites\/32\/2025\/06\/cropped-Logo_Valmieras_sporta_skola_melns-1.png","width":2354,"height":596,"caption":"Valmieras Sporta skola"},"image":{"@id":"https:\/\/izglitiba.valmierasnovads.lv\/valmierassportaskola\/#\/schema\/logo\/image\/"}}]}},"_links":{"self":[{"href":"https:\/\/izglitiba.valmierasnovads.lv\/valmierassportaskola\/wp-json\/wp\/v2\/pages\/97","targetHints":{"allow":["GET"]}}],"collection":[{"href":"https:\/\/izglitiba.valmierasnovads.lv\/valmierassportaskola\/wp-json\/wp\/v2\/pages"}],"about":[{"href":"https:\/\/izglitiba.valmierasnovads.lv\/valmierassportaskola\/wp-json\/wp\/v2\/types\/page"}],"author":[{"embeddable":true,"href":"https:\/\/izglitiba.valmierasnovads.lv\/valmierassportaskola\/wp-json\/wp\/v2\/users\/35"}],"replies":[{"embeddable":true,"href":"https:\/\/izglitiba.valmierasnovads.lv\/valmierassportaskola\/wp-json\/wp\/v2\/comments?post=97"}],"version-history":[{"count":15,"href":"https:\/\/izglitiba.valmierasnovads.lv\/valmierassportaskola\/wp-json\/wp\/v2\/pages\/97\/revisions"}],"predecessor-version":[{"id":2043,"href":"https:\/\/izglitiba.valmierasnovads.lv\/valmierassportaskola\/wp-json\/wp\/v2\/pages\/97\/revisions\/2043"}],"wp:attachment":[{"href":"https:\/\/izglitiba.valmierasnovads.lv\/valmierassportaskola\/wp-json\/wp\/v2\/media?parent=97"}],"curies":[{"name":"wp","href":"https:\/\/api.w.org\/{rel}","templated":true}]}}