{"id":393,"date":"2025-07-10T16:33:57","date_gmt":"2025-07-10T13:33:57","guid":{"rendered":"https:\/\/izglitiba.valmierasnovads.lv\/vdmv\/?page_id=393"},"modified":"2025-07-10T16:33:57","modified_gmt":"2025-07-10T13:33:57","slug":"biblioteka","status":"publish","type":"page","link":"https:\/\/izglitiba.valmierasnovads.lv\/vdmv\/biblioteka\/","title":{"rendered":"Bibliot\u0113ka"},"content":{"rendered":"\n<p><strong>Bibliot\u0113kas darba organiz\u0101cija<\/strong><\/p>\n\n\n\n<p>Bibliot\u0113ka pieejama apmekl\u0113t\u0101jiem no 8.00-12.00\/13.00-17.00. Bibliot\u0113ka atrodas skolas 5.st\u0101v\u0101 503.kabinet\u0101.<\/p>\n\n\n\n<div class=\"wp-block-media-text is-stacked-on-mobile\" style=\"grid-template-columns:42% auto\"><figure class=\"wp-block-media-text__media\"><img loading=\"lazy\" decoding=\"async\" width=\"1000\" height=\"779\" src=\"https:\/\/izglitiba.valmierasnovads.lv\/vdmv\/wp-content\/uploads\/sites\/33\/2025\/07\/EmbeddedImage-2-1.jpg\" alt=\"\" class=\"wp-image-395 size-full\" srcset=\"https:\/\/izglitiba.valmierasnovads.lv\/vdmv\/wp-content\/uploads\/sites\/33\/2025\/07\/EmbeddedImage-2-1.jpg 1000w, https:\/\/izglitiba.valmierasnovads.lv\/vdmv\/wp-content\/uploads\/sites\/33\/2025\/07\/EmbeddedImage-2-1-300x234.jpg 300w, https:\/\/izglitiba.valmierasnovads.lv\/vdmv\/wp-content\/uploads\/sites\/33\/2025\/07\/EmbeddedImage-2-1-768x598.jpg 768w\" sizes=\"auto, (max-width: 1000px) 100vw, 1000px\" \/><\/figure><div class=\"wp-block-media-text__content\">\n<div class=\"wp-block-group is-layout-constrained wp-block-group-is-layout-constrained\">\n<p><strong>Valmieras Integr\u0113t\u0101s bibliot\u0113kas kopkatalogs:\u00a0<\/strong><a href=\"https:\/\/valmiera.biblioteka.lv\/Alise\/lv\/advancedsearch.aspx\" target=\"_blank\" rel=\"noreferrer noopener\">https:\/\/valmiera.biblioteka.lv\/Alise\/lv\/advancedsearch.aspx<\/a><\/p>\n\n\n\n<p><strong>Valmieras Dizaina un m\u0101kslas vidusskolas kopkatalogs:\u00a0<\/strong><a href=\"https:\/\/valmiera.biblioteka.lv\/Alise\/lv\/48\/home.aspx\" target=\"_blank\" rel=\"noreferrer noopener\">https:\/\/valmiera.biblioteka.lv\/Alise\/lv\/48\/home.aspx<\/a><\/p>\n\n\n\n<p>Datub\u0101ze Letonika.lv ir latviska uzzi\u0146u un tulko\u0161anas sist\u0113ma internet\u0101, interneta pakalpojums, kura galvenais m\u0113r\u0137is ir sniegt sistematiz\u0113tu, enciklop\u0113disku uzzi\u0146u un tulko\u0161anas inform\u0101ciju, radot jaunus, apzinot eso\u0161os un vienuviet apkopojot digit\u0101los resursus par Latviju. Datu b\u0101z\u0113 ir gan br\u012bvpieejas, gan abon\u0113tie resursi.<\/p>\n\n\n\n<p><strong>Datub\u0101zi ir iesp\u0113jams izmantot att\u0101lin\u0101ti:<\/strong>&nbsp;<a href=\"https:\/\/www.letonika.lv\/Login.aspx\" target=\"_blank\" rel=\"noreferrer noopener\">https:\/\/www.letonika.lv\/Login.aspx<\/a><\/p>\n\n\n\n<p>Re\u0123istr\u0113\u0161an\u0101s datub\u0101z\u0113 notiek izmantojot E-klases paroli.<\/p>\n<\/div>\n<\/div><\/div>\n\n\n\n<p><\/p>\n\n\n\n<p><strong>Bibliot\u0113kas finans\u0113\u0161ana<\/strong><\/p>\n\n\n\n<p>Skolas bibliot\u0113kas darb\u012bbu un att\u012bst\u012bbu finans\u0113 no Valmieras pils\u0113tas pa\u0161vald\u012bbas l\u012bdzek\u013ciem:<\/p>\n\n\n\n<ul class=\"wp-block-list\">\n<li>No izgl\u012bt\u012bbas iest\u0101des bud\u017eeta l\u012bdzek\u013ciem \u2013 bibliot\u0113kas kr\u0101juma komplekt\u0113\u0161ana, tehniskais apr\u012bkojums;<\/li>\n\n\n\n<li>No IZM dot\u0101cij\u0101m \u2013 bibliotek\u0101ra atalgojums;<\/li>\n\n\n\n<li>Skolas bibliot\u0113kai ir ties\u012bbas sa\u0146emt ziedojumus un d\u0101vin\u0101jumus iespieddarbu un citu dokumentu veid\u0101, kas uzskait\u0101mi normat\u012bvajos aktos noteiktaj\u0101 k\u0101rt\u012bb\u0101.<\/li>\n<\/ul>\n\n\n\n<p><strong>Skolas bibliot\u0113kas darb\u012bbas m\u0113r\u0137i, pamatvirzieni un uzdevumi<\/strong><\/p>\n\n\n\n<p>Skolas bibliot\u0113kas darb\u012bbas galvenais m\u0113r\u0137is ir l\u012bdzdal\u012bba izgl\u012bt\u012bbas iest\u0101des licenc\u0113taj\u0101s izgl\u012bt\u012bbas programm\u0101s noteikto m\u0113r\u0137u \u012bsteno\u0161an\u0101 atbilsto\u0161i valsts izgl\u012bt\u012bbas standartiem un m\u0101c\u012bbu priek\u0161metu programm\u0101m.<\/p>\n","protected":false},"excerpt":{"rendered":"<p>Bibliot\u0113kas darba organiz\u0101cija Bibliot\u0113ka pieejama apmekl\u0113t\u0101jiem no 8.00-12.00\/13.00-17.00. Bibliot\u0113ka atrodas skolas 5.st\u0101v\u0101 503.kabinet\u0101. Bibliot\u0113kas finans\u0113\u0161ana Skolas bibliot\u0113kas darb\u012bbu un att\u012bst\u012bbu [&hellip;]<\/p>\n","protected":false},"author":38,"featured_media":0,"parent":0,"menu_order":0,"comment_status":"closed","ping_status":"closed","template":"","meta":{"_acf_changed":false,"site-sidebar-layout":"default","site-content-layout":"","ast-site-content-layout":"default","site-content-style":"default","site-sidebar-style":"default","ast-global-header-display":"","ast-banner-title-visibility":"","ast-main-header-display":"","ast-hfb-above-header-display":"","ast-hfb-below-header-display":"","ast-hfb-mobile-header-display":"","site-post-title":"","ast-breadcrumbs-content":"","ast-featured-img":"","footer-sml-layout":"","ast-disable-related-posts":"","theme-transparent-header-meta":"","adv-header-id-meta":"","stick-header-meta":"","header-above-stick-meta":"","header-main-stick-meta":"","header-below-stick-meta":"","astra-migrate-meta-layouts":"default","ast-page-background-enabled":"default","ast-page-background-meta":{"desktop":{"background-color":"var(--ast-global-color-5)","background-image":"","background-repeat":"repeat","background-position":"center center","background-size":"auto","background-attachment":"scroll","background-type":"","background-media":"","overlay-type":"","overlay-color":"","overlay-opacity":"","overlay-gradient":""},"tablet":{"background-color":"","background-image":"","background-repeat":"repeat","background-position":"center center","background-size":"auto","background-attachment":"scroll","background-type":"","background-media":"","overlay-type":"","overlay-color":"","overlay-opacity":"","overlay-gradient":""},"mobile":{"background-color":"","background-image":"","background-repeat":"repeat","background-position":"center center","background-size":"auto","background-attachment":"scroll","background-type":"","background-media":"","overlay-type":"","overlay-color":"","overlay-opacity":"","overlay-gradient":""}},"ast-content-background-meta":{"desktop":{"background-color":"var(--ast-global-color-4)","background-image":"","background-repeat":"repeat","background-position":"center center","background-size":"auto","background-attachment":"scroll","background-type":"","background-media":"","overlay-type":"","overlay-color":"","overlay-opacity":"","overlay-gradient":""},"tablet":{"background-color":"var(--ast-global-color-4)","background-image":"","background-repeat":"repeat","background-position":"center center","background-size":"auto","background-attachment":"scroll","background-type":"","background-media":"","overlay-type":"","overlay-color":"","overlay-opacity":"","overlay-gradient":""},"mobile":{"background-color":"var(--ast-global-color-4)","background-image":"","background-repeat":"repeat","background-position":"center center","background-size":"auto","background-attachment":"scroll","background-type":"","background-media":"","overlay-type":"","overlay-color":"","overlay-opacity":"","overlay-gradient":""}},"footnotes":""},"class_list":["post-393","page","type-page","status-publish","hentry"],"acf":[],"yoast_head":"<!-- This site is optimized with the Yoast SEO plugin v27.0 - https:\/\/yoast.com\/product\/yoast-seo-wordpress\/ -->\n<title>Bibliot\u0113ka -<\/title>\n<meta name=\"robots\" content=\"index, follow, max-snippet:-1, max-image-preview:large, max-video-preview:-1\" \/>\n<link rel=\"canonical\" href=\"https:\/\/izglitiba.valmierasnovads.lv\/vdmv\/biblioteka\/\" \/>\n<meta property=\"og:locale\" content=\"lv_LV\" \/>\n<meta property=\"og:type\" content=\"article\" \/>\n<meta property=\"og:title\" content=\"Bibliot\u0113ka -\" \/>\n<meta property=\"og:description\" content=\"Bibliot\u0113kas darba organiz\u0101cija Bibliot\u0113ka pieejama apmekl\u0113t\u0101jiem no 8.00-12.00\/13.00-17.00. Bibliot\u0113ka atrodas skolas 5.st\u0101v\u0101 503.kabinet\u0101. Bibliot\u0113kas finans\u0113\u0161ana Skolas bibliot\u0113kas darb\u012bbu un att\u012bst\u012bbu [&hellip;]\" \/>\n<meta property=\"og:url\" content=\"https:\/\/izglitiba.valmierasnovads.lv\/vdmv\/biblioteka\/\" \/>\n<meta property=\"og:image\" content=\"https:\/\/izglitiba.valmierasnovads.lv\/vdmv\/wp-content\/uploads\/sites\/33\/2025\/07\/EmbeddedImage-2-1.jpg\" \/>\n\t<meta property=\"og:image:width\" content=\"1000\" \/>\n\t<meta property=\"og:image:height\" content=\"779\" \/>\n\t<meta property=\"og:image:type\" content=\"image\/jpeg\" \/>\n<meta name=\"twitter:card\" content=\"summary_large_image\" \/>\n<meta name=\"twitter:label1\" content=\"Est. reading time\" \/>\n\t<meta name=\"twitter:data1\" content=\"2 min\u016btes\" \/>\n<script type=\"application\/ld+json\" class=\"yoast-schema-graph\">{\"@context\":\"https:\/\/schema.org\",\"@graph\":[{\"@type\":\"WebPage\",\"@id\":\"https:\/\/izglitiba.valmierasnovads.lv\/vdmv\/biblioteka\/\",\"url\":\"https:\/\/izglitiba.valmierasnovads.lv\/vdmv\/biblioteka\/\",\"name\":\"Bibliot\u0113ka -\",\"isPartOf\":{\"@id\":\"https:\/\/izglitiba.valmierasnovads.lv\/vdmv\/#website\"},\"primaryImageOfPage\":{\"@id\":\"https:\/\/izglitiba.valmierasnovads.lv\/vdmv\/biblioteka\/#primaryimage\"},\"image\":{\"@id\":\"https:\/\/izglitiba.valmierasnovads.lv\/vdmv\/biblioteka\/#primaryimage\"},\"thumbnailUrl\":\"https:\/\/izglitiba.valmierasnovads.lv\/vdmv\/wp-content\/uploads\/sites\/33\/2025\/07\/EmbeddedImage-2-1.jpg\",\"datePublished\":\"2025-07-10T13:33:57+00:00\",\"breadcrumb\":{\"@id\":\"https:\/\/izglitiba.valmierasnovads.lv\/vdmv\/biblioteka\/#breadcrumb\"},\"inLanguage\":\"lv-LV\",\"potentialAction\":[{\"@type\":\"ReadAction\",\"target\":[\"https:\/\/izglitiba.valmierasnovads.lv\/vdmv\/biblioteka\/\"]}]},{\"@type\":\"ImageObject\",\"inLanguage\":\"lv-LV\",\"@id\":\"https:\/\/izglitiba.valmierasnovads.lv\/vdmv\/biblioteka\/#primaryimage\",\"url\":\"https:\/\/izglitiba.valmierasnovads.lv\/vdmv\/wp-content\/uploads\/sites\/33\/2025\/07\/EmbeddedImage-2-1.jpg\",\"contentUrl\":\"https:\/\/izglitiba.valmierasnovads.lv\/vdmv\/wp-content\/uploads\/sites\/33\/2025\/07\/EmbeddedImage-2-1.jpg\",\"width\":1000,\"height\":779},{\"@type\":\"BreadcrumbList\",\"@id\":\"https:\/\/izglitiba.valmierasnovads.lv\/vdmv\/biblioteka\/#breadcrumb\",\"itemListElement\":[{\"@type\":\"ListItem\",\"position\":1,\"name\":\"Home\",\"item\":\"https:\/\/izglitiba.valmierasnovads.lv\/vdmv\/\"},{\"@type\":\"ListItem\",\"position\":2,\"name\":\"Bibliot\u0113ka\"}]},{\"@type\":\"WebSite\",\"@id\":\"https:\/\/izglitiba.valmierasnovads.lv\/vdmv\/#website\",\"url\":\"https:\/\/izglitiba.valmierasnovads.lv\/vdmv\/\",\"name\":\"\",\"description\":\"\",\"potentialAction\":[{\"@type\":\"SearchAction\",\"target\":{\"@type\":\"EntryPoint\",\"urlTemplate\":\"https:\/\/izglitiba.valmierasnovads.lv\/vdmv\/?s={search_term_string}\"},\"query-input\":{\"@type\":\"PropertyValueSpecification\",\"valueRequired\":true,\"valueName\":\"search_term_string\"}}],\"inLanguage\":\"lv-LV\"}]}<\/script>\n<!-- \/ Yoast SEO plugin. -->","yoast_head_json":{"title":"Bibliot\u0113ka -","robots":{"index":"index","follow":"follow","max-snippet":"max-snippet:-1","max-image-preview":"max-image-preview:large","max-video-preview":"max-video-preview:-1"},"canonical":"https:\/\/izglitiba.valmierasnovads.lv\/vdmv\/biblioteka\/","og_locale":"lv_LV","og_type":"article","og_title":"Bibliot\u0113ka -","og_description":"Bibliot\u0113kas darba organiz\u0101cija Bibliot\u0113ka pieejama apmekl\u0113t\u0101jiem no 8.00-12.00\/13.00-17.00. Bibliot\u0113ka atrodas skolas 5.st\u0101v\u0101 503.kabinet\u0101. Bibliot\u0113kas finans\u0113\u0161ana Skolas bibliot\u0113kas darb\u012bbu un att\u012bst\u012bbu [&hellip;]","og_url":"https:\/\/izglitiba.valmierasnovads.lv\/vdmv\/biblioteka\/","og_image":[{"width":1000,"height":779,"url":"https:\/\/izglitiba.valmierasnovads.lv\/vdmv\/wp-content\/uploads\/sites\/33\/2025\/07\/EmbeddedImage-2-1.jpg","type":"image\/jpeg"}],"twitter_card":"summary_large_image","twitter_misc":{"Est. reading time":"2 min\u016btes"},"schema":{"@context":"https:\/\/schema.org","@graph":[{"@type":"WebPage","@id":"https:\/\/izglitiba.valmierasnovads.lv\/vdmv\/biblioteka\/","url":"https:\/\/izglitiba.valmierasnovads.lv\/vdmv\/biblioteka\/","name":"Bibliot\u0113ka -","isPartOf":{"@id":"https:\/\/izglitiba.valmierasnovads.lv\/vdmv\/#website"},"primaryImageOfPage":{"@id":"https:\/\/izglitiba.valmierasnovads.lv\/vdmv\/biblioteka\/#primaryimage"},"image":{"@id":"https:\/\/izglitiba.valmierasnovads.lv\/vdmv\/biblioteka\/#primaryimage"},"thumbnailUrl":"https:\/\/izglitiba.valmierasnovads.lv\/vdmv\/wp-content\/uploads\/sites\/33\/2025\/07\/EmbeddedImage-2-1.jpg","datePublished":"2025-07-10T13:33:57+00:00","breadcrumb":{"@id":"https:\/\/izglitiba.valmierasnovads.lv\/vdmv\/biblioteka\/#breadcrumb"},"inLanguage":"lv-LV","potentialAction":[{"@type":"ReadAction","target":["https:\/\/izglitiba.valmierasnovads.lv\/vdmv\/biblioteka\/"]}]},{"@type":"ImageObject","inLanguage":"lv-LV","@id":"https:\/\/izglitiba.valmierasnovads.lv\/vdmv\/biblioteka\/#primaryimage","url":"https:\/\/izglitiba.valmierasnovads.lv\/vdmv\/wp-content\/uploads\/sites\/33\/2025\/07\/EmbeddedImage-2-1.jpg","contentUrl":"https:\/\/izglitiba.valmierasnovads.lv\/vdmv\/wp-content\/uploads\/sites\/33\/2025\/07\/EmbeddedImage-2-1.jpg","width":1000,"height":779},{"@type":"BreadcrumbList","@id":"https:\/\/izglitiba.valmierasnovads.lv\/vdmv\/biblioteka\/#breadcrumb","itemListElement":[{"@type":"ListItem","position":1,"name":"Home","item":"https:\/\/izglitiba.valmierasnovads.lv\/vdmv\/"},{"@type":"ListItem","position":2,"name":"Bibliot\u0113ka"}]},{"@type":"WebSite","@id":"https:\/\/izglitiba.valmierasnovads.lv\/vdmv\/#website","url":"https:\/\/izglitiba.valmierasnovads.lv\/vdmv\/","name":"","description":"","potentialAction":[{"@type":"SearchAction","target":{"@type":"EntryPoint","urlTemplate":"https:\/\/izglitiba.valmierasnovads.lv\/vdmv\/?s={search_term_string}"},"query-input":{"@type":"PropertyValueSpecification","valueRequired":true,"valueName":"search_term_string"}}],"inLanguage":"lv-LV"}]}},"_links":{"self":[{"href":"https:\/\/izglitiba.valmierasnovads.lv\/vdmv\/wp-json\/wp\/v2\/pages\/393","targetHints":{"allow":["GET"]}}],"collection":[{"href":"https:\/\/izglitiba.valmierasnovads.lv\/vdmv\/wp-json\/wp\/v2\/pages"}],"about":[{"href":"https:\/\/izglitiba.valmierasnovads.lv\/vdmv\/wp-json\/wp\/v2\/types\/page"}],"author":[{"embeddable":true,"href":"https:\/\/izglitiba.valmierasnovads.lv\/vdmv\/wp-json\/wp\/v2\/users\/38"}],"replies":[{"embeddable":true,"href":"https:\/\/izglitiba.valmierasnovads.lv\/vdmv\/wp-json\/wp\/v2\/comments?post=393"}],"version-history":[{"count":1,"href":"https:\/\/izglitiba.valmierasnovads.lv\/vdmv\/wp-json\/wp\/v2\/pages\/393\/revisions"}],"predecessor-version":[{"id":396,"href":"https:\/\/izglitiba.valmierasnovads.lv\/vdmv\/wp-json\/wp\/v2\/pages\/393\/revisions\/396"}],"wp:attachment":[{"href":"https:\/\/izglitiba.valmierasnovads.lv\/vdmv\/wp-json\/wp\/v2\/media?parent=393"}],"curies":[{"name":"wp","href":"https:\/\/api.w.org\/{rel}","templated":true}]}}