{"id":216,"date":"2025-08-20T11:39:38","date_gmt":"2025-08-20T08:39:38","guid":{"rendered":"https:\/\/izglitiba.valmierasnovads.lv\/vss\/?page_id=216"},"modified":"2026-04-23T16:04:00","modified_gmt":"2026-04-23T13:04:00","slug":"edinasana","status":"publish","type":"page","link":"https:\/\/izglitiba.valmierasnovads.lv\/vss\/edinasana\/","title":{"rendered":"\u0112din\u0101\u0161ana"},"content":{"rendered":"<style>.kb-row-layout-id216_2005d2-fa > .kt-row-column-wrap{align-content:center;}:where(.kb-row-layout-id216_2005d2-fa > .kt-row-column-wrap) > .wp-block-kadence-column{justify-content:center;}.kb-row-layout-id216_2005d2-fa > .kt-row-column-wrap{column-gap:var(--global-kb-gap-md, 2rem);row-gap:var(--global-kb-gap-md, 2rem);max-width:var(--wp--style--global--content-size);padding-top:var(--global-kb-spacing-xxl, 5rem);padding-bottom:var(--global-kb-spacing-xxl, 5rem);grid-template-columns:minmax(0, calc(65% - ((var(--global-kb-gap-md, 2rem) * 1 )\/2)))minmax(0, calc(35% - ((var(--global-kb-gap-md, 2rem) * 1 )\/2)));}.kb-row-layout-id216_2005d2-fa{background-image:url('https:\/\/izglitiba.valmierasnovads.lv\/vss\/wp-content\/uploads\/sites\/25\/2025\/04\/skolas-titulbilde-1-scaled.jpg');background-size:cover;background-position:24% 65%;background-attachment:scroll;background-repeat:no-repeat;}.kb-row-layout-id216_2005d2-fa > .kt-row-layout-overlay{opacity:1;background:linear-gradient(90deg,var(--global-palette8,#F7FAFC) 41%,rgba(247,250,252,0) 100%);}@media all and (max-width: 1024px){.kb-row-layout-id216_2005d2-fa > .kt-row-column-wrap{grid-template-columns:minmax(0, 1fr);}}@media all and (max-width: 1024px){.kb-row-layout-id216_2005d2-fa > .kt-row-layout-overlay{opacity:1;background:linear-gradient(180deg,var(--global-palette8,#F7FAFC) 53%,rgba(247,250,252,0) 100%);}}@media all and (max-width: 767px){.kb-row-layout-id216_2005d2-fa > .kt-row-column-wrap{grid-template-columns:minmax(0, 1fr);}}<\/style><div class=\"kb-row-layout-wrap kb-row-layout-id216_2005d2-fa alignfull kt-row-has-bg wp-block-kadence-rowlayout\"><div class=\"kt-row-layout-overlay kt-row-overlay-gradient\"><\/div><div class=\"kt-row-column-wrap kt-has-2-columns kt-row-layout-left-golden kt-tab-layout-row kt-mobile-layout-row kt-row-valign-middle kb-theme-content-width\">\n<style>.kadence-column216_419a8d-3e > .kt-inside-inner-col,.kadence-column216_419a8d-3e > .kt-inside-inner-col:before{border-top-left-radius:0px;border-top-right-radius:0px;border-bottom-right-radius:0px;border-bottom-left-radius:0px;}.kadence-column216_419a8d-3e > .kt-inside-inner-col{column-gap:var(--global-kb-gap-sm, 1rem);}.kadence-column216_419a8d-3e > .kt-inside-inner-col{flex-direction:column;}.kadence-column216_419a8d-3e > .kt-inside-inner-col > .aligncenter{width:100%;}.kadence-column216_419a8d-3e > .kt-inside-inner-col:before{opacity:0.3;}.kadence-column216_419a8d-3e{position:relative;}@media all and (max-width: 1024px){.kadence-column216_419a8d-3e{text-align:center;}}@media all and (max-width: 1024px){.kadence-column216_419a8d-3e > .kt-inside-inner-col{flex-direction:column;justify-content:center;}}@media all and (max-width: 767px){.kadence-column216_419a8d-3e > .kt-inside-inner-col{flex-direction:column;justify-content:center;}}<\/style>\n<div class=\"wp-block-kadence-column kadence-column216_419a8d-3e kb-section-dir-vertical inner-column-1\"><div class=\"kt-inside-inner-col\"><style>.wp-block-kadence-advancedheading.kt-adv-heading216_f9a985-d5, .wp-block-kadence-advancedheading.kt-adv-heading216_f9a985-d5[data-kb-block=\"kb-adv-heading216_f9a985-d5\"]{font-style:normal;}.wp-block-kadence-advancedheading.kt-adv-heading216_f9a985-d5 mark.kt-highlight, .wp-block-kadence-advancedheading.kt-adv-heading216_f9a985-d5[data-kb-block=\"kb-adv-heading216_f9a985-d5\"] mark.kt-highlight{font-style:normal;color:#f76a0c;-webkit-box-decoration-break:clone;box-decoration-break:clone;padding-top:0px;padding-right:0px;padding-bottom:0px;padding-left:0px;}.wp-block-kadence-advancedheading.kt-adv-heading216_f9a985-d5 img.kb-inline-image, .wp-block-kadence-advancedheading.kt-adv-heading216_f9a985-d5[data-kb-block=\"kb-adv-heading216_f9a985-d5\"] img.kb-inline-image{width:150px;vertical-align:baseline;}<\/style>\n<h2 class=\"kt-adv-heading216_f9a985-d5 wp-block-kadence-advancedheading\" data-kb-block=\"kb-adv-heading216_f9a985-d5\">Kompleks\u0101s pusdienas 1.-6. klas\u0113m \u2013 valsts un pa\u0161vald\u012bbas finans\u0113jums piln\u0101 apm\u0113r\u0101<\/h2>\n\n\n\n<p class=\"has--font-size\"><strong>Launaga apmaksas k\u0101rt\u012bba<\/strong><\/p>\n\n\n\n<p>Inform\u0113jam, ka no 01.02.2025. launagu  apmaksa notiks tikai izmantojot Mily.lv platformu. L\u016bgums visiem vec\u0101kiem, kuru b\u0113rni \u0113d launagu, piere\u0123istr\u0113ties <a href=\"http:\/\/www.mily.lv\">Mily.lv<\/a>. Lai sa\u0146emtu pakalpojumu, j\u0101re\u0123istr\u0113jas vienu dienu iepriek\u0161.<\/p>\n\n\n\n<p>Inform\u0101cijai par Mily.lv platformu: <\/p>\n\n\n\n<p>1. Vec\u0101ks nosl\u0113dz l\u012bgumu ar Mily.lv par launagu. <\/p>\n\n\n\n<p>2. Sist\u0113ma katru dienu inform\u0113 \u0113din\u0101t\u0101ju par to, cik b\u0113rniem j\u0101nodro\u0161ina \u0113din\u0101\u0161anas pakalpojums katr\u0101 \u0113dienreiz\u0113. Ja vec\u0101ks neatsaka, ka b\u0113rns ne\u0113d\u012bs, tad \u0113din\u0101t\u0101js gatavo \u0113dienreizi un no vec\u0101ka maci\u0146a (jeb iemaks\u0101m Mily.lv) no\u0146em naudu par \u0113dienreizi. \u0112dienreizes j\u0101atsaka Mily.lv sist\u0113m\u0101 l\u012bdz k\u0101rt\u0113j\u0101s dienas \u2013 brokastis l\u012bdz plkst. 7.00, launags l\u012bdz plkst.10.00. <\/p>\n\n\n\n<p>3. Papildus detaliz\u0113t\u0101ku inform\u0101ciju par l\u012bguma sl\u0113g\u0161anu ar platformu, distances l\u012bgumu par launagu, kav\u0113jumu pieteikumiem, apmaksas veik\u0161anu un QR koda lieto\u0161anu var sa\u0146emt platformas Mily.lv sada\u013c\u0101 \u201cPal\u012bdz\u012bba\u201d (<a href=\"https:\/\/www.mily.lv\/faq\">https:\/\/www.mily.lv\/faq<\/a>). <\/p>\n\n\n\n<p>4. Ar platformas funkcionalit\u0101ti saist\u012btos jaut\u0101jumos (tehnisku probl\u0113mu gad\u012bjum\u0101) l\u016bdzam sazin\u0101ties ar Mily.lv platformu: atbalsts@mily.lv, citos jaut\u0101jumos (apmaksas k\u0101rt\u012bba, l\u012bguma cena u.tml.) l\u016bgums rakst\u012bt mums uz mily@fristar.lv vai zvan\u012bt \u2013 25905328, 28629786. <\/p>\n\n\n\n<p>Ar cie\u0146u SIA \u201cFRISTAR\u201d administr\u0101cija<\/p>\n<\/div><\/div>\n\n\n<style>.kadence-column216_54fda3-20 > .kt-inside-inner-col,.kadence-column216_54fda3-20 > .kt-inside-inner-col:before{border-top-left-radius:0px;border-top-right-radius:0px;border-bottom-right-radius:0px;border-bottom-left-radius:0px;}.kadence-column216_54fda3-20 > .kt-inside-inner-col{column-gap:var(--global-kb-gap-sm, 1rem);}.kadence-column216_54fda3-20 > .kt-inside-inner-col{flex-direction:column;}.kadence-column216_54fda3-20 > .kt-inside-inner-col > .aligncenter{width:100%;}.kadence-column216_54fda3-20 > .kt-inside-inner-col:before{opacity:0.3;}.kadence-column216_54fda3-20{position:relative;}@media all and (max-width: 1024px){.kadence-column216_54fda3-20 > .kt-inside-inner-col{flex-direction:column;justify-content:center;}}@media all and (max-width: 767px){.kadence-column216_54fda3-20 > .kt-inside-inner-col{flex-direction:column;justify-content:center;}}<\/style>\n<div class=\"wp-block-kadence-column kadence-column216_54fda3-20\"><div class=\"kt-inside-inner-col\">\n<figure class=\"wp-block-image size-full is-resized\"><img loading=\"lazy\" decoding=\"async\" width=\"526\" height=\"526\" src=\"https:\/\/izglitiba.valmierasnovads.lv\/vss\/wp-content\/uploads\/sites\/25\/2025\/08\/fristar-2.jpg\" alt=\"\" class=\"wp-image-249\" style=\"width:404px;height:auto\" srcset=\"https:\/\/izglitiba.valmierasnovads.lv\/vss\/wp-content\/uploads\/sites\/25\/2025\/08\/fristar-2.jpg 526w, https:\/\/izglitiba.valmierasnovads.lv\/vss\/wp-content\/uploads\/sites\/25\/2025\/08\/fristar-2-300x300.jpg 300w, https:\/\/izglitiba.valmierasnovads.lv\/vss\/wp-content\/uploads\/sites\/25\/2025\/08\/fristar-2-150x150.jpg 150w\" sizes=\"auto, (max-width: 526px) 100vw, 526px\" \/><\/figure>\n<\/div><\/div>\n\n<\/div><\/div>\n\n\n<p><\/p>\n","protected":false},"excerpt":{"rendered":"<p>Kompleks\u0101s pusdienas 1.-6. klas\u0113m \u2013 valsts un pa\u0161vald\u012bbas finans\u0113jums piln\u0101 apm\u0113r\u0101 Launaga apmaksas k\u0101rt\u012bba Inform\u0113jam, ka no 01.02.2025. launagu apmaksa [&hellip;]<\/p>\n","protected":false},"author":40,"featured_media":0,"parent":0,"menu_order":0,"comment_status":"closed","ping_status":"closed","template":"","meta":{"_acf_changed":false,"site-sidebar-layout":"default","site-content-layout":"","ast-site-content-layout":"default","site-content-style":"default","site-sidebar-style":"default","ast-global-header-display":"","ast-banner-title-visibility":"","ast-main-header-display":"","ast-hfb-above-header-display":"","ast-hfb-below-header-display":"","ast-hfb-mobile-header-display":"","site-post-title":"","ast-breadcrumbs-content":"","ast-featured-img":"","footer-sml-layout":"","ast-disable-related-posts":"","theme-transparent-header-meta":"","adv-header-id-meta":"","stick-header-meta":"","header-above-stick-meta":"","header-main-stick-meta":"","header-below-stick-meta":"","astra-migrate-meta-layouts":"default","ast-page-background-enabled":"default","ast-page-background-meta":{"desktop":{"background-color":"var(--ast-global-color-5)","background-image":"","background-repeat":"repeat","background-position":"center center","background-size":"auto","background-attachment":"scroll","background-type":"","background-media":"","overlay-type":"","overlay-color":"","overlay-opacity":"","overlay-gradient":""},"tablet":{"background-color":"","background-image":"","background-repeat":"repeat","background-position":"center center","background-size":"auto","background-attachment":"scroll","background-type":"","background-media":"","overlay-type":"","overlay-color":"","overlay-opacity":"","overlay-gradient":""},"mobile":{"background-color":"","background-image":"","background-repeat":"repeat","background-position":"center center","background-size":"auto","background-attachment":"scroll","background-type":"","background-media":"","overlay-type":"","overlay-color":"","overlay-opacity":"","overlay-gradient":""}},"ast-content-background-meta":{"desktop":{"background-color":"var(--ast-global-color-4)","background-image":"","background-repeat":"repeat","background-position":"center center","background-size":"auto","background-attachment":"scroll","background-type":"","background-media":"","overlay-type":"","overlay-color":"","overlay-opacity":"","overlay-gradient":""},"tablet":{"background-color":"var(--ast-global-color-4)","background-image":"","background-repeat":"repeat","background-position":"center center","background-size":"auto","background-attachment":"scroll","background-type":"","background-media":"","overlay-type":"","overlay-color":"","overlay-opacity":"","overlay-gradient":""},"mobile":{"background-color":"var(--ast-global-color-4)","background-image":"","background-repeat":"repeat","background-position":"center center","background-size":"auto","background-attachment":"scroll","background-type":"","background-media":"","overlay-type":"","overlay-color":"","overlay-opacity":"","overlay-gradient":""}},"footnotes":""},"class_list":["post-216","page","type-page","status-publish","hentry"],"acf":[],"yoast_head":"<!-- This site is optimized with the Yoast SEO plugin v27.0 - https:\/\/yoast.com\/product\/yoast-seo-wordpress\/ -->\n<title>\u0112din\u0101\u0161ana - Valmieras s\u0101kumskola<\/title>\n<meta name=\"robots\" content=\"index, follow, max-snippet:-1, max-image-preview:large, max-video-preview:-1\" \/>\n<link rel=\"canonical\" href=\"https:\/\/izglitiba.valmierasnovads.lv\/vss\/edinasana\/\" \/>\n<meta property=\"og:locale\" content=\"lv_LV\" \/>\n<meta property=\"og:type\" content=\"article\" \/>\n<meta property=\"og:title\" content=\"\u0112din\u0101\u0161ana - Valmieras s\u0101kumskola\" \/>\n<meta property=\"og:description\" content=\"Kompleks\u0101s pusdienas 1.-6. klas\u0113m \u2013 valsts un pa\u0161vald\u012bbas finans\u0113jums piln\u0101 apm\u0113r\u0101 Launaga apmaksas k\u0101rt\u012bba Inform\u0113jam, ka no 01.02.2025. launagu apmaksa [&hellip;]\" \/>\n<meta property=\"og:url\" content=\"https:\/\/izglitiba.valmierasnovads.lv\/vss\/edinasana\/\" \/>\n<meta property=\"og:site_name\" content=\"Valmieras s\u0101kumskola\" \/>\n<meta property=\"article:modified_time\" content=\"2026-04-23T13:04:00+00:00\" \/>\n<meta property=\"og:image\" content=\"https:\/\/izglitiba.valmierasnovads.lv\/vss\/wp-content\/uploads\/sites\/25\/2025\/08\/fristar-2.jpg\" \/>\n\t<meta property=\"og:image:width\" content=\"526\" \/>\n\t<meta property=\"og:image:height\" content=\"526\" \/>\n\t<meta property=\"og:image:type\" content=\"image\/jpeg\" \/>\n<meta name=\"twitter:card\" content=\"summary_large_image\" \/>\n<meta name=\"twitter:label1\" content=\"Est. reading time\" \/>\n\t<meta name=\"twitter:data1\" content=\"2 min\u016btes\" \/>\n<script type=\"application\/ld+json\" class=\"yoast-schema-graph\">{\"@context\":\"https:\/\/schema.org\",\"@graph\":[{\"@type\":\"WebPage\",\"@id\":\"https:\/\/izglitiba.valmierasnovads.lv\/vss\/edinasana\/\",\"url\":\"https:\/\/izglitiba.valmierasnovads.lv\/vss\/edinasana\/\",\"name\":\"\u0112din\u0101\u0161ana - Valmieras s\u0101kumskola\",\"isPartOf\":{\"@id\":\"https:\/\/izglitiba.valmierasnovads.lv\/vss\/#website\"},\"primaryImageOfPage\":{\"@id\":\"https:\/\/izglitiba.valmierasnovads.lv\/vss\/edinasana\/#primaryimage\"},\"image\":{\"@id\":\"https:\/\/izglitiba.valmierasnovads.lv\/vss\/edinasana\/#primaryimage\"},\"thumbnailUrl\":\"https:\/\/izglitiba.valmierasnovads.lv\/vss\/wp-content\/uploads\/sites\/25\/2025\/08\/fristar-2.jpg\",\"datePublished\":\"2025-08-20T08:39:38+00:00\",\"dateModified\":\"2026-04-23T13:04:00+00:00\",\"breadcrumb\":{\"@id\":\"https:\/\/izglitiba.valmierasnovads.lv\/vss\/edinasana\/#breadcrumb\"},\"inLanguage\":\"lv-LV\",\"potentialAction\":[{\"@type\":\"ReadAction\",\"target\":[\"https:\/\/izglitiba.valmierasnovads.lv\/vss\/edinasana\/\"]}]},{\"@type\":\"ImageObject\",\"inLanguage\":\"lv-LV\",\"@id\":\"https:\/\/izglitiba.valmierasnovads.lv\/vss\/edinasana\/#primaryimage\",\"url\":\"https:\/\/izglitiba.valmierasnovads.lv\/vss\/wp-content\/uploads\/sites\/25\/2025\/08\/fristar-2.jpg\",\"contentUrl\":\"https:\/\/izglitiba.valmierasnovads.lv\/vss\/wp-content\/uploads\/sites\/25\/2025\/08\/fristar-2.jpg\",\"width\":526,\"height\":526},{\"@type\":\"BreadcrumbList\",\"@id\":\"https:\/\/izglitiba.valmierasnovads.lv\/vss\/edinasana\/#breadcrumb\",\"itemListElement\":[{\"@type\":\"ListItem\",\"position\":1,\"name\":\"Home\",\"item\":\"https:\/\/izglitiba.valmierasnovads.lv\/vss\/\"},{\"@type\":\"ListItem\",\"position\":2,\"name\":\"\u0112din\u0101\u0161ana\"}]},{\"@type\":\"WebSite\",\"@id\":\"https:\/\/izglitiba.valmierasnovads.lv\/vss\/#website\",\"url\":\"https:\/\/izglitiba.valmierasnovads.lv\/vss\/\",\"name\":\"Valmieras s\u0101kumskola\",\"description\":\"M\u0101c\u0101mies darot\",\"publisher\":{\"@id\":\"https:\/\/izglitiba.valmierasnovads.lv\/vss\/#organization\"},\"potentialAction\":[{\"@type\":\"SearchAction\",\"target\":{\"@type\":\"EntryPoint\",\"urlTemplate\":\"https:\/\/izglitiba.valmierasnovads.lv\/vss\/?s={search_term_string}\"},\"query-input\":{\"@type\":\"PropertyValueSpecification\",\"valueRequired\":true,\"valueName\":\"search_term_string\"}}],\"inLanguage\":\"lv-LV\"},{\"@type\":\"Organization\",\"@id\":\"https:\/\/izglitiba.valmierasnovads.lv\/vss\/#organization\",\"name\":\"Valmieras s\u0101kumskola\",\"url\":\"https:\/\/izglitiba.valmierasnovads.lv\/vss\/\",\"logo\":{\"@type\":\"ImageObject\",\"inLanguage\":\"lv-LV\",\"@id\":\"https:\/\/izglitiba.valmierasnovads.lv\/vss\/#\/schema\/logo\/image\/\",\"url\":\"https:\/\/izglitiba.valmierasnovads.lv\/vss\/wp-content\/uploads\/sites\/25\/2026\/03\/cropped-Komplekta-ar-pasu-logo-scaled-1.png\",\"contentUrl\":\"https:\/\/izglitiba.valmierasnovads.lv\/vss\/wp-content\/uploads\/sites\/25\/2026\/03\/cropped-Komplekta-ar-pasu-logo-scaled-1.png\",\"width\":1480,\"height\":405,\"caption\":\"Valmieras s\u0101kumskola\"},\"image\":{\"@id\":\"https:\/\/izglitiba.valmierasnovads.lv\/vss\/#\/schema\/logo\/image\/\"}}]}<\/script>\n<!-- \/ Yoast SEO plugin. -->","yoast_head_json":{"title":"\u0112din\u0101\u0161ana - Valmieras s\u0101kumskola","robots":{"index":"index","follow":"follow","max-snippet":"max-snippet:-1","max-image-preview":"max-image-preview:large","max-video-preview":"max-video-preview:-1"},"canonical":"https:\/\/izglitiba.valmierasnovads.lv\/vss\/edinasana\/","og_locale":"lv_LV","og_type":"article","og_title":"\u0112din\u0101\u0161ana - Valmieras s\u0101kumskola","og_description":"Kompleks\u0101s pusdienas 1.-6. klas\u0113m \u2013 valsts un pa\u0161vald\u012bbas finans\u0113jums piln\u0101 apm\u0113r\u0101 Launaga apmaksas k\u0101rt\u012bba Inform\u0113jam, ka no 01.02.2025. launagu apmaksa [&hellip;]","og_url":"https:\/\/izglitiba.valmierasnovads.lv\/vss\/edinasana\/","og_site_name":"Valmieras s\u0101kumskola","article_modified_time":"2026-04-23T13:04:00+00:00","og_image":[{"width":526,"height":526,"url":"https:\/\/izglitiba.valmierasnovads.lv\/vss\/wp-content\/uploads\/sites\/25\/2025\/08\/fristar-2.jpg","type":"image\/jpeg"}],"twitter_card":"summary_large_image","twitter_misc":{"Est. reading time":"2 min\u016btes"},"schema":{"@context":"https:\/\/schema.org","@graph":[{"@type":"WebPage","@id":"https:\/\/izglitiba.valmierasnovads.lv\/vss\/edinasana\/","url":"https:\/\/izglitiba.valmierasnovads.lv\/vss\/edinasana\/","name":"\u0112din\u0101\u0161ana - Valmieras s\u0101kumskola","isPartOf":{"@id":"https:\/\/izglitiba.valmierasnovads.lv\/vss\/#website"},"primaryImageOfPage":{"@id":"https:\/\/izglitiba.valmierasnovads.lv\/vss\/edinasana\/#primaryimage"},"image":{"@id":"https:\/\/izglitiba.valmierasnovads.lv\/vss\/edinasana\/#primaryimage"},"thumbnailUrl":"https:\/\/izglitiba.valmierasnovads.lv\/vss\/wp-content\/uploads\/sites\/25\/2025\/08\/fristar-2.jpg","datePublished":"2025-08-20T08:39:38+00:00","dateModified":"2026-04-23T13:04:00+00:00","breadcrumb":{"@id":"https:\/\/izglitiba.valmierasnovads.lv\/vss\/edinasana\/#breadcrumb"},"inLanguage":"lv-LV","potentialAction":[{"@type":"ReadAction","target":["https:\/\/izglitiba.valmierasnovads.lv\/vss\/edinasana\/"]}]},{"@type":"ImageObject","inLanguage":"lv-LV","@id":"https:\/\/izglitiba.valmierasnovads.lv\/vss\/edinasana\/#primaryimage","url":"https:\/\/izglitiba.valmierasnovads.lv\/vss\/wp-content\/uploads\/sites\/25\/2025\/08\/fristar-2.jpg","contentUrl":"https:\/\/izglitiba.valmierasnovads.lv\/vss\/wp-content\/uploads\/sites\/25\/2025\/08\/fristar-2.jpg","width":526,"height":526},{"@type":"BreadcrumbList","@id":"https:\/\/izglitiba.valmierasnovads.lv\/vss\/edinasana\/#breadcrumb","itemListElement":[{"@type":"ListItem","position":1,"name":"Home","item":"https:\/\/izglitiba.valmierasnovads.lv\/vss\/"},{"@type":"ListItem","position":2,"name":"\u0112din\u0101\u0161ana"}]},{"@type":"WebSite","@id":"https:\/\/izglitiba.valmierasnovads.lv\/vss\/#website","url":"https:\/\/izglitiba.valmierasnovads.lv\/vss\/","name":"Valmieras s\u0101kumskola","description":"M\u0101c\u0101mies darot","publisher":{"@id":"https:\/\/izglitiba.valmierasnovads.lv\/vss\/#organization"},"potentialAction":[{"@type":"SearchAction","target":{"@type":"EntryPoint","urlTemplate":"https:\/\/izglitiba.valmierasnovads.lv\/vss\/?s={search_term_string}"},"query-input":{"@type":"PropertyValueSpecification","valueRequired":true,"valueName":"search_term_string"}}],"inLanguage":"lv-LV"},{"@type":"Organization","@id":"https:\/\/izglitiba.valmierasnovads.lv\/vss\/#organization","name":"Valmieras s\u0101kumskola","url":"https:\/\/izglitiba.valmierasnovads.lv\/vss\/","logo":{"@type":"ImageObject","inLanguage":"lv-LV","@id":"https:\/\/izglitiba.valmierasnovads.lv\/vss\/#\/schema\/logo\/image\/","url":"https:\/\/izglitiba.valmierasnovads.lv\/vss\/wp-content\/uploads\/sites\/25\/2026\/03\/cropped-Komplekta-ar-pasu-logo-scaled-1.png","contentUrl":"https:\/\/izglitiba.valmierasnovads.lv\/vss\/wp-content\/uploads\/sites\/25\/2026\/03\/cropped-Komplekta-ar-pasu-logo-scaled-1.png","width":1480,"height":405,"caption":"Valmieras s\u0101kumskola"},"image":{"@id":"https:\/\/izglitiba.valmierasnovads.lv\/vss\/#\/schema\/logo\/image\/"}}]}},"_links":{"self":[{"href":"https:\/\/izglitiba.valmierasnovads.lv\/vss\/wp-json\/wp\/v2\/pages\/216","targetHints":{"allow":["GET"]}}],"collection":[{"href":"https:\/\/izglitiba.valmierasnovads.lv\/vss\/wp-json\/wp\/v2\/pages"}],"about":[{"href":"https:\/\/izglitiba.valmierasnovads.lv\/vss\/wp-json\/wp\/v2\/types\/page"}],"author":[{"embeddable":true,"href":"https:\/\/izglitiba.valmierasnovads.lv\/vss\/wp-json\/wp\/v2\/users\/40"}],"replies":[{"embeddable":true,"href":"https:\/\/izglitiba.valmierasnovads.lv\/vss\/wp-json\/wp\/v2\/comments?post=216"}],"version-history":[{"count":5,"href":"https:\/\/izglitiba.valmierasnovads.lv\/vss\/wp-json\/wp\/v2\/pages\/216\/revisions"}],"predecessor-version":[{"id":1102,"href":"https:\/\/izglitiba.valmierasnovads.lv\/vss\/wp-json\/wp\/v2\/pages\/216\/revisions\/1102"}],"wp:attachment":[{"href":"https:\/\/izglitiba.valmierasnovads.lv\/vss\/wp-json\/wp\/v2\/media?parent=216"}],"curies":[{"name":"wp","href":"https:\/\/api.w.org\/{rel}","templated":true}]}}