{"id":263,"date":"2025-08-20T13:48:39","date_gmt":"2025-08-20T10:48:39","guid":{"rendered":"https:\/\/izglitiba.valmierasnovads.lv\/vss\/?page_id=263"},"modified":"2025-08-20T13:48:40","modified_gmt":"2025-08-20T10:48:40","slug":"veselibu-veicinosa-skola","status":"publish","type":"page","link":"https:\/\/izglitiba.valmierasnovads.lv\/vss\/veselibu-veicinosa-skola\/","title":{"rendered":"Vesel\u012bbu veicino\u0161a skola"},"content":{"rendered":"<style>.kb-row-layout-id263_a93b09-97 > .kt-row-column-wrap{align-content:start;}:where(.kb-row-layout-id263_a93b09-97 > .kt-row-column-wrap) > .wp-block-kadence-column{justify-content:start;}.kb-row-layout-id263_a93b09-97 > .kt-row-column-wrap{column-gap:var(--global-kb-gap-md, 2rem);row-gap:var(--global-kb-gap-md, 2rem);padding-top:var(--global-kb-spacing-sm, 1.5rem);padding-bottom:var(--global-kb-spacing-sm, 1.5rem);grid-template-columns:minmax(0, 1fr) minmax(0, 2fr);}.kb-row-layout-id263_a93b09-97 > .kt-row-layout-overlay{opacity:0.30;}@media all and (max-width: 1024px){.kb-row-layout-id263_a93b09-97 > .kt-row-column-wrap{grid-template-columns:minmax(0, 1fr) minmax(0, 2fr);}}@media all and (max-width: 767px){.kb-row-layout-id263_a93b09-97 > .kt-row-column-wrap{grid-template-columns:minmax(0, 1fr);}}<\/style><div class=\"kb-row-layout-wrap kb-row-layout-id263_a93b09-97 alignnone wp-block-kadence-rowlayout\"><div class=\"kt-row-column-wrap kt-has-2-columns kt-row-layout-right-golden kt-tab-layout-inherit kt-mobile-layout-row kt-row-valign-top\">\n<style>.kadence-column263_4232cc-c6 > .kt-inside-inner-col,.kadence-column263_4232cc-c6 > .kt-inside-inner-col:before{border-top-left-radius:0px;border-top-right-radius:0px;border-bottom-right-radius:0px;border-bottom-left-radius:0px;}.kadence-column263_4232cc-c6 > .kt-inside-inner-col{column-gap:var(--global-kb-gap-sm, 1rem);}.kadence-column263_4232cc-c6 > .kt-inside-inner-col{flex-direction:column;}.kadence-column263_4232cc-c6 > .kt-inside-inner-col > .aligncenter{width:100%;}.kadence-column263_4232cc-c6 > .kt-inside-inner-col:before{opacity:0.3;}.kadence-column263_4232cc-c6{position:relative;}@media all and (max-width: 1024px){.kadence-column263_4232cc-c6 > .kt-inside-inner-col{flex-direction:column;justify-content:center;}}@media all and (max-width: 767px){.kadence-column263_4232cc-c6 > .kt-inside-inner-col{flex-direction:column;justify-content:center;}}<\/style>\n<div class=\"wp-block-kadence-column kadence-column263_4232cc-c6\"><div class=\"kt-inside-inner-col\">\n<figure class=\"wp-block-image size-full\"><img loading=\"lazy\" decoding=\"async\" width=\"400\" height=\"226\" src=\"https:\/\/izglitiba.valmierasnovads.lv\/vss\/wp-content\/uploads\/sites\/25\/2025\/08\/Veselibu_veicinosa_skola.jpg\" alt=\"\" class=\"wp-image-264\" srcset=\"https:\/\/izglitiba.valmierasnovads.lv\/vss\/wp-content\/uploads\/sites\/25\/2025\/08\/Veselibu_veicinosa_skola.jpg 400w, https:\/\/izglitiba.valmierasnovads.lv\/vss\/wp-content\/uploads\/sites\/25\/2025\/08\/Veselibu_veicinosa_skola-300x170.jpg 300w\" sizes=\"auto, (max-width: 400px) 100vw, 400px\" \/><\/figure>\n<\/div><\/div>\n\n\n<style>.kadence-column263_8d9d40-f4 > .kt-inside-inner-col,.kadence-column263_8d9d40-f4 > .kt-inside-inner-col:before{border-top-left-radius:0px;border-top-right-radius:0px;border-bottom-right-radius:0px;border-bottom-left-radius:0px;}.kadence-column263_8d9d40-f4 > .kt-inside-inner-col{column-gap:var(--global-kb-gap-sm, 1rem);}.kadence-column263_8d9d40-f4 > .kt-inside-inner-col{flex-direction:column;}.kadence-column263_8d9d40-f4 > .kt-inside-inner-col > .aligncenter{width:100%;}.kadence-column263_8d9d40-f4 > .kt-inside-inner-col:before{opacity:0.3;}.kadence-column263_8d9d40-f4{position:relative;}@media all and (max-width: 1024px){.kadence-column263_8d9d40-f4 > .kt-inside-inner-col{flex-direction:column;justify-content:center;}}@media all and (max-width: 767px){.kadence-column263_8d9d40-f4 > .kt-inside-inner-col{flex-direction:column;justify-content:center;}}<\/style>\n<div class=\"wp-block-kadence-column kadence-column263_8d9d40-f4\"><div class=\"kt-inside-inner-col\">\n<p>Katrai Nacion\u0101l\u0101 Vesel\u012bbu veicino\u0161o skolu t\u012bkla (turpm\u0101k NVST) izgl\u012bt\u012bbas iest\u0101dei b\u016btiska ir izaugsme un att\u012bst\u012bba. lai kop\u012bgi virz\u012btos uz m\u0113r\u0137i &#8211; vesel\u012bbas veicin\u0101\u0161ana un slim\u012bbu profilakses jom\u0101 zino\u0161\u0101ku person\u0101lu, vesel\u012bg\u0101kiem skol\u0113niem, lab\u0101kiem sasniegumiem m\u0101c\u012bb\u0101s, lab\u0101ku izgl\u012bt\u012bbas iest\u0101des fizisko un emocion\u0101lo vidi, efekt\u012bv\u0101ku darb\u012bbu un pozit\u012bv\u0101ku izgl\u012bt\u012bbas iest\u0101des t\u0113lu.<\/p>\n\n\n\n<p>Vesel\u012bbas veicin\u0101\u0161ana skol\u0101 ir jebkura skol\u0101 \u012bstenota aktivit\u0101te, kas tiek veikta, lai uzlabotu un\/vai aizsarg\u0101tu vesel\u012bbu, t\u0101 ietver vesel\u012bbas izgl\u012bt\u012bbu, centienus rad\u012bt vesel\u012bgu vidi un skolas politiku.&nbsp;<\/p>\n\n\n\n<p>Valmieras s\u0101kumskolas m\u0113r\u0137is:&nbsp;<em>&nbsp;veicin\u0101t izgl\u012btojamo izpratni par fizisko, gar\u012bgo un soci\u0101lo vesel\u012bbu un dro\u0161\u012bbai labv\u0113l\u012bgu r\u012bc\u012bbu, uz\u0146emoties personisko atbild\u012bbu.&nbsp;<\/em><\/p>\n\n\n\n<p>Priorit\u0101rie dal\u012bbas krit\u0113riji n\u0101kamajam pl\u0101no\u0161anas periodam:<\/p>\n\n\n\n<ul class=\"wp-block-list\">\n<li>Labu savstarp\u0113jo attiec\u012bbu rad\u012b\u0161ana starp izgl\u012bt\u012bbas iest\u0101des darbiniekiem un izgl\u012btojamajiem, k\u0101 ar\u012b izgl\u012btojamo vid\u016b\u00a0<\/li>\n\n\n\n<li>Vesel\u012bbu veicino\u0161as izgl\u012bt\u012bbas iest\u0101des vides veido\u0161ana\u00a0<\/li>\n\n\n\n<li>Vesel\u012bbas izgl\u012bt\u012bba\u00a0<\/li>\n\n\n\n<li>Izgl\u012bt\u012bbas iest\u0101des darbinieku un atbalsta person\u0101la (medm\u0101sas, psihologa, logop\u0113da, soci\u0101l\u0101 pedagoga) l\u012bdzdal\u012bba vesel\u012bbas veicin\u0101\u0161an\u0101\u00a0<\/li>\n<\/ul>\n\n\n\n<p>Iepaz\u012bties ar informat\u012bviem materi\u0101liem varat \u0161eit-&nbsp;<a href=\"https:\/\/www.spkc.gov.lv\/lv\/informativi-izdevumi#psihiska-veseliba\" target=\"_blank\" rel=\"noreferrer noopener\">https:\/\/www.spkc.gov.lv\/lv\/informativi-izdevumi#psihiska-veseliba<\/a><\/p>\n<\/div><\/div>\n\n<\/div><\/div>","protected":false},"excerpt":{"rendered":"<p>Katrai Nacion\u0101l\u0101 Vesel\u012bbu veicino\u0161o skolu t\u012bkla (turpm\u0101k NVST) izgl\u012bt\u012bbas iest\u0101dei b\u016btiska ir izaugsme un att\u012bst\u012bba. lai kop\u012bgi virz\u012btos uz m\u0113r\u0137i [&hellip;]<\/p>\n","protected":false},"author":27,"featured_media":0,"parent":0,"menu_order":0,"comment_status":"closed","ping_status":"closed","template":"","meta":{"_acf_changed":false,"site-sidebar-layout":"default","site-content-layout":"","ast-site-content-layout":"default","site-content-style":"default","site-sidebar-style":"default","ast-global-header-display":"","ast-banner-title-visibility":"","ast-main-header-display":"","ast-hfb-above-header-display":"","ast-hfb-below-header-display":"","ast-hfb-mobile-header-display":"","site-post-title":"","ast-breadcrumbs-content":"","ast-featured-img":"","footer-sml-layout":"","ast-disable-related-posts":"","theme-transparent-header-meta":"","adv-header-id-meta":"","stick-header-meta":"","header-above-stick-meta":"","header-main-stick-meta":"","header-below-stick-meta":"","astra-migrate-meta-layouts":"default","ast-page-background-enabled":"default","ast-page-background-meta":{"desktop":{"background-color":"var(--ast-global-color-5)","background-image":"","background-repeat":"repeat","background-position":"center center","background-size":"auto","background-attachment":"scroll","background-type":"","background-media":"","overlay-type":"","overlay-color":"","overlay-opacity":"","overlay-gradient":""},"tablet":{"background-color":"","background-image":"","background-repeat":"repeat","background-position":"center center","background-size":"auto","background-attachment":"scroll","background-type":"","background-media":"","overlay-type":"","overlay-color":"","overlay-opacity":"","overlay-gradient":""},"mobile":{"background-color":"","background-image":"","background-repeat":"repeat","background-position":"center center","background-size":"auto","background-attachment":"scroll","background-type":"","background-media":"","overlay-type":"","overlay-color":"","overlay-opacity":"","overlay-gradient":""}},"ast-content-background-meta":{"desktop":{"background-color":"var(--ast-global-color-4)","background-image":"","background-repeat":"repeat","background-position":"center center","background-size":"auto","background-attachment":"scroll","background-type":"","background-media":"","overlay-type":"","overlay-color":"","overlay-opacity":"","overlay-gradient":""},"tablet":{"background-color":"var(--ast-global-color-4)","background-image":"","background-repeat":"repeat","background-position":"center center","background-size":"auto","background-attachment":"scroll","background-type":"","background-media":"","overlay-type":"","overlay-color":"","overlay-opacity":"","overlay-gradient":""},"mobile":{"background-color":"var(--ast-global-color-4)","background-image":"","background-repeat":"repeat","background-position":"center center","background-size":"auto","background-attachment":"scroll","background-type":"","background-media":"","overlay-type":"","overlay-color":"","overlay-opacity":"","overlay-gradient":""}},"footnotes":""},"class_list":["post-263","page","type-page","status-publish","hentry"],"acf":[],"yoast_head":"<!-- This site is optimized with the Yoast SEO plugin v27.0 - https:\/\/yoast.com\/product\/yoast-seo-wordpress\/ -->\n<title>Vesel\u012bbu veicino\u0161a skola - Valmieras s\u0101kumskola<\/title>\n<meta name=\"robots\" content=\"index, follow, max-snippet:-1, max-image-preview:large, max-video-preview:-1\" \/>\n<link rel=\"canonical\" href=\"https:\/\/izglitiba.valmierasnovads.lv\/vss\/veselibu-veicinosa-skola\/\" \/>\n<meta property=\"og:locale\" content=\"lv_LV\" \/>\n<meta property=\"og:type\" content=\"article\" \/>\n<meta property=\"og:title\" content=\"Vesel\u012bbu veicino\u0161a skola - Valmieras s\u0101kumskola\" \/>\n<meta property=\"og:description\" content=\"Katrai Nacion\u0101l\u0101 Vesel\u012bbu veicino\u0161o skolu t\u012bkla (turpm\u0101k NVST) izgl\u012bt\u012bbas iest\u0101dei b\u016btiska ir izaugsme un att\u012bst\u012bba. lai kop\u012bgi virz\u012btos uz m\u0113r\u0137i [&hellip;]\" \/>\n<meta property=\"og:url\" content=\"https:\/\/izglitiba.valmierasnovads.lv\/vss\/veselibu-veicinosa-skola\/\" \/>\n<meta property=\"og:site_name\" content=\"Valmieras s\u0101kumskola\" \/>\n<meta property=\"article:modified_time\" content=\"2025-08-20T10:48:40+00:00\" \/>\n<meta property=\"og:image\" content=\"https:\/\/izglitiba.valmierasnovads.lv\/vss\/wp-content\/uploads\/sites\/25\/2025\/08\/Veselibu_veicinosa_skola.jpg\" \/>\n\t<meta property=\"og:image:width\" content=\"400\" \/>\n\t<meta property=\"og:image:height\" content=\"226\" \/>\n\t<meta property=\"og:image:type\" content=\"image\/jpeg\" \/>\n<meta name=\"twitter:card\" content=\"summary_large_image\" \/>\n<meta name=\"twitter:label1\" content=\"Est. reading time\" \/>\n\t<meta name=\"twitter:data1\" content=\"1 min\u016bte\" \/>\n<script type=\"application\/ld+json\" class=\"yoast-schema-graph\">{\"@context\":\"https:\/\/schema.org\",\"@graph\":[{\"@type\":\"WebPage\",\"@id\":\"https:\/\/izglitiba.valmierasnovads.lv\/vss\/veselibu-veicinosa-skola\/\",\"url\":\"https:\/\/izglitiba.valmierasnovads.lv\/vss\/veselibu-veicinosa-skola\/\",\"name\":\"Vesel\u012bbu veicino\u0161a skola - Valmieras s\u0101kumskola\",\"isPartOf\":{\"@id\":\"https:\/\/izglitiba.valmierasnovads.lv\/vss\/#website\"},\"primaryImageOfPage\":{\"@id\":\"https:\/\/izglitiba.valmierasnovads.lv\/vss\/veselibu-veicinosa-skola\/#primaryimage\"},\"image\":{\"@id\":\"https:\/\/izglitiba.valmierasnovads.lv\/vss\/veselibu-veicinosa-skola\/#primaryimage\"},\"thumbnailUrl\":\"https:\/\/izglitiba.valmierasnovads.lv\/vss\/wp-content\/uploads\/sites\/25\/2025\/08\/Veselibu_veicinosa_skola.jpg\",\"datePublished\":\"2025-08-20T10:48:39+00:00\",\"dateModified\":\"2025-08-20T10:48:40+00:00\",\"breadcrumb\":{\"@id\":\"https:\/\/izglitiba.valmierasnovads.lv\/vss\/veselibu-veicinosa-skola\/#breadcrumb\"},\"inLanguage\":\"lv-LV\",\"potentialAction\":[{\"@type\":\"ReadAction\",\"target\":[\"https:\/\/izglitiba.valmierasnovads.lv\/vss\/veselibu-veicinosa-skola\/\"]}]},{\"@type\":\"ImageObject\",\"inLanguage\":\"lv-LV\",\"@id\":\"https:\/\/izglitiba.valmierasnovads.lv\/vss\/veselibu-veicinosa-skola\/#primaryimage\",\"url\":\"https:\/\/izglitiba.valmierasnovads.lv\/vss\/wp-content\/uploads\/sites\/25\/2025\/08\/Veselibu_veicinosa_skola.jpg\",\"contentUrl\":\"https:\/\/izglitiba.valmierasnovads.lv\/vss\/wp-content\/uploads\/sites\/25\/2025\/08\/Veselibu_veicinosa_skola.jpg\",\"width\":400,\"height\":226},{\"@type\":\"BreadcrumbList\",\"@id\":\"https:\/\/izglitiba.valmierasnovads.lv\/vss\/veselibu-veicinosa-skola\/#breadcrumb\",\"itemListElement\":[{\"@type\":\"ListItem\",\"position\":1,\"name\":\"Home\",\"item\":\"https:\/\/izglitiba.valmierasnovads.lv\/vss\/\"},{\"@type\":\"ListItem\",\"position\":2,\"name\":\"Vesel\u012bbu veicino\u0161a skola\"}]},{\"@type\":\"WebSite\",\"@id\":\"https:\/\/izglitiba.valmierasnovads.lv\/vss\/#website\",\"url\":\"https:\/\/izglitiba.valmierasnovads.lv\/vss\/\",\"name\":\"Valmieras s\u0101kumskola\",\"description\":\"M\u0101c\u0101mies darot\",\"publisher\":{\"@id\":\"https:\/\/izglitiba.valmierasnovads.lv\/vss\/#organization\"},\"potentialAction\":[{\"@type\":\"SearchAction\",\"target\":{\"@type\":\"EntryPoint\",\"urlTemplate\":\"https:\/\/izglitiba.valmierasnovads.lv\/vss\/?s={search_term_string}\"},\"query-input\":{\"@type\":\"PropertyValueSpecification\",\"valueRequired\":true,\"valueName\":\"search_term_string\"}}],\"inLanguage\":\"lv-LV\"},{\"@type\":\"Organization\",\"@id\":\"https:\/\/izglitiba.valmierasnovads.lv\/vss\/#organization\",\"name\":\"Valmieras s\u0101kumskola\",\"url\":\"https:\/\/izglitiba.valmierasnovads.lv\/vss\/\",\"logo\":{\"@type\":\"ImageObject\",\"inLanguage\":\"lv-LV\",\"@id\":\"https:\/\/izglitiba.valmierasnovads.lv\/vss\/#\/schema\/logo\/image\/\",\"url\":\"https:\/\/izglitiba.valmierasnovads.lv\/vss\/wp-content\/uploads\/sites\/25\/2026\/03\/cropped-Komplekta-ar-pasu-logo-scaled-1.png\",\"contentUrl\":\"https:\/\/izglitiba.valmierasnovads.lv\/vss\/wp-content\/uploads\/sites\/25\/2026\/03\/cropped-Komplekta-ar-pasu-logo-scaled-1.png\",\"width\":1480,\"height\":405,\"caption\":\"Valmieras s\u0101kumskola\"},\"image\":{\"@id\":\"https:\/\/izglitiba.valmierasnovads.lv\/vss\/#\/schema\/logo\/image\/\"}}]}<\/script>\n<!-- \/ Yoast SEO plugin. -->","yoast_head_json":{"title":"Vesel\u012bbu veicino\u0161a skola - Valmieras s\u0101kumskola","robots":{"index":"index","follow":"follow","max-snippet":"max-snippet:-1","max-image-preview":"max-image-preview:large","max-video-preview":"max-video-preview:-1"},"canonical":"https:\/\/izglitiba.valmierasnovads.lv\/vss\/veselibu-veicinosa-skola\/","og_locale":"lv_LV","og_type":"article","og_title":"Vesel\u012bbu veicino\u0161a skola - Valmieras s\u0101kumskola","og_description":"Katrai Nacion\u0101l\u0101 Vesel\u012bbu veicino\u0161o skolu t\u012bkla (turpm\u0101k NVST) izgl\u012bt\u012bbas iest\u0101dei b\u016btiska ir izaugsme un att\u012bst\u012bba. lai kop\u012bgi virz\u012btos uz m\u0113r\u0137i [&hellip;]","og_url":"https:\/\/izglitiba.valmierasnovads.lv\/vss\/veselibu-veicinosa-skola\/","og_site_name":"Valmieras s\u0101kumskola","article_modified_time":"2025-08-20T10:48:40+00:00","og_image":[{"width":400,"height":226,"url":"https:\/\/izglitiba.valmierasnovads.lv\/vss\/wp-content\/uploads\/sites\/25\/2025\/08\/Veselibu_veicinosa_skola.jpg","type":"image\/jpeg"}],"twitter_card":"summary_large_image","twitter_misc":{"Est. reading time":"1 min\u016bte"},"schema":{"@context":"https:\/\/schema.org","@graph":[{"@type":"WebPage","@id":"https:\/\/izglitiba.valmierasnovads.lv\/vss\/veselibu-veicinosa-skola\/","url":"https:\/\/izglitiba.valmierasnovads.lv\/vss\/veselibu-veicinosa-skola\/","name":"Vesel\u012bbu veicino\u0161a skola - Valmieras s\u0101kumskola","isPartOf":{"@id":"https:\/\/izglitiba.valmierasnovads.lv\/vss\/#website"},"primaryImageOfPage":{"@id":"https:\/\/izglitiba.valmierasnovads.lv\/vss\/veselibu-veicinosa-skola\/#primaryimage"},"image":{"@id":"https:\/\/izglitiba.valmierasnovads.lv\/vss\/veselibu-veicinosa-skola\/#primaryimage"},"thumbnailUrl":"https:\/\/izglitiba.valmierasnovads.lv\/vss\/wp-content\/uploads\/sites\/25\/2025\/08\/Veselibu_veicinosa_skola.jpg","datePublished":"2025-08-20T10:48:39+00:00","dateModified":"2025-08-20T10:48:40+00:00","breadcrumb":{"@id":"https:\/\/izglitiba.valmierasnovads.lv\/vss\/veselibu-veicinosa-skola\/#breadcrumb"},"inLanguage":"lv-LV","potentialAction":[{"@type":"ReadAction","target":["https:\/\/izglitiba.valmierasnovads.lv\/vss\/veselibu-veicinosa-skola\/"]}]},{"@type":"ImageObject","inLanguage":"lv-LV","@id":"https:\/\/izglitiba.valmierasnovads.lv\/vss\/veselibu-veicinosa-skola\/#primaryimage","url":"https:\/\/izglitiba.valmierasnovads.lv\/vss\/wp-content\/uploads\/sites\/25\/2025\/08\/Veselibu_veicinosa_skola.jpg","contentUrl":"https:\/\/izglitiba.valmierasnovads.lv\/vss\/wp-content\/uploads\/sites\/25\/2025\/08\/Veselibu_veicinosa_skola.jpg","width":400,"height":226},{"@type":"BreadcrumbList","@id":"https:\/\/izglitiba.valmierasnovads.lv\/vss\/veselibu-veicinosa-skola\/#breadcrumb","itemListElement":[{"@type":"ListItem","position":1,"name":"Home","item":"https:\/\/izglitiba.valmierasnovads.lv\/vss\/"},{"@type":"ListItem","position":2,"name":"Vesel\u012bbu veicino\u0161a skola"}]},{"@type":"WebSite","@id":"https:\/\/izglitiba.valmierasnovads.lv\/vss\/#website","url":"https:\/\/izglitiba.valmierasnovads.lv\/vss\/","name":"Valmieras s\u0101kumskola","description":"M\u0101c\u0101mies darot","publisher":{"@id":"https:\/\/izglitiba.valmierasnovads.lv\/vss\/#organization"},"potentialAction":[{"@type":"SearchAction","target":{"@type":"EntryPoint","urlTemplate":"https:\/\/izglitiba.valmierasnovads.lv\/vss\/?s={search_term_string}"},"query-input":{"@type":"PropertyValueSpecification","valueRequired":true,"valueName":"search_term_string"}}],"inLanguage":"lv-LV"},{"@type":"Organization","@id":"https:\/\/izglitiba.valmierasnovads.lv\/vss\/#organization","name":"Valmieras s\u0101kumskola","url":"https:\/\/izglitiba.valmierasnovads.lv\/vss\/","logo":{"@type":"ImageObject","inLanguage":"lv-LV","@id":"https:\/\/izglitiba.valmierasnovads.lv\/vss\/#\/schema\/logo\/image\/","url":"https:\/\/izglitiba.valmierasnovads.lv\/vss\/wp-content\/uploads\/sites\/25\/2026\/03\/cropped-Komplekta-ar-pasu-logo-scaled-1.png","contentUrl":"https:\/\/izglitiba.valmierasnovads.lv\/vss\/wp-content\/uploads\/sites\/25\/2026\/03\/cropped-Komplekta-ar-pasu-logo-scaled-1.png","width":1480,"height":405,"caption":"Valmieras s\u0101kumskola"},"image":{"@id":"https:\/\/izglitiba.valmierasnovads.lv\/vss\/#\/schema\/logo\/image\/"}}]}},"_links":{"self":[{"href":"https:\/\/izglitiba.valmierasnovads.lv\/vss\/wp-json\/wp\/v2\/pages\/263","targetHints":{"allow":["GET"]}}],"collection":[{"href":"https:\/\/izglitiba.valmierasnovads.lv\/vss\/wp-json\/wp\/v2\/pages"}],"about":[{"href":"https:\/\/izglitiba.valmierasnovads.lv\/vss\/wp-json\/wp\/v2\/types\/page"}],"author":[{"embeddable":true,"href":"https:\/\/izglitiba.valmierasnovads.lv\/vss\/wp-json\/wp\/v2\/users\/27"}],"replies":[{"embeddable":true,"href":"https:\/\/izglitiba.valmierasnovads.lv\/vss\/wp-json\/wp\/v2\/comments?post=263"}],"version-history":[{"count":1,"href":"https:\/\/izglitiba.valmierasnovads.lv\/vss\/wp-json\/wp\/v2\/pages\/263\/revisions"}],"predecessor-version":[{"id":265,"href":"https:\/\/izglitiba.valmierasnovads.lv\/vss\/wp-json\/wp\/v2\/pages\/263\/revisions\/265"}],"wp:attachment":[{"href":"https:\/\/izglitiba.valmierasnovads.lv\/vss\/wp-json\/wp\/v2\/media?parent=263"}],"curies":[{"name":"wp","href":"https:\/\/api.w.org\/{rel}","templated":true}]}}