{"id":82,"date":"2025-08-20T09:29:22","date_gmt":"2025-08-20T06:29:22","guid":{"rendered":"https:\/\/izglitiba.valmierasnovads.lv\/vss\/?page_id=82"},"modified":"2025-08-20T09:41:06","modified_gmt":"2025-08-20T06:41:06","slug":"erasmuss","status":"publish","type":"page","link":"https:\/\/izglitiba.valmierasnovads.lv\/vss\/erasmuss\/","title":{"rendered":"Erasmuss +"},"content":{"rendered":"\n<figure class=\"wp-block-image aligncenter size-full\"><img loading=\"lazy\" decoding=\"async\" width=\"498\" height=\"101\" src=\"https:\/\/izglitiba.valmierasnovads.lv\/vss\/wp-content\/uploads\/sites\/25\/2025\/08\/EmbeddedImage.png\" alt=\"\" class=\"wp-image-83\" srcset=\"https:\/\/izglitiba.valmierasnovads.lv\/vss\/wp-content\/uploads\/sites\/25\/2025\/08\/EmbeddedImage.png 498w, https:\/\/izglitiba.valmierasnovads.lv\/vss\/wp-content\/uploads\/sites\/25\/2025\/08\/EmbeddedImage-300x61.png 300w\" sizes=\"auto, (max-width: 498px) 100vw, 498px\" \/><\/figure>\n\n\n\n<figure class=\"wp-block-embed aligncenter\"><div class=\"wp-block-embed__wrapper\">\nhttps:\/\/ec.europa.eu\/programmes\/erasmus-plus\/about_lv\n<\/div><\/figure>\n\n\n<style>.kb-row-layout-id82_fb3838-77 > .kt-row-column-wrap{align-content:start;}:where(.kb-row-layout-id82_fb3838-77 > .kt-row-column-wrap) > .wp-block-kadence-column{justify-content:start;}.kb-row-layout-id82_fb3838-77 > .kt-row-column-wrap{column-gap:var(--global-kb-gap-md, 2rem);row-gap:var(--global-kb-gap-md, 2rem);padding-top:var(--global-kb-spacing-sm, 1.5rem);padding-bottom:var(--global-kb-spacing-sm, 1.5rem);grid-template-columns:minmax(0, 1fr) minmax(0, 2fr);}.kb-row-layout-id82_fb3838-77 > .kt-row-layout-overlay{opacity:0.30;}@media all and (max-width: 1024px){.kb-row-layout-id82_fb3838-77 > .kt-row-column-wrap{grid-template-columns:minmax(0, 1fr) minmax(0, 2fr);}}@media all and (max-width: 767px){.kb-row-layout-id82_fb3838-77 > .kt-row-column-wrap{grid-template-columns:minmax(0, 1fr);}}<\/style><div class=\"kb-row-layout-wrap kb-row-layout-id82_fb3838-77 alignnone wp-block-kadence-rowlayout\"><div class=\"kt-row-column-wrap kt-has-2-columns kt-row-layout-right-golden kt-tab-layout-inherit kt-mobile-layout-row kt-row-valign-top\">\n<style>.kadence-column82_360cbe-64 > .kt-inside-inner-col,.kadence-column82_360cbe-64 > .kt-inside-inner-col:before{border-top-left-radius:0px;border-top-right-radius:0px;border-bottom-right-radius:0px;border-bottom-left-radius:0px;}.kadence-column82_360cbe-64 > .kt-inside-inner-col{column-gap:var(--global-kb-gap-sm, 1rem);}.kadence-column82_360cbe-64 > .kt-inside-inner-col{flex-direction:column;}.kadence-column82_360cbe-64 > .kt-inside-inner-col > .aligncenter{width:100%;}.kadence-column82_360cbe-64 > .kt-inside-inner-col:before{opacity:0.3;}.kadence-column82_360cbe-64{position:relative;}@media all and (max-width: 1024px){.kadence-column82_360cbe-64 > .kt-inside-inner-col{flex-direction:column;justify-content:center;}}@media all and (max-width: 767px){.kadence-column82_360cbe-64 > .kt-inside-inner-col{flex-direction:column;justify-content:center;}}<\/style>\n<div class=\"wp-block-kadence-column kadence-column82_360cbe-64\"><div class=\"kt-inside-inner-col\">\n<figure class=\"wp-block-gallery has-nested-images columns-default is-cropped wp-block-gallery-1 is-layout-flex wp-block-gallery-is-layout-flex\">\n<figure class=\"wp-block-image size-large\"><img loading=\"lazy\" decoding=\"async\" width=\"1024\" height=\"768\" data-id=\"86\" src=\"https:\/\/izglitiba.valmierasnovads.lv\/vss\/wp-content\/uploads\/sites\/25\/2025\/08\/Untitled-1024x768.jpg\" alt=\"\" class=\"wp-image-86\" srcset=\"https:\/\/izglitiba.valmierasnovads.lv\/vss\/wp-content\/uploads\/sites\/25\/2025\/08\/Untitled-1024x768.jpg 1024w, https:\/\/izglitiba.valmierasnovads.lv\/vss\/wp-content\/uploads\/sites\/25\/2025\/08\/Untitled-300x225.jpg 300w, https:\/\/izglitiba.valmierasnovads.lv\/vss\/wp-content\/uploads\/sites\/25\/2025\/08\/Untitled-768x576.jpg 768w, https:\/\/izglitiba.valmierasnovads.lv\/vss\/wp-content\/uploads\/sites\/25\/2025\/08\/Untitled.jpg 1280w\" sizes=\"auto, (max-width: 1024px) 100vw, 1024px\" \/><\/figure>\n\n\n\n<figure class=\"wp-block-image size-large\"><img loading=\"lazy\" decoding=\"async\" width=\"1024\" height=\"768\" data-id=\"85\" src=\"https:\/\/izglitiba.valmierasnovads.lv\/vss\/wp-content\/uploads\/sites\/25\/2025\/08\/Untitled-1-1024x768.jpg\" alt=\"\" class=\"wp-image-85\" srcset=\"https:\/\/izglitiba.valmierasnovads.lv\/vss\/wp-content\/uploads\/sites\/25\/2025\/08\/Untitled-1-1024x768.jpg 1024w, https:\/\/izglitiba.valmierasnovads.lv\/vss\/wp-content\/uploads\/sites\/25\/2025\/08\/Untitled-1-300x225.jpg 300w, https:\/\/izglitiba.valmierasnovads.lv\/vss\/wp-content\/uploads\/sites\/25\/2025\/08\/Untitled-1-768x576.jpg 768w, https:\/\/izglitiba.valmierasnovads.lv\/vss\/wp-content\/uploads\/sites\/25\/2025\/08\/Untitled-1.jpg 1280w\" sizes=\"auto, (max-width: 1024px) 100vw, 1024px\" \/><\/figure>\n\n\n\n<figure class=\"wp-block-image size-large\"><img loading=\"lazy\" decoding=\"async\" width=\"1024\" height=\"768\" data-id=\"84\" src=\"https:\/\/izglitiba.valmierasnovads.lv\/vss\/wp-content\/uploads\/sites\/25\/2025\/08\/AF1QipP3D-pVOUdKpaiGvRaxldl28HxSWW7B7FMWx_O6w4000-h3000-1024x768.jpg\" alt=\"\" class=\"wp-image-84\" srcset=\"https:\/\/izglitiba.valmierasnovads.lv\/vss\/wp-content\/uploads\/sites\/25\/2025\/08\/AF1QipP3D-pVOUdKpaiGvRaxldl28HxSWW7B7FMWx_O6w4000-h3000-1024x768.jpg 1024w, https:\/\/izglitiba.valmierasnovads.lv\/vss\/wp-content\/uploads\/sites\/25\/2025\/08\/AF1QipP3D-pVOUdKpaiGvRaxldl28HxSWW7B7FMWx_O6w4000-h3000-300x225.jpg 300w, https:\/\/izglitiba.valmierasnovads.lv\/vss\/wp-content\/uploads\/sites\/25\/2025\/08\/AF1QipP3D-pVOUdKpaiGvRaxldl28HxSWW7B7FMWx_O6w4000-h3000-768x576.jpg 768w, https:\/\/izglitiba.valmierasnovads.lv\/vss\/wp-content\/uploads\/sites\/25\/2025\/08\/AF1QipP3D-pVOUdKpaiGvRaxldl28HxSWW7B7FMWx_O6w4000-h3000.jpg 1280w\" sizes=\"auto, (max-width: 1024px) 100vw, 1024px\" \/><\/figure>\n<\/figure>\n<\/div><\/div>\n\n\n<style>.kadence-column82_71f99c-18 > .kt-inside-inner-col,.kadence-column82_71f99c-18 > .kt-inside-inner-col:before{border-top-left-radius:0px;border-top-right-radius:0px;border-bottom-right-radius:0px;border-bottom-left-radius:0px;}.kadence-column82_71f99c-18 > .kt-inside-inner-col{column-gap:var(--global-kb-gap-sm, 1rem);}.kadence-column82_71f99c-18 > .kt-inside-inner-col{flex-direction:column;}.kadence-column82_71f99c-18 > .kt-inside-inner-col > .aligncenter{width:100%;}.kadence-column82_71f99c-18 > .kt-inside-inner-col:before{opacity:0.3;}.kadence-column82_71f99c-18{position:relative;}@media all and (max-width: 1024px){.kadence-column82_71f99c-18 > .kt-inside-inner-col{flex-direction:column;justify-content:center;}}@media all and (max-width: 767px){.kadence-column82_71f99c-18 > .kt-inside-inner-col{flex-direction:column;justify-content:center;}}<\/style>\n<div class=\"wp-block-kadence-column kadence-column82_71f99c-18\"><div class=\"kt-inside-inner-col\">\n<h2 class=\"wp-block-heading\" id=\"h.d7ojsvnpiu2c_l\">K\u0101 palielin\u0101t skol\u0113nu iesaisti m\u0101c\u012bbu proces\u0101?<\/h2>\n\n\n\n<p>Valmieras s\u0101kumskolas skolot\u0101jas Jaroslava un Baiba, piedal\u012bj\u0101mies\u00a0<em>Erasmus+<\/em>\u00a0projekta kursos \u201c<em>K\u0101 palielin\u0101t skol\u0113nu iesaisti m\u0101c\u012bbu proces\u0101?\u201d<\/em>, kas norisin\u0101j\u0101s Francij\u0101.<\/p>\n\n\n\n<p>Kursos piedal\u012bj\u0101s ar\u012b skolot\u0101ji no Horv\u0101tijas, Igaunijas, It\u0101lijas un Polijas. Piec\u0101s dien\u0101s iepazin\u0101m un apguv\u0101m da\u017e\u0101dus digit\u0101lus r\u012bkus, kas paredz\u0113ti stundu un interakt\u012bvu aktivit\u0101\u0161u veido\u0161anai, izm\u0113\u0123in\u0101j\u0101m&nbsp; diskusiju platformu iesp\u0113jas un guv\u0101m nelielu ieskatu m\u0101ksl\u012bg\u0101 intelekta att\u012bst\u012bbas perspekt\u012bvai izgl\u012bt\u012bbas jom\u0101.<\/p>\n\n\n\n<p>K\u0101 visaizraujo\u0161\u0101kais r\u012bks, kuru izm\u0113\u0123in\u0101j\u0101m pirmaj\u0101 kursu dien\u0101, bija tie\u0161saistes platforma&nbsp;<em>Goochase<\/em>, ar kuras pal\u012bdz\u012bbu var veidot interakt\u012bvas aktivit\u0101tes gan pieaugu\u0161iem, gan skol\u0113niem. Ar \u0161o aktivit\u0101ti var sadal\u012bt skol\u0113nus komand\u0101s un dot da\u017e\u0101das misijas jeb uzdevumus, kurus sa\u0146em uz telefona vai plan\u0161etes uzst\u0101d\u012btaj\u0101&nbsp;<em>Goochase&nbsp;<\/em>aplik\u0101cij\u0101 un kas j\u0101paveic noteikt\u0101 laik\u0101. Par paveikto misiju var ieg\u016bt punktus un misijas&nbsp; vad\u012bt\u0101js var ar\u012b koment\u0113t paveikto. M\u016bsu misija bija iepaz\u012bt Par\u012bzes iev\u0113rojam\u0101k\u0101s vietas, kas atrad\u0101s net\u0101lu no m\u016bsu kursu norises vietas. Kursu vad\u012bt\u0101ja sadal\u012bja visus dal\u012bbniekus komand\u0101s un \u201cpalaida misiju\u201d uz 2,5 stund\u0101m. T\u0101 bija lieliska iesp\u0113ja ne tikai iepaz\u012bt Par\u012bzi, bet br\u012bv\u0101 un nepiespiest\u0101 atmosf\u0113r\u0101 iepaz\u012bties ar p\u0101r\u0113jiem kursu dal\u012bbniekiem un stiprin\u0101t savas ang\u013cu valodas zin\u0101\u0161anas.<\/p>\n\n\n\n<p>N\u0101kamaj\u0101s kursu dien\u0101s izm\u0113\u0123in\u0101j\u0101m veidot m\u0101c\u012bbu stundas t\u0101d\u0101s liel\u0101s platform\u0101s k\u0101&nbsp;<em>Nearpod&nbsp;<\/em>un&nbsp;<em>TedEd<\/em>, kuru iesp\u0113jas nedaudz l\u012bdzin\u0101s att\u0101lin\u0101t\u0101 m\u0101c\u012bbu&nbsp; laik\u0101 izmantotajai&nbsp;&nbsp;<em>Google Classroom<\/em>, bet pieejamas ar\u012b daudzas citas funkcijas, tai skait\u0101&nbsp;<em>Nearpod&nbsp;<\/em>savietojam\u012bba ar&nbsp;<em>Google classroom<\/em>.<\/p>\n\n\n\n<p>Valodu skolot\u0101jiem lieliski noder\u0113tu diskusiju platforma&nbsp;<em>Flip<\/em>, ar kuras pal\u012bdz\u012bbu veidoj\u0101m \u012bsus video un public\u0113j\u0101m tos v\u0113rt\u0113\u0161anai citiem kursu biedriem.<\/p>\n\n\n\n<p>Iejut\u0101mies ar\u012b raidierakstu jeb&nbsp;<em>podcastu&nbsp;<\/em>veidot\u0101ju lom\u0101 un izm\u0113\u0123in\u0101j\u0101m&nbsp;<em>Spotify podcaster&nbsp;<\/em>platformu.&nbsp;<\/p>\n\n\n\n<p>K\u0101 iel\u016bko\u0161an\u0101s n\u0101kotn\u0113 lik\u0101s m\u0101ksl\u012bg\u0101 intelekta jeb AI iesp\u0113ju izm\u0113\u0123in\u0101\u0161ana, gan izveidojot prezent\u0101ciju ar m\u0101ksl\u012bgo intelektu programm\u0101&nbsp;<em>Wepik<\/em>, gan m\u0101ksl\u012bg\u0101 intelekta&nbsp;<em>Dall-e 2&nbsp;<\/em>rad\u012bto att\u0113lu \u0123ener\u0113\u0161anas iesp\u0113ju apl\u016bko\u0161ana.<\/p>\n\n\n\n<p>M\u016bsu skol\u0101 gana bie\u017ei tiek izmantota&nbsp;<em>Padlet&nbsp;<\/em>aplik\u0101cija, bet kursos atkl\u0101tais&nbsp; jaunums bija&nbsp;<em>Padlet kartes<\/em>&nbsp;izmanto\u0161ana, lai atz\u012bm\u0113tu un iepaz\u012bstin\u0101tu ar savas valsts skaist\u0101kajiem t\u016brisma objektiem.<\/p>\n\n\n\n<p>Diezgan bie\u017ei skol\u0113nu motiv\u0113\u0161anai, it \u012bpa\u0161i s\u0101kumskolas posm\u0101, noder da\u017e\u0101di sp\u0113\u013cu elementi un t\u0101p\u0113c p\u0113c nopietno platformu apguves, izklaid\u0113j\u0101mies, veidojot&nbsp; stop kadru anim\u0101cijas&nbsp;<em>Stop motion video&nbsp;<\/em>aplik\u0101cij\u0101.<\/p>\n\n\n\n<p>Papildus m\u0101c\u012bb\u0101m, neizpalika ar\u012b kursantu savstarp\u0113ja iepaz\u012bstin\u0101\u0161ana ar savu skolu, valsti un iev\u0113rojam\u0101k\u0101m viet\u0101m, kuras ir v\u0113rts apmekl\u0113t un apskat\u012bt. Kursi notika tie\u0161i Latvijas sv\u0113tku dien\u0101 &#8211; 4. maij\u0101, t\u0101p\u0113c sagatavoj\u0101m nelielu p\u0101rsteigumu saviem kursu kol\u0113\u0123iem un kop\u0101 atz\u012bm\u0113j\u0101m \u0161o dienu pacien\u0101jot kursabiedrus ar l\u012bdzpa\u0146emto \u012bsto latvie\u0161u rupjmaizi, \u017e\u0101v\u0113to ga\u013cu un&nbsp;<em>Laimas&nbsp;<\/em>konfekt\u0113m.<\/p>\n\n\n\n<p>Lielu paldies varam teikt ar\u012b kursu organiz\u0113t\u0101jiem, jo vi\u0146i pied\u0101v\u0101ja lielisku iesp\u0113ju apskat\u012bt Par\u012bzes skaist\u0101kos kult\u016bras un v\u0113stures objektus izbraucien\u0101 ar Par\u012bzes t\u016bres autobusu.<\/p>\n\n\n\n<p>K\u0101 n\u0101kamais solis p\u0113c kursu apmekl\u0113\u0161anas ir kursos apg\u016bto r\u012bku izmanto\u0161ana un pied\u0101v\u0101\u0161ana skol\u0113niem, t\u0101p\u0113c maija beig\u0101s skolot\u0101ja Jaroslava ang\u013cu valodas stund\u0101s skol\u0113niem&nbsp; deva&nbsp; iesp\u0113ju&nbsp; izm\u0113\u0123in\u0101t&nbsp;<em>Padlet karti<\/em>, lai atz\u012bm\u0113tu, kur\u0101s valst\u012bs vi\u0146i ir biju\u0161i un past\u0101st\u012btu par t\u0101m, bet lietotn\u0113&nbsp;<em>Flip&nbsp;<\/em>skol\u0113ni pilnveidoja ang\u013cu sarunvalodu, veidojot dialogus.<\/p>\n\n\n\n<p>Savuk\u0101rt p\u0113d\u0113j\u0101s datorikas stund\u0101s skolot\u0101ja Baiba uzdeva skol\u0113niem veikt gada nosl\u0113guma misijas&nbsp;<em>Goosechase&nbsp;<\/em>aplik\u0101cij\u0101 &#8211; pateikt paldies k\u0101dai skolot\u0101jai, apciemot direktoru un izst\u0101st\u012bt, cik labi uzvedu\u0161ies, nov\u0113rt\u0113t gada lab\u0101ko pas\u0101kumu, par\u0101d\u012bt zin\u0101\u0161anas un atkl\u0101t, ko iem\u0101c\u012bju\u0161ies matem\u0101tik\u0101, ang\u013cu valod\u0101, pateikt lielo paldies skolas virtuves saimniec\u012btei par gar\u0161\u012bgajiem saldajiem \u0113dieniem. Tik daudz misiju, bet, k\u0101 skol\u0113ni atzina, b\u016btu gatavi pild\u012bt v\u0113l k\u0101du, jo laiks paskr\u0113jis liel\u0101 \u0101trum\u0101 un interesant\u0101 veid\u0101.<\/p>\n\n\n\n<p>Kursos apg\u016btos un vispiem\u0113rot\u0101kos r\u012bkus tie\u0161i s\u0101kumskolas posmam pied\u0101v\u0101j\u0101m iepaz\u012bt un izm\u0113\u0123in\u0101t ar\u012b savas skolas skolot\u0101jiem j\u016bnija s\u0101kum\u0101.<\/p>\n\n\n\n<p>P\u0113c kursu apmekl\u0113\u0161anas guv\u0101m p\u0101rliec\u012bbu, ka m\u016bsu skola ir m\u016bsdien\u012bga un laikam ejo\u0161a l\u012bdzi, jo vair\u0101kus no kursos pied\u0101v\u0101tajiem r\u012bkiem jau lietojam ikdien\u0101 vai esam lietoju\u0161as m\u0101c\u012bbu darb\u0101 att\u0101lin\u0101to m\u0101c\u012bbu laik\u0101.<\/p>\n\n\n\n<p class=\"has-text-align-right\">Jaroslava Sirmais Hre\u0161kova un Baiba Balode<\/p>\n\n\n\n<p class=\"has-text-align-right\">Projekts tika \u012bstenots pateicoties&nbsp;ES Erasmus+ programmas&nbsp;finans\u0113jumam.<\/p>\n<\/div><\/div>\n\n<\/div><\/div>","protected":false},"excerpt":{"rendered":"<p>K\u0101 palielin\u0101t skol\u0113nu iesaisti m\u0101c\u012bbu proces\u0101? Valmieras s\u0101kumskolas skolot\u0101jas Jaroslava un Baiba, piedal\u012bj\u0101mies\u00a0Erasmus+\u00a0projekta kursos \u201cK\u0101 palielin\u0101t skol\u0113nu iesaisti m\u0101c\u012bbu proces\u0101?\u201d, [&hellip;]<\/p>\n","protected":false},"author":40,"featured_media":0,"parent":0,"menu_order":0,"comment_status":"closed","ping_status":"closed","template":"","meta":{"_acf_changed":false,"site-sidebar-layout":"default","site-content-layout":"","ast-site-content-layout":"default","site-content-style":"default","site-sidebar-style":"default","ast-global-header-display":"","ast-banner-title-visibility":"","ast-main-header-display":"","ast-hfb-above-header-display":"","ast-hfb-below-header-display":"","ast-hfb-mobile-header-display":"","site-post-title":"","ast-breadcrumbs-content":"","ast-featured-img":"","footer-sml-layout":"","ast-disable-related-posts":"","theme-transparent-header-meta":"","adv-header-id-meta":"","stick-header-meta":"","header-above-stick-meta":"","header-main-stick-meta":"","header-below-stick-meta":"","astra-migrate-meta-layouts":"default","ast-page-background-enabled":"default","ast-page-background-meta":{"desktop":{"background-color":"var(--ast-global-color-5)","background-image":"","background-repeat":"repeat","background-position":"center center","background-size":"auto","background-attachment":"scroll","background-type":"","background-media":"","overlay-type":"","overlay-color":"","overlay-opacity":"","overlay-gradient":""},"tablet":{"background-color":"","background-image":"","background-repeat":"repeat","background-position":"center center","background-size":"auto","background-attachment":"scroll","background-type":"","background-media":"","overlay-type":"","overlay-color":"","overlay-opacity":"","overlay-gradient":""},"mobile":{"background-color":"","background-image":"","background-repeat":"repeat","background-position":"center center","background-size":"auto","background-attachment":"scroll","background-type":"","background-media":"","overlay-type":"","overlay-color":"","overlay-opacity":"","overlay-gradient":""}},"ast-content-background-meta":{"desktop":{"background-color":"var(--ast-global-color-4)","background-image":"","background-repeat":"repeat","background-position":"center center","background-size":"auto","background-attachment":"scroll","background-type":"","background-media":"","overlay-type":"","overlay-color":"","overlay-opacity":"","overlay-gradient":""},"tablet":{"background-color":"var(--ast-global-color-4)","background-image":"","background-repeat":"repeat","background-position":"center center","background-size":"auto","background-attachment":"scroll","background-type":"","background-media":"","overlay-type":"","overlay-color":"","overlay-opacity":"","overlay-gradient":""},"mobile":{"background-color":"var(--ast-global-color-4)","background-image":"","background-repeat":"repeat","background-position":"center center","background-size":"auto","background-attachment":"scroll","background-type":"","background-media":"","overlay-type":"","overlay-color":"","overlay-opacity":"","overlay-gradient":""}},"footnotes":""},"class_list":["post-82","page","type-page","status-publish","hentry"],"acf":[],"yoast_head":"<!-- This site is optimized with the Yoast SEO plugin v27.0 - https:\/\/yoast.com\/product\/yoast-seo-wordpress\/ -->\n<title>Erasmuss + - Valmieras s\u0101kumskola<\/title>\n<meta name=\"robots\" content=\"index, follow, max-snippet:-1, max-image-preview:large, max-video-preview:-1\" \/>\n<link rel=\"canonical\" href=\"https:\/\/izglitiba.valmierasnovads.lv\/vss\/erasmuss\/\" \/>\n<meta property=\"og:locale\" content=\"lv_LV\" \/>\n<meta property=\"og:type\" content=\"article\" \/>\n<meta property=\"og:title\" content=\"Erasmuss + - Valmieras s\u0101kumskola\" \/>\n<meta property=\"og:description\" content=\"K\u0101 palielin\u0101t skol\u0113nu iesaisti m\u0101c\u012bbu proces\u0101? Valmieras s\u0101kumskolas skolot\u0101jas Jaroslava un Baiba, piedal\u012bj\u0101mies\u00a0Erasmus+\u00a0projekta kursos \u201cK\u0101 palielin\u0101t skol\u0113nu iesaisti m\u0101c\u012bbu proces\u0101?\u201d, [&hellip;]\" \/>\n<meta property=\"og:url\" content=\"https:\/\/izglitiba.valmierasnovads.lv\/vss\/erasmuss\/\" \/>\n<meta property=\"og:site_name\" content=\"Valmieras s\u0101kumskola\" \/>\n<meta property=\"article:modified_time\" content=\"2025-08-20T06:41:06+00:00\" \/>\n<meta property=\"og:image\" content=\"https:\/\/izglitiba.valmierasnovads.lv\/vss\/wp-content\/uploads\/sites\/25\/2025\/08\/EmbeddedImage.png\" \/>\n\t<meta property=\"og:image:width\" content=\"498\" \/>\n\t<meta property=\"og:image:height\" content=\"101\" \/>\n\t<meta property=\"og:image:type\" content=\"image\/png\" \/>\n<meta name=\"twitter:card\" content=\"summary_large_image\" \/>\n<meta name=\"twitter:label1\" content=\"Est. reading time\" \/>\n\t<meta name=\"twitter:data1\" content=\"4 min\u016btes\" \/>\n<script type=\"application\/ld+json\" class=\"yoast-schema-graph\">{\"@context\":\"https:\/\/schema.org\",\"@graph\":[{\"@type\":\"WebPage\",\"@id\":\"https:\/\/izglitiba.valmierasnovads.lv\/vss\/erasmuss\/\",\"url\":\"https:\/\/izglitiba.valmierasnovads.lv\/vss\/erasmuss\/\",\"name\":\"Erasmuss + - Valmieras s\u0101kumskola\",\"isPartOf\":{\"@id\":\"https:\/\/izglitiba.valmierasnovads.lv\/vss\/#website\"},\"primaryImageOfPage\":{\"@id\":\"https:\/\/izglitiba.valmierasnovads.lv\/vss\/erasmuss\/#primaryimage\"},\"image\":{\"@id\":\"https:\/\/izglitiba.valmierasnovads.lv\/vss\/erasmuss\/#primaryimage\"},\"thumbnailUrl\":\"https:\/\/izglitiba.valmierasnovads.lv\/vss\/wp-content\/uploads\/sites\/25\/2025\/08\/EmbeddedImage.png\",\"datePublished\":\"2025-08-20T06:29:22+00:00\",\"dateModified\":\"2025-08-20T06:41:06+00:00\",\"breadcrumb\":{\"@id\":\"https:\/\/izglitiba.valmierasnovads.lv\/vss\/erasmuss\/#breadcrumb\"},\"inLanguage\":\"lv-LV\",\"potentialAction\":[{\"@type\":\"ReadAction\",\"target\":[\"https:\/\/izglitiba.valmierasnovads.lv\/vss\/erasmuss\/\"]}]},{\"@type\":\"ImageObject\",\"inLanguage\":\"lv-LV\",\"@id\":\"https:\/\/izglitiba.valmierasnovads.lv\/vss\/erasmuss\/#primaryimage\",\"url\":\"https:\/\/izglitiba.valmierasnovads.lv\/vss\/wp-content\/uploads\/sites\/25\/2025\/08\/EmbeddedImage.png\",\"contentUrl\":\"https:\/\/izglitiba.valmierasnovads.lv\/vss\/wp-content\/uploads\/sites\/25\/2025\/08\/EmbeddedImage.png\",\"width\":498,\"height\":101},{\"@type\":\"BreadcrumbList\",\"@id\":\"https:\/\/izglitiba.valmierasnovads.lv\/vss\/erasmuss\/#breadcrumb\",\"itemListElement\":[{\"@type\":\"ListItem\",\"position\":1,\"name\":\"Home\",\"item\":\"https:\/\/izglitiba.valmierasnovads.lv\/vss\/\"},{\"@type\":\"ListItem\",\"position\":2,\"name\":\"Erasmuss +\"}]},{\"@type\":\"WebSite\",\"@id\":\"https:\/\/izglitiba.valmierasnovads.lv\/vss\/#website\",\"url\":\"https:\/\/izglitiba.valmierasnovads.lv\/vss\/\",\"name\":\"Valmieras s\u0101kumskola\",\"description\":\"M\u0101c\u0101mies darot\",\"publisher\":{\"@id\":\"https:\/\/izglitiba.valmierasnovads.lv\/vss\/#organization\"},\"potentialAction\":[{\"@type\":\"SearchAction\",\"target\":{\"@type\":\"EntryPoint\",\"urlTemplate\":\"https:\/\/izglitiba.valmierasnovads.lv\/vss\/?s={search_term_string}\"},\"query-input\":{\"@type\":\"PropertyValueSpecification\",\"valueRequired\":true,\"valueName\":\"search_term_string\"}}],\"inLanguage\":\"lv-LV\"},{\"@type\":\"Organization\",\"@id\":\"https:\/\/izglitiba.valmierasnovads.lv\/vss\/#organization\",\"name\":\"Valmieras s\u0101kumskola\",\"url\":\"https:\/\/izglitiba.valmierasnovads.lv\/vss\/\",\"logo\":{\"@type\":\"ImageObject\",\"inLanguage\":\"lv-LV\",\"@id\":\"https:\/\/izglitiba.valmierasnovads.lv\/vss\/#\/schema\/logo\/image\/\",\"url\":\"https:\/\/izglitiba.valmierasnovads.lv\/vss\/wp-content\/uploads\/sites\/25\/2026\/03\/cropped-Komplekta-ar-pasu-logo-scaled-1.png\",\"contentUrl\":\"https:\/\/izglitiba.valmierasnovads.lv\/vss\/wp-content\/uploads\/sites\/25\/2026\/03\/cropped-Komplekta-ar-pasu-logo-scaled-1.png\",\"width\":1480,\"height\":405,\"caption\":\"Valmieras s\u0101kumskola\"},\"image\":{\"@id\":\"https:\/\/izglitiba.valmierasnovads.lv\/vss\/#\/schema\/logo\/image\/\"}}]}<\/script>\n<!-- \/ Yoast SEO plugin. -->","yoast_head_json":{"title":"Erasmuss + - Valmieras s\u0101kumskola","robots":{"index":"index","follow":"follow","max-snippet":"max-snippet:-1","max-image-preview":"max-image-preview:large","max-video-preview":"max-video-preview:-1"},"canonical":"https:\/\/izglitiba.valmierasnovads.lv\/vss\/erasmuss\/","og_locale":"lv_LV","og_type":"article","og_title":"Erasmuss + - Valmieras s\u0101kumskola","og_description":"K\u0101 palielin\u0101t skol\u0113nu iesaisti m\u0101c\u012bbu proces\u0101? Valmieras s\u0101kumskolas skolot\u0101jas Jaroslava un Baiba, piedal\u012bj\u0101mies\u00a0Erasmus+\u00a0projekta kursos \u201cK\u0101 palielin\u0101t skol\u0113nu iesaisti m\u0101c\u012bbu proces\u0101?\u201d, [&hellip;]","og_url":"https:\/\/izglitiba.valmierasnovads.lv\/vss\/erasmuss\/","og_site_name":"Valmieras s\u0101kumskola","article_modified_time":"2025-08-20T06:41:06+00:00","og_image":[{"width":498,"height":101,"url":"https:\/\/izglitiba.valmierasnovads.lv\/vss\/wp-content\/uploads\/sites\/25\/2025\/08\/EmbeddedImage.png","type":"image\/png"}],"twitter_card":"summary_large_image","twitter_misc":{"Est. reading time":"4 min\u016btes"},"schema":{"@context":"https:\/\/schema.org","@graph":[{"@type":"WebPage","@id":"https:\/\/izglitiba.valmierasnovads.lv\/vss\/erasmuss\/","url":"https:\/\/izglitiba.valmierasnovads.lv\/vss\/erasmuss\/","name":"Erasmuss + - Valmieras s\u0101kumskola","isPartOf":{"@id":"https:\/\/izglitiba.valmierasnovads.lv\/vss\/#website"},"primaryImageOfPage":{"@id":"https:\/\/izglitiba.valmierasnovads.lv\/vss\/erasmuss\/#primaryimage"},"image":{"@id":"https:\/\/izglitiba.valmierasnovads.lv\/vss\/erasmuss\/#primaryimage"},"thumbnailUrl":"https:\/\/izglitiba.valmierasnovads.lv\/vss\/wp-content\/uploads\/sites\/25\/2025\/08\/EmbeddedImage.png","datePublished":"2025-08-20T06:29:22+00:00","dateModified":"2025-08-20T06:41:06+00:00","breadcrumb":{"@id":"https:\/\/izglitiba.valmierasnovads.lv\/vss\/erasmuss\/#breadcrumb"},"inLanguage":"lv-LV","potentialAction":[{"@type":"ReadAction","target":["https:\/\/izglitiba.valmierasnovads.lv\/vss\/erasmuss\/"]}]},{"@type":"ImageObject","inLanguage":"lv-LV","@id":"https:\/\/izglitiba.valmierasnovads.lv\/vss\/erasmuss\/#primaryimage","url":"https:\/\/izglitiba.valmierasnovads.lv\/vss\/wp-content\/uploads\/sites\/25\/2025\/08\/EmbeddedImage.png","contentUrl":"https:\/\/izglitiba.valmierasnovads.lv\/vss\/wp-content\/uploads\/sites\/25\/2025\/08\/EmbeddedImage.png","width":498,"height":101},{"@type":"BreadcrumbList","@id":"https:\/\/izglitiba.valmierasnovads.lv\/vss\/erasmuss\/#breadcrumb","itemListElement":[{"@type":"ListItem","position":1,"name":"Home","item":"https:\/\/izglitiba.valmierasnovads.lv\/vss\/"},{"@type":"ListItem","position":2,"name":"Erasmuss +"}]},{"@type":"WebSite","@id":"https:\/\/izglitiba.valmierasnovads.lv\/vss\/#website","url":"https:\/\/izglitiba.valmierasnovads.lv\/vss\/","name":"Valmieras s\u0101kumskola","description":"M\u0101c\u0101mies darot","publisher":{"@id":"https:\/\/izglitiba.valmierasnovads.lv\/vss\/#organization"},"potentialAction":[{"@type":"SearchAction","target":{"@type":"EntryPoint","urlTemplate":"https:\/\/izglitiba.valmierasnovads.lv\/vss\/?s={search_term_string}"},"query-input":{"@type":"PropertyValueSpecification","valueRequired":true,"valueName":"search_term_string"}}],"inLanguage":"lv-LV"},{"@type":"Organization","@id":"https:\/\/izglitiba.valmierasnovads.lv\/vss\/#organization","name":"Valmieras s\u0101kumskola","url":"https:\/\/izglitiba.valmierasnovads.lv\/vss\/","logo":{"@type":"ImageObject","inLanguage":"lv-LV","@id":"https:\/\/izglitiba.valmierasnovads.lv\/vss\/#\/schema\/logo\/image\/","url":"https:\/\/izglitiba.valmierasnovads.lv\/vss\/wp-content\/uploads\/sites\/25\/2026\/03\/cropped-Komplekta-ar-pasu-logo-scaled-1.png","contentUrl":"https:\/\/izglitiba.valmierasnovads.lv\/vss\/wp-content\/uploads\/sites\/25\/2026\/03\/cropped-Komplekta-ar-pasu-logo-scaled-1.png","width":1480,"height":405,"caption":"Valmieras s\u0101kumskola"},"image":{"@id":"https:\/\/izglitiba.valmierasnovads.lv\/vss\/#\/schema\/logo\/image\/"}}]}},"_links":{"self":[{"href":"https:\/\/izglitiba.valmierasnovads.lv\/vss\/wp-json\/wp\/v2\/pages\/82","targetHints":{"allow":["GET"]}}],"collection":[{"href":"https:\/\/izglitiba.valmierasnovads.lv\/vss\/wp-json\/wp\/v2\/pages"}],"about":[{"href":"https:\/\/izglitiba.valmierasnovads.lv\/vss\/wp-json\/wp\/v2\/types\/page"}],"author":[{"embeddable":true,"href":"https:\/\/izglitiba.valmierasnovads.lv\/vss\/wp-json\/wp\/v2\/users\/40"}],"replies":[{"embeddable":true,"href":"https:\/\/izglitiba.valmierasnovads.lv\/vss\/wp-json\/wp\/v2\/comments?post=82"}],"version-history":[{"count":5,"href":"https:\/\/izglitiba.valmierasnovads.lv\/vss\/wp-json\/wp\/v2\/pages\/82\/revisions"}],"predecessor-version":[{"id":156,"href":"https:\/\/izglitiba.valmierasnovads.lv\/vss\/wp-json\/wp\/v2\/pages\/82\/revisions\/156"}],"wp:attachment":[{"href":"https:\/\/izglitiba.valmierasnovads.lv\/vss\/wp-json\/wp\/v2\/media?parent=82"}],"curies":[{"name":"wp","href":"https:\/\/api.w.org\/{rel}","templated":true}]}}